{"id":2132,"date":"2016-07-07T19:34:13","date_gmt":"2016-07-07T19:34:13","guid":{"rendered":"http:\/\/roztocze24.info\/?page_id=2132"},"modified":"2019-03-27T17:51:16","modified_gmt":"2019-03-27T16:51:16","slug":"nieoficjalny-szlak-dahany-monastyr","status":"publish","type":"page","link":"https:\/\/roztocze24.info\/?page_id=2132","title":{"rendered":"Nieoficjalny szlak Dahany &#8211; Monastyr"},"content":{"rendered":"<p><strong>Pieszy szlak Werchrata \u2013 Monastyr \u2013 Dahany &#8211; Wielki Dzia\u0142 (Wola Wielka), znakowany <em>bia\u0142ymi<\/em> k\u00f3\u0142kami na drzewach, jednokierunkowy, 9 (lub 14) km<\/strong><\/p>\n<p><img loading=\"lazy\" decoding=\"async\" class=\"aligncenter size-full wp-image-5564\" src=\"http:\/\/roztocze24.info\/wp-content\/uploads\/2019\/03\/IMG_1408.jpg\" alt=\"\" width=\"750\" height=\"500\" srcset=\"https:\/\/roztocze24.info\/wp-content\/uploads\/2019\/03\/IMG_1408.jpg 750w, https:\/\/roztocze24.info\/wp-content\/uploads\/2019\/03\/IMG_1408-300x200.jpg 300w\" sizes=\"auto, (max-width: 750px) 85vw, 750px\" \/><\/p>\n<p>Trasa nawi\u0105zuje do pierwotnych przebieg\u00f3w pieszych szlak\u00f3w <em>zielonego<\/em> i legendarnego <em>\u017c\u00f3\u0142tego<\/em>, oferuj\u0105c znacz\u0105cy skr\u00f3t na odcinku Monastyr \u2013 Wielki Dzia\u0142 w stosunku do obecnego przebiegu pieszego szlaku zielonego im. Brata Alberta. Po drodze tak\u017ce ca\u0142kiem nowe odcinki, miejscami do\u015b\u0107 ekstremalne (zej\u015bcie na azymut niemal pionow\u0105 \u015bcian\u0105 w\u0105wozu). Najwi\u0119ksza ciekawostka to punkt widokowy na Dahanach. Do podanego kilometra\u017cu trzeba doda\u0107 1,5 km na doj\u015bcie od centrum Werchraty (cerkiew) do pocz\u0105tku szlaku (znaki zielone), oraz 3,5 km na przej\u015bcie od bunkra z pancern\u0105 kopu\u0142\u0105 u st\u00f3p Wielkiego Dzia\u0142u do wsi Wola Wielka (na tym odcinku znaki pieszego szlaku <em>niebieskiego<\/em>). Razem do pokonania mamy wi\u0119c ok. 14 km.<br \/>\nNie wiadomo, kto jest autorem szlaku. Opis zamieszczam jako ciekawostk\u0119, nie jest to bowiem szlak oficjalny.<\/p>\n<p>Uwaga! Trasa jednokierunkowa! Znaki tylko z jednej strony drzew!<\/p>\n<p>Z centrum Werchraty wyruszamy zgodnie ze znakami pieszego szlaku zielonego im. Brata Alberta. 1,5 km dalej w prawo odbiega boczna droga, ten kierunek wskazuje tak\u017ce drogowskaz odnosz\u0105cy si\u0119 do cmentarza wojennego na wzg\u00f3rzu Monastyr.<\/p>\n<p>Skr\u0119camy w prawo, niemal 200 m dalej udaj\u0105c si\u0119 w lewo, w zwyk\u0142y le\u015bny dukt. Tu, na drzewie, namalowane du\u017ce k\u00f3\u0142ko znacz\u0105ce w\u0142a\u015bciwy pocz\u0105tek szlaku bia\u0142ego (0,0 km).<\/p>\n<p>A\u017c do Monastyru w\u0119drujemy zgodnie z przebiegiem pieszego szlaku zielonego (co o tyle istotne, \u017ce przytrafi\u0105 si\u0119 d\u0142ugie przerwy w znakowaniu trasy bia\u0142ej).<\/p>\n<p>3 km \u2013 po lewej wej\u015bcie na teren dawnego klasztoru na Monastyrze. Le\u015bnicy z Lubaczowa umie\u015bcili tu a\u017c dwie tabliczki z zakazem wst\u0119pu, czego nie da si\u0119 zrozumie\u0107. To jeden z najciekawszych obiekt\u00f3w kulturowych na Roztoczu! A nie tylko chodzi tu o dawny klasztor, ale tak\u017ce o dwa cmentarze wojenne: z okresu I i II wojny \u015bwiatowej!<\/p>\n<p><img loading=\"lazy\" decoding=\"async\" class=\"aligncenter size-full wp-image-5557\" src=\"http:\/\/roztocze24.info\/wp-content\/uploads\/2019\/03\/IMG_1424.jpg\" alt=\"\" width=\"750\" height=\"500\" srcset=\"https:\/\/roztocze24.info\/wp-content\/uploads\/2019\/03\/IMG_1424.jpg 750w, https:\/\/roztocze24.info\/wp-content\/uploads\/2019\/03\/IMG_1424-300x200.jpg 300w\" sizes=\"auto, (max-width: 750px) 85vw, 750px\" \/><\/p>\n<p>Dalej na trasie miejsce po dawnej pustelni Brata Alberta Chmielowskiego. Uwaga! Niemal 200 m dalej, po lewej, na drzewie pojawia si\u0119 bia\u0142a kropka i strza\u0142ka. Bez \u015bcie\u017cki skr\u0119camy w lewo. Autorzy trasy bia\u0142ej chyba s\u0142abo orientowali si\u0119 w terenie, bo proponuj\u0105 tu karko\u0142omne zej\u015bcie niemal pionow\u0105 \u015bcian\u0105 na dno w\u0105wozu i natychmiast r\u00f3wnie strome wyj\u015bcie na \u015bcian\u0119 przeciwleg\u0142\u0105, cho\u0107 ju\u017c szcz\u0119\u015bliwie nie na sam szczyt, bo zaraz skr\u0119camy w lewo, trawersuj\u0105c stok.<\/p>\n<p><img loading=\"lazy\" decoding=\"async\" class=\"aligncenter size-full wp-image-5558\" src=\"http:\/\/roztocze24.info\/wp-content\/uploads\/2019\/03\/IMG_1412.jpg\" alt=\"\" width=\"750\" height=\"500\" srcset=\"https:\/\/roztocze24.info\/wp-content\/uploads\/2019\/03\/IMG_1412.jpg 750w, https:\/\/roztocze24.info\/wp-content\/uploads\/2019\/03\/IMG_1412-300x200.jpg 300w\" sizes=\"auto, (max-width: 750px) 85vw, 750px\" \/><\/p>\n<p>Lepiej jednak nie schodzi\u0107 tak od razu na dno w\u0105wozu, tylko uda\u0107 si\u0119 jego grzbietem w lewo, do\u015b\u0107 szybko odnajduj\u0105c znacznie \u0142agodniejsze zej\u015bcie. Korzystaj\u0105c z tej opcji na dnie w\u0105wozu skr\u0119camy w lewo i w\u0119drujemy do jego ko\u0144ca. W obu przypadkach (trasa bia\u0142a i sugerowane jej obej\u015bcie) trafiamy do prostopad\u0142ej zwyk\u0142ej drogi le\u015bnej, gdzie skr\u0119camy w lewo (tyle, \u017ce w r\u00f3\u017cnych miejscach). W tym momencie w\u0142\u0105czamy si\u0119 w przebieg skasowanego odcinka pierwotnego przebiegu pieszego szlaku zielonego, kt\u00f3ry doprowadza\u0142 tu z Monastyru tras\u0105 d\u0142u\u017csz\u0105 o 1,5 km. W\u0119drujemy na p\u0142d.-zach.<\/p>\n<p><img loading=\"lazy\" decoding=\"async\" class=\"aligncenter size-full wp-image-5559\" src=\"http:\/\/roztocze24.info\/wp-content\/uploads\/2019\/03\/IMG_1428.jpg\" alt=\"\" width=\"750\" height=\"500\" srcset=\"https:\/\/roztocze24.info\/wp-content\/uploads\/2019\/03\/IMG_1428.jpg 750w, https:\/\/roztocze24.info\/wp-content\/uploads\/2019\/03\/IMG_1428-300x200.jpg 300w\" sizes=\"auto, (max-width: 750px) 85vw, 750px\" \/><\/p>\n<p>5 km \u2013 przecinamy szos\u0119 Werchrata \u2013 Narol udaj\u0105c si\u0119 nadal w tym samym kierunku (oryginalnie szlak zielony skr\u0119ca\u0142 tu w prawo, wzd\u0142u\u017c asfaltu), tym razem korzystaj\u0105c z nowej drogi szutrowej Las\u00f3w Pa\u0144stwowych (to zarazem \u2013 dla odmiany \u2013 dawny przebieg pieszego szlaku \u017c\u00f3\u0142tego). Niemal 1 km dalej, przy kamiennym krzy\u017cu, opuszamy szutr odbiegaj\u0105cy w lewo. W\u0119drujemy nast\u0119pnie wzd\u0142u\u017c skraju lasu, skr\u0119caj\u0105c w prawo.<\/p>\n<p>6,5 km \u2013 skr\u0119t w lewo, pod g\u00f3r\u0119 (dawny szlak \u017c\u00f3\u0142ty prawdopodobnie wi\u00f3d\u0142 st\u0105d dalej prosto skrajem lasu). 350 m dalej kolejny skr\u0119t, tym razem w prawo, w prostopad\u0142\u0105 drog\u0119 poln\u0105.<\/p>\n<p>Zmierzamy w kierunku jednego z ciekawszych punkt\u00f3w widokowych na Roztoczu, znajduj\u0105cego si\u0119 na terenie dawnej wsi Dahany.<\/p>\n<p><img loading=\"lazy\" decoding=\"async\" class=\"aligncenter size-full wp-image-5560\" src=\"http:\/\/roztocze24.info\/wp-content\/uploads\/2019\/03\/IMG_0385.jpg\" alt=\"\" width=\"750\" height=\"500\" srcset=\"https:\/\/roztocze24.info\/wp-content\/uploads\/2019\/03\/IMG_0385.jpg 750w, https:\/\/roztocze24.info\/wp-content\/uploads\/2019\/03\/IMG_0385-300x200.jpg 300w\" sizes=\"auto, (max-width: 750px) 85vw, 750px\" \/><\/p>\n<p>Tu\u017c co obok naszej \u015bcie\u017cki, lekko w prawo, znajdowa\u0107 si\u0119 b\u0119dzie miejsce na ognisko i betonowe koryto, niegdy\u015b s\u0142u\u017c\u0105ce zwierz\u0119tom, a dzi\u015b ju\u017c tylko turystom.<\/p>\n<p>Wkraczamy w las i dochodzimy do piaszczystej prostopad\u0142ej drogi. Wiedzie ni\u0105 pieszy szlak zielony. W lewo wiedzie on na szczyt Wielkiego Dzia\u0142u (to propozycja wycieczki bocznej, niespe\u0142na 1 km w jedn\u0105 stron\u0119). My skr\u0119camy jednak w prawo, w stron\u0119 Werchraty. Uwaga! Ju\u017c po chwili znaki bia\u0142e skr\u0119caj\u0105 w lewo, bez \u015bcie\u017cki, wiod\u0105c stromo pod g\u00f3r\u0119. Nie ma potrzeby a\u017c tak si\u0119 m\u0119czy\u0107. Lepiej pow\u0119drowa\u0107 za znakami zielonymi 200 m na wsch. i dopiero tam uda\u0107 si\u0119 w lewo, te\u017c pod g\u00f3r\u0119, ale ju\u017c zwyk\u0142\u0105, wygodn\u0105 drog\u0105. Po kolejnych 200 m oba warianty si\u0119 \u0142\u0105cz\u0105. Trawersujemy stoki Wielkiego Dzia\u0142u maszeruj\u0105c najpierw na p\u0142n.-zach., potem p\u0142n.-wsch. Uwaga na znaki! Cz\u0119\u015b\u0107 odcinka prowadzi bez \u015bcie\u017cki!<\/p>\n<p><img loading=\"lazy\" decoding=\"async\" class=\"aligncenter size-full wp-image-5565\" src=\"http:\/\/roztocze24.info\/wp-content\/uploads\/2019\/03\/IMG_3018.jpg\" alt=\"\" width=\"750\" height=\"500\" srcset=\"https:\/\/roztocze24.info\/wp-content\/uploads\/2019\/03\/IMG_3018.jpg 750w, https:\/\/roztocze24.info\/wp-content\/uploads\/2019\/03\/IMG_3018-300x200.jpg 300w\" sizes=\"auto, (max-width: 750px) 85vw, 750px\" \/><\/p>\n<p>9 km \u2013 bunkier Linii Mo\u0142otowa z pancern\u0105 kopu\u0142ka na szczycie. Odnajdujemy tu znaki niebieskie pieszego szlaku Centralnego. Udaj\u0105c si\u0119 za nimi w prawo, po dodatkowych 3,5 km dotrze\u0107 mo\u017cna do wsi Wola Wielka, po\u0142o\u017conej przy szosie Narol \u2013 Werchrata, to dobre miejsce na zako\u0144czenie naszej w\u0119dr\u00f3wki.<\/p>\n<p><em>Jesie\u0144 2015<\/em><\/p>\n","protected":false},"excerpt":{"rendered":"<p>Pieszy szlak Werchrata \u2013 Monastyr \u2013 Dahany &#8211; Wielki Dzia\u0142 (Wola Wielka), znakowany bia\u0142ymi k\u00f3\u0142kami na drzewach, jednokierunkowy, 9 (lub 14) km Trasa nawi\u0105zuje do pierwotnych przebieg\u00f3w pieszych szlak\u00f3w zielonego i legendarnego \u017c\u00f3\u0142tego, oferuj\u0105c znacz\u0105cy skr\u00f3t na odcinku Monastyr \u2013 Wielki Dzia\u0142 w stosunku do obecnego przebiegu pieszego szlaku zielonego im. Brata Alberta. Po drodze &hellip; <a href=\"https:\/\/roztocze24.info\/?page_id=2132\" class=\"more-link\">Czytaj dalej<span class=\"screen-reader-text\"> \u201eNieoficjalny szlak Dahany &#8211; Monastyr\u201d<\/span><\/a><\/p>\n","protected":false},"author":1,"featured_media":0,"parent":883,"menu_order":0,"comment_status":"closed","ping_status":"closed","template":"","meta":{"footnotes":""},"class_list":["post-2132","page","type-page","status-publish","hentry"],"_links":{"self":[{"href":"https:\/\/roztocze24.info\/index.php?rest_route=\/wp\/v2\/pages\/2132","targetHints":{"allow":["GET"]}}],"collection":[{"href":"https:\/\/roztocze24.info\/index.php?rest_route=\/wp\/v2\/pages"}],"about":[{"href":"https:\/\/roztocze24.info\/index.php?rest_route=\/wp\/v2\/types\/page"}],"author":[{"embeddable":true,"href":"https:\/\/roztocze24.info\/index.php?rest_route=\/wp\/v2\/users\/1"}],"replies":[{"embeddable":true,"href":"https:\/\/roztocze24.info\/index.php?rest_route=%2Fwp%2Fv2%2Fcomments&post=2132"}],"version-history":[{"count":2,"href":"https:\/\/roztocze24.info\/index.php?rest_route=\/wp\/v2\/pages\/2132\/revisions"}],"predecessor-version":[{"id":5566,"href":"https:\/\/roztocze24.info\/index.php?rest_route=\/wp\/v2\/pages\/2132\/revisions\/5566"}],"up":[{"embeddable":true,"href":"https:\/\/roztocze24.info\/index.php?rest_route=\/wp\/v2\/pages\/883"}],"wp:attachment":[{"href":"https:\/\/roztocze24.info\/index.php?rest_route=%2Fwp%2Fv2%2Fmedia&parent=2132"}],"curies":[{"name":"wp","href":"https:\/\/api.w.org\/{rel}","templated":true}]}}