{"id":2158,"date":"2016-07-08T21:18:27","date_gmt":"2016-07-08T21:18:27","guid":{"rendered":"http:\/\/roztocze24.info\/?page_id=2158"},"modified":"2025-08-15T21:27:52","modified_gmt":"2025-08-15T19:27:52","slug":"linia-kolejowa-hrebenne-uchnow-lipiec-2016","status":"publish","type":"page","link":"https:\/\/roztocze24.info\/?page_id=2158","title":{"rendered":"Dawna linia kolejowa Hrebenne &#8211; Podd\u0119bce (Sokal)"},"content":{"rendered":"\n<p>Z kolej\u0105 w tej cz\u0119\u015bci Roztocza by\u0142o tak. W 1884 r. otwarto szlak Munina \u2013 Werchrata \u2013 Rawa Ruska \u2013 Sokal, a w 1887 lini\u0119 Lw\u00f3w \u2013 Rawa Ruska \u2013 Hrebenne \u2013 Be\u0142\u017cec (jej kontynuacja do Rejowca zosta\u0142a uko\u0144czona dopiero w 1916 r., a zbudowano j\u0105 na potrzeby armii austriackiej). Stacj\u0105 w\u0119z\u0142ow\u0105 sta\u0142a si\u0119 wi\u0119c Rawa Ruska. Ogromne zmiany przynios\u0142a II wojna \u015bwiatowa. Po jej zako\u0144czeniu obszar ten przeci\u0119\u0142a granica, a Rawa Ruska znalaz\u0142a si\u0119 w ZSRR. W praktyce oznacza\u0142o to przerwanie linii kolejowych. Trasa z Muniny ko\u0144czy\u0142a si\u0119 w Werchracie, a Trasa do Sokala przesta\u0142a mie\u0107 jak\u0105kolwiek \u0142\u0105czno\u015b\u0107 z pozosta\u0142ymi polskimi liniami kolejowymi, bowiem na teren nowych granic kraju wkracza\u0142a ona przed Uhnowem (Pod\u0119bce). Co wi\u0119cej, sam Sokal przeci\u0119ty zosta\u0142 granic\u0105 na p\u00f3\u0142, szcz\u0119\u015bliwie linia kolejowa ze stacj\u0105 Sokal (ze zmienion\u0105 nazw\u0105 Sokal Zabu\u017ce) znalaz\u0142a si\u0119 po stronie polskiej.<\/p>\n\n\n\n<p>Na poni\u017cszym zdj\u0119ciu s\u0142ynny klasztor w Sokalu (przed po\u017carem) widziany z mostu na Bugu, kt\u00f3rego \u015brodkiem wiod\u0142a w tamtych czasach granica pa\u0144stwowa. Teraz po prostu je\u017cd\u017c\u0105 t\u0119dy samochody.<\/p>\n\n\n<div class=\"wp-block-image\">\n<figure class=\"aligncenter\"><img loading=\"lazy\" decoding=\"async\" width=\"750\" height=\"500\" src=\"http:\/\/roztocze24.info\/wp-content\/uploads\/2019\/03\/IMG_3224.jpg\" alt=\"\" class=\"wp-image-5191\" srcset=\"https:\/\/roztocze24.info\/wp-content\/uploads\/2019\/03\/IMG_3224.jpg 750w, https:\/\/roztocze24.info\/wp-content\/uploads\/2019\/03\/IMG_3224-300x200.jpg 300w\" sizes=\"auto, (max-width: 750px) 85vw, 750px\" \/><figcaption class=\"wp-element-caption\">Sokal<\/figcaption><\/figure>\n<\/div>\n\n\n<p>Nowe warunki wymusi\u0142y podj\u0119cie decyzji o budowie \u0142\u0105cznik\u00f3w Hrebenne \u2013 Podd\u0119bce (uko\u0144czony ju\u017c w listopadzie 1949 r.) wchodz\u0105cy w dawny szlak do Uchnowa i Hrebenne \u2013 Werchrata (oddany do u\u017cytku w 1955 r.). Now\u0105 stacj\u0105 w\u0119z\u0142ow\u0105 sta\u0142o si\u0119 Hrebenne. \u0141\u0105cznik do Werchraty istnieje do dzi\u015b, gorzej historia obesz\u0142a si\u0119 z tras\u0105 do Sokala. W okolicy tego miasta odkryto du\u017ce z\u0142o\u017ca w\u0119gla. By\u0142y one atrakcyjne dla Stalina, kt\u00f3ry <em>zaproponowa\u0142<\/em> korekt\u0119 przebiegu granicy, co umo\u017cliwi\u0142o mu budow\u0119 kopalni. Do ZSRR zosta\u0142y przekazany obszar o powierzchni 480 km kwadratowych w okolicy Sokala, Be\u0142za i Uhnowa. W zamian dostali\u015bmy terytorium o takiej samej wielko\u015bci, ale na skraju Bieszczad\u00f3w, w okolicy Ustrzyk Dolnych i Lutowisk. Stosowny dokument podpisano w Moskwie 15 lutego 1951 r. W nowych warunkach w granicach ZSRR znalaz\u0142a si\u0119 ca\u0142a linia kolejowa z Rawy Ruskiej do Sokala, w Polsce pozosta\u0142 tylko fragment \u015bwie\u017co zbudowanego \u0142\u0105cznika z Hrebennego po okolice Wierzbicy. Jego utrzymanie w ruchu nie mia\u0142o ju\u017c sensu i zosta\u0142 natychmiast zamkni\u0119ty jeszcze w lutym 1951 r. Linia by\u0142a wi\u0119c czynna zaledwie dwa lata! Dzi\u015b po torach nie ma tu ju\u017c \u015bladu, w bardzo dobrym stanie zachowa\u0142 si\u0119 natomiast dawny nasyp. Nie jest on zaro\u015bni\u0119ty i niemal w ca\u0142o\u015bci przejezdny rowerem. Pami\u0119tajmy jednak, \u017ce to bezpo\u015brednie s\u0105siedztwo granicy pa\u0144stwowej, nale\u017cy mie\u0107 ze sob\u0105 dokumenty, a ponadto warto wcze\u015bniej zg\u0142osi\u0107 sw\u00f3j pobyt stra\u017cy granicznej.<\/p>\n\n\n\n<p><strong>Trasa Sokal &#8211; Uhn\u00f3w &#8211; Rawa Ruska jest nadal wykorzystywana w ruchu pasa\u017cerskim. Odcinek \u0142\u0105cznika od stacji Podd\u0119bce do Hrebennego jest ca\u0142kowicie rozebrany<\/strong>. jego pierwsze 2 km znajduj\u0105 si\u0119 na Ukrainie, dalej trasa wkracza w obecne granice Polski.<\/p>\n\n\n<div class=\"wp-block-image\">\n<figure class=\"aligncenter\"><img loading=\"lazy\" decoding=\"async\" width=\"750\" height=\"500\" src=\"http:\/\/roztocze24.info\/wp-content\/uploads\/2019\/03\/IMG_1767-PKP.jpg\" alt=\"\" class=\"wp-image-5193\" srcset=\"https:\/\/roztocze24.info\/wp-content\/uploads\/2019\/03\/IMG_1767-PKP.jpg 750w, https:\/\/roztocze24.info\/wp-content\/uploads\/2019\/03\/IMG_1767-PKP-300x200.jpg 300w\" sizes=\"auto, (max-width: 750px) 85vw, 750px\" \/><\/figure>\n<\/div>\n\n\n<p>Taki \u0142adny nasyp przechodzi po zaledwie 1 km od granicy pa\u0144stwowej w drog\u0119 piaszczyst\u0105.<\/p>\n\n\n<div class=\"wp-block-image\">\n<figure class=\"aligncenter\"><img loading=\"lazy\" decoding=\"async\" width=\"750\" height=\"500\" src=\"http:\/\/roztocze24.info\/wp-content\/uploads\/2019\/03\/IMG_1769.jpg\" alt=\"\" class=\"wp-image-5194\" srcset=\"https:\/\/roztocze24.info\/wp-content\/uploads\/2019\/03\/IMG_1769.jpg 750w, https:\/\/roztocze24.info\/wp-content\/uploads\/2019\/03\/IMG_1769-300x200.jpg 300w\" sizes=\"auto, (max-width: 750px) 85vw, 750px\" \/><\/figure>\n<\/div>\n\n\n<p>Najwi\u0119ksze zaskoczenie stanowi\u0142o dla mnie to, \u017ce o ile generalnie w okolicy dominuj\u0105 przestrzenie otwarte, to po obu stronach nasypu mamy pasy drzew. W niekt\u00f3rych miejscach na chwil\u0119 po lewej wida\u0107 granic\u0119 pa\u0144stwow\u0105, a po prawej pola.<\/p>\n\n\n<div class=\"wp-block-image\">\n<figure class=\"aligncenter\"><img loading=\"lazy\" decoding=\"async\" width=\"750\" height=\"500\" src=\"http:\/\/roztocze24.info\/wp-content\/uploads\/2019\/03\/IMG_1771.jpg\" alt=\"\" class=\"wp-image-5195\" srcset=\"https:\/\/roztocze24.info\/wp-content\/uploads\/2019\/03\/IMG_1771.jpg 750w, https:\/\/roztocze24.info\/wp-content\/uploads\/2019\/03\/IMG_1771-300x200.jpg 300w\" sizes=\"auto, (max-width: 750px) 85vw, 750px\" \/><\/figure>\n<\/div>\n\n\n<p>Sporo jest tak\u017ce ciek\u00f3w wodnych. Betonowe mostki z 1949 r. nadal maj\u0105 si\u0119 dobrze.<\/p>\n\n\n<div class=\"wp-block-image\">\n<figure class=\"aligncenter\"><img loading=\"lazy\" decoding=\"async\" width=\"750\" height=\"500\" src=\"http:\/\/roztocze24.info\/wp-content\/uploads\/2019\/03\/IMG_1772.jpg\" alt=\"\" class=\"wp-image-5196\" srcset=\"https:\/\/roztocze24.info\/wp-content\/uploads\/2019\/03\/IMG_1772.jpg 750w, https:\/\/roztocze24.info\/wp-content\/uploads\/2019\/03\/IMG_1772-300x200.jpg 300w\" sizes=\"auto, (max-width: 750px) 85vw, 750px\" \/><\/figure>\n<\/div>\n\n\n<p>Tako\u017c, jak i wspomniane cieki wodne.<\/p>\n\n\n<div class=\"wp-block-image\">\n<figure class=\"aligncenter\"><img loading=\"lazy\" decoding=\"async\" width=\"750\" height=\"500\" src=\"http:\/\/roztocze24.info\/wp-content\/uploads\/2019\/03\/IMG_1773.jpg\" alt=\"\" class=\"wp-image-5197\" srcset=\"https:\/\/roztocze24.info\/wp-content\/uploads\/2019\/03\/IMG_1773.jpg 750w, https:\/\/roztocze24.info\/wp-content\/uploads\/2019\/03\/IMG_1773-300x200.jpg 300w\" sizes=\"auto, (max-width: 750px) 85vw, 750px\" \/><\/figure>\n<\/div>\n\n\n<p>W okolicy Korni piaszczysta droga si\u0119 ko\u0144czy, nasyp staje si\u0119 ponownie bardziej twardy.<\/p>\n\n\n<div class=\"wp-block-image\">\n<figure class=\"aligncenter\"><img loading=\"lazy\" decoding=\"async\" width=\"750\" height=\"500\" src=\"http:\/\/roztocze24.info\/wp-content\/uploads\/2019\/03\/IMG_1775.jpg\" alt=\"\" class=\"wp-image-5198\" srcset=\"https:\/\/roztocze24.info\/wp-content\/uploads\/2019\/03\/IMG_1775.jpg 750w, https:\/\/roztocze24.info\/wp-content\/uploads\/2019\/03\/IMG_1775-300x200.jpg 300w\" sizes=\"auto, (max-width: 750px) 85vw, 750px\" \/><\/figure>\n<\/div>\n\n\n<p>Poni\u017cej okolice dawnego tr\u00f3jk\u0105ta kolejowego w w Hrebennem. Na zdj\u0119ciu tor do Rawy Ruskiej. Linia z Uhnowa dobiega\u0142a do niego mniej wi\u0119cej w\u0142a\u015bnie w tym miejscu, od lewej strony. To koniec wycieczki.<\/p>\n\n\n<div class=\"wp-block-image\">\n<figure class=\"aligncenter\"><img loading=\"lazy\" decoding=\"async\" width=\"750\" height=\"500\" src=\"http:\/\/roztocze24.info\/wp-content\/uploads\/2019\/03\/IMG_5157-Hrebenne.jpg\" alt=\"\" class=\"wp-image-5199\" srcset=\"https:\/\/roztocze24.info\/wp-content\/uploads\/2019\/03\/IMG_5157-Hrebenne.jpg 750w, https:\/\/roztocze24.info\/wp-content\/uploads\/2019\/03\/IMG_5157-Hrebenne-300x200.jpg 300w\" sizes=\"auto, (max-width: 750px) 85vw, 750px\" \/><\/figure>\n<\/div>\n\n\n<p><em>Lipiec 2016<br>\n<\/em><\/p>\n","protected":false},"excerpt":{"rendered":"<p>Z kolej\u0105 w tej cz\u0119\u015bci Roztocza by\u0142o tak. W 1884 r. otwarto szlak Munina \u2013 Werchrata \u2013 Rawa Ruska \u2013 Sokal, a w 1887 lini\u0119 Lw\u00f3w \u2013 Rawa Ruska \u2013 Hrebenne \u2013 Be\u0142\u017cec (jej kontynuacja do Rejowca zosta\u0142a uko\u0144czona dopiero w 1916 r., a zbudowano j\u0105 na potrzeby armii austriackiej). Stacj\u0105 w\u0119z\u0142ow\u0105 sta\u0142a si\u0119 wi\u0119c &hellip; <a href=\"https:\/\/roztocze24.info\/?page_id=2158\" class=\"more-link\">Czytaj dalej<span class=\"screen-reader-text\"> \u201eDawna linia kolejowa Hrebenne &#8211; Podd\u0119bce (Sokal)\u201d<\/span><\/a><\/p>\n","protected":false},"author":1,"featured_media":0,"parent":883,"menu_order":0,"comment_status":"closed","ping_status":"closed","template":"","meta":{"footnotes":""},"class_list":["post-2158","page","type-page","status-publish","hentry"],"_links":{"self":[{"href":"https:\/\/roztocze24.info\/index.php?rest_route=\/wp\/v2\/pages\/2158","targetHints":{"allow":["GET"]}}],"collection":[{"href":"https:\/\/roztocze24.info\/index.php?rest_route=\/wp\/v2\/pages"}],"about":[{"href":"https:\/\/roztocze24.info\/index.php?rest_route=\/wp\/v2\/types\/page"}],"author":[{"embeddable":true,"href":"https:\/\/roztocze24.info\/index.php?rest_route=\/wp\/v2\/users\/1"}],"replies":[{"embeddable":true,"href":"https:\/\/roztocze24.info\/index.php?rest_route=%2Fwp%2Fv2%2Fcomments&post=2158"}],"version-history":[{"count":7,"href":"https:\/\/roztocze24.info\/index.php?rest_route=\/wp\/v2\/pages\/2158\/revisions"}],"predecessor-version":[{"id":9332,"href":"https:\/\/roztocze24.info\/index.php?rest_route=\/wp\/v2\/pages\/2158\/revisions\/9332"}],"up":[{"embeddable":true,"href":"https:\/\/roztocze24.info\/index.php?rest_route=\/wp\/v2\/pages\/883"}],"wp:attachment":[{"href":"https:\/\/roztocze24.info\/index.php?rest_route=%2Fwp%2Fv2%2Fmedia&parent=2158"}],"curies":[{"name":"wp","href":"https:\/\/api.w.org\/{rel}","templated":true}]}}