{"id":2372,"date":"2017-03-01T21:25:42","date_gmt":"2017-03-01T21:25:42","guid":{"rendered":"http:\/\/roztocze24.info\/?page_id=2372"},"modified":"2019-03-26T21:28:34","modified_gmt":"2019-03-26T20:28:34","slug":"wiosna-w-lesie-debry-k-bondyrza-2016","status":"publish","type":"page","link":"https:\/\/roztocze24.info\/?page_id=2372","title":{"rendered":"Wiosna w lesie Debry k. Bondyrza, 2016"},"content":{"rendered":"<p>Rezerwat przyrody <em>Debry<\/em> to zarazem obszar z sieci NATURA 2000 o powierzchni 179,6 ha (PLH 60003). To obszar porozcinany w\u0105wozami zajmowany przez lasy mieszane. \u015acie\u017cka nie wkracza wprawdzie na teren rezerwatu, ale prowadzi w jego pobli\u017cu, przez r\u00f3wnie atrakcyjny teren.<\/p>\n<p>Pocz\u0105tek trasy znajduje si\u0119 dok\u0142adnie pomi\u0119dzy wsiami Guci\u00f3w i Bondyrz (tablice ko\u0144ca\/pocz\u0105tku tych miejscowo\u015bci), przy sympatycznym i dobrze zaopatrzonym sklepie spo\u017cywczym (jest to zarazem poczta). Obok wylot przyjemnego w\u0105wozu i pocz\u0105tek \u015bcie\u017cki. Mo\u017cna j\u0105 pokona\u0107 o ka\u017cdej porze roku, ale najsympatyczniej wczesn\u0105 wiosn\u0105.<\/p>\n<p>Wyruszamy. Droga wspina si\u0119 pod g\u00f3r\u0119.<\/p>\n<p><img loading=\"lazy\" decoding=\"async\" class=\"aligncenter size-full wp-image-5435\" src=\"http:\/\/roztocze24.info\/wp-content\/uploads\/2019\/03\/IMG_1450-Debry.jpg\" alt=\"\" width=\"750\" height=\"500\" srcset=\"https:\/\/roztocze24.info\/wp-content\/uploads\/2019\/03\/IMG_1450-Debry.jpg 750w, https:\/\/roztocze24.info\/wp-content\/uploads\/2019\/03\/IMG_1450-Debry-300x200.jpg 300w\" sizes=\"auto, (max-width: 750px) 85vw, 750px\" \/><\/p>\n<p>Mijamy przystanki: 1 \u2013 wskaz\u00f3wki le\u015bnika, 2 \u2013 siedliskowe typy lasu, 3 \u2013 wawrzynek wilcze\u0142yko. Nie tylko wawrzynek tu kwitnie&#8230; szczawik zaj\u0119czy te\u017c!<\/p>\n<p><img loading=\"lazy\" decoding=\"async\" class=\"aligncenter size-full wp-image-5408\" src=\"http:\/\/roztocze24.info\/wp-content\/uploads\/2019\/03\/IMG_1452.jpg\" alt=\"\" width=\"750\" height=\"500\" srcset=\"https:\/\/roztocze24.info\/wp-content\/uploads\/2019\/03\/IMG_1452.jpg 750w, https:\/\/roztocze24.info\/wp-content\/uploads\/2019\/03\/IMG_1452-300x200.jpg 300w\" sizes=\"auto, (max-width: 750px) 85vw, 750px\" \/><\/p>\n<p><img loading=\"lazy\" decoding=\"async\" class=\"aligncenter size-full wp-image-5409\" src=\"http:\/\/roztocze24.info\/wp-content\/uploads\/2019\/03\/IMG_1456.jpg\" alt=\"\" width=\"750\" height=\"500\" srcset=\"https:\/\/roztocze24.info\/wp-content\/uploads\/2019\/03\/IMG_1456.jpg 750w, https:\/\/roztocze24.info\/wp-content\/uploads\/2019\/03\/IMG_1456-300x200.jpg 300w\" sizes=\"auto, (max-width: 750px) 85vw, 750px\" \/><\/p>\n<p>Po prawej tabliczka informuj\u0105ca o granicy Roztocza\u0144skiego Parku Narodowego. Chwil\u0119 wcze\u015bniej warto spojrze\u0107 wstecz, przed nami wycinkowa, ale \u0142adna, panorama doliny Wieprza. Maszerujemy dalej prosto. Nieco ponad 500 m dalej skr\u0119t w lewo. Warto podej\u015b\u0107 jednak na skraj lasu, \u0142adny widok na roztocza\u0144skie wzg\u00f3rza.<\/p>\n<p><img loading=\"lazy\" decoding=\"async\" class=\"aligncenter size-full wp-image-5417\" src=\"http:\/\/roztocze24.info\/wp-content\/uploads\/2019\/03\/IMG_1463.jpg\" alt=\"\" width=\"750\" height=\"500\" srcset=\"https:\/\/roztocze24.info\/wp-content\/uploads\/2019\/03\/IMG_1463.jpg 750w, https:\/\/roztocze24.info\/wp-content\/uploads\/2019\/03\/IMG_1463-300x200.jpg 300w\" sizes=\"auto, (max-width: 750px) 85vw, 750px\" \/><\/p>\n<p>Przystanek 4 \u2013 buczyna.<\/p>\n<p><img loading=\"lazy\" decoding=\"async\" class=\"aligncenter size-full wp-image-5410\" src=\"http:\/\/roztocze24.info\/wp-content\/uploads\/2019\/03\/IMG_1462.jpg\" alt=\"\" width=\"750\" height=\"500\" srcset=\"https:\/\/roztocze24.info\/wp-content\/uploads\/2019\/03\/IMG_1462.jpg 750w, https:\/\/roztocze24.info\/wp-content\/uploads\/2019\/03\/IMG_1462-300x200.jpg 300w\" sizes=\"auto, (max-width: 750px) 85vw, 750px\" \/><\/p>\n<p>Schodzimy w d\u00f3\u0142 j\u0119zykiem wierzchowiny, dooko\u0142a g\u0142\u0119bokie w\u0105wozy!<\/p>\n<p><img loading=\"lazy\" decoding=\"async\" class=\"aligncenter size-full wp-image-5416\" src=\"http:\/\/roztocze24.info\/wp-content\/uploads\/2019\/03\/IMG_1466.jpg\" alt=\"\" width=\"750\" height=\"500\" srcset=\"https:\/\/roztocze24.info\/wp-content\/uploads\/2019\/03\/IMG_1466.jpg 750w, https:\/\/roztocze24.info\/wp-content\/uploads\/2019\/03\/IMG_1466-300x200.jpg 300w\" sizes=\"auto, (max-width: 750px) 85vw, 750px\" \/><\/p>\n<p><img loading=\"lazy\" decoding=\"async\" class=\"aligncenter size-full wp-image-5415\" src=\"http:\/\/roztocze24.info\/wp-content\/uploads\/2019\/03\/IMG_1471.jpg\" alt=\"\" width=\"750\" height=\"500\" srcset=\"https:\/\/roztocze24.info\/wp-content\/uploads\/2019\/03\/IMG_1471.jpg 750w, https:\/\/roztocze24.info\/wp-content\/uploads\/2019\/03\/IMG_1471-300x200.jpg 300w\" sizes=\"auto, (max-width: 750px) 85vw, 750px\" \/><\/p>\n<p>Przystanek 5 \u2013 \u017cywiec cebulkowy, 6 \u2013 kopytnik pospolity. Nieco za tym ostatnim, po prawej, znajduje si\u0119 zadaszona drewniana \u0142awa, dobre miejsce na odpoczynek). Teraz zmiana kierunku marszu, skr\u0119camy w lewo, a nieco dalej w prawo, trawersuj\u0105c wzniesienie. Po drodze przystanek 7 \u2013 zwierz\u0119ta le\u015bne.<\/p>\n<p><img loading=\"lazy\" decoding=\"async\" class=\"aligncenter size-full wp-image-5414\" src=\"http:\/\/roztocze24.info\/wp-content\/uploads\/2019\/03\/IMG_1472.jpg\" alt=\"\" width=\"750\" height=\"500\" srcset=\"https:\/\/roztocze24.info\/wp-content\/uploads\/2019\/03\/IMG_1472.jpg 750w, https:\/\/roztocze24.info\/wp-content\/uploads\/2019\/03\/IMG_1472-300x200.jpg 300w\" sizes=\"auto, (max-width: 750px) 85vw, 750px\" \/><\/p>\n<p>Przystanek 8 \u2013 \u015br\u00f3dle\u015bna \u0142\u0105ka (a dok\u0142adniej widok na ni\u0105 z trawersu wzniesienia). Niebawem pod g\u00f3r\u0119, wchodzimy na wierzchowin\u0119 i skr\u0119camy w lewo. Przystanki: 9 \u2013 drzewa iglaste i li\u015bciaste, 10 \u2013 jod\u0142a pospolita. Docieramy do prostopad\u0142ej drogi, kt\u00f3r\u0105 ju\u017c w\u0119drowali\u015bmy, skr\u0119camy w prawo i schodzimy z powrotem do Bondyrza.<\/p>\n<p>Tak po prawdzie to w 2016 r. troch\u0119 t\u0119 \u015bcie\u017ck\u0119 skr\u00f3cili\u015bmy, dzi\u0119ki czemu zobaczyli\u015bmy ciekawy grzyb: piestrzenic\u0119 kasztanowat\u0105. Jest truj\u0105cy! Pono\u0107 pierwsza konsumpcja nie zawsze zabija (dopiero druga), pono\u0107 te trucizny mo\u017cna wygotowa\u0107 (cho\u0107 ju\u017c na pocz\u0105tek za\u0142atwi\u0107 nas mog\u0105 nawet opary z gotuj\u0105cego si\u0119 garnka)&#8230; niemniej zdecydowanie radz\u0119 piestrzenic\u0119 omija\u0107 szerokim \u0142ukiem!<\/p>\n<p><img loading=\"lazy\" decoding=\"async\" class=\"aligncenter size-full wp-image-5413\" src=\"http:\/\/roztocze24.info\/wp-content\/uploads\/2019\/03\/IMG_1475.jpg\" alt=\"\" width=\"750\" height=\"500\" srcset=\"https:\/\/roztocze24.info\/wp-content\/uploads\/2019\/03\/IMG_1475.jpg 750w, https:\/\/roztocze24.info\/wp-content\/uploads\/2019\/03\/IMG_1475-300x200.jpg 300w\" sizes=\"auto, (max-width: 750px) 85vw, 750px\" \/><\/p>\n<p>Dalej, ju\u017c w Bondyrzu, uda\u0142o nam si\u0119 dotrze\u0107 do ciekawej drewnianej chatki z drzwiami w stylu reggae.<\/p>\n<p><img loading=\"lazy\" decoding=\"async\" class=\"aligncenter size-full wp-image-5412\" src=\"http:\/\/roztocze24.info\/wp-content\/uploads\/2019\/03\/IMG_1479.jpg\" alt=\"\" width=\"333\" height=\"500\" srcset=\"https:\/\/roztocze24.info\/wp-content\/uploads\/2019\/03\/IMG_1479.jpg 333w, https:\/\/roztocze24.info\/wp-content\/uploads\/2019\/03\/IMG_1479-200x300.jpg 200w\" sizes=\"auto, (max-width: 333px) 85vw, 333px\" \/><\/p>\n<p><em>Kwiecie\u0144 2016<\/em><\/p>\n","protected":false},"excerpt":{"rendered":"<p>Rezerwat przyrody Debry to zarazem obszar z sieci NATURA 2000 o powierzchni 179,6 ha (PLH 60003). To obszar porozcinany w\u0105wozami zajmowany przez lasy mieszane. \u015acie\u017cka nie wkracza wprawdzie na teren rezerwatu, ale prowadzi w jego pobli\u017cu, przez r\u00f3wnie atrakcyjny teren. Pocz\u0105tek trasy znajduje si\u0119 dok\u0142adnie pomi\u0119dzy wsiami Guci\u00f3w i Bondyrz (tablice ko\u0144ca\/pocz\u0105tku tych miejscowo\u015bci), przy &hellip; <a href=\"https:\/\/roztocze24.info\/?page_id=2372\" class=\"more-link\">Czytaj dalej<span class=\"screen-reader-text\"> \u201eWiosna w lesie Debry k. Bondyrza, 2016\u201d<\/span><\/a><\/p>\n","protected":false},"author":1,"featured_media":0,"parent":895,"menu_order":0,"comment_status":"closed","ping_status":"closed","template":"","meta":{"footnotes":""},"class_list":["post-2372","page","type-page","status-publish","hentry"],"_links":{"self":[{"href":"https:\/\/roztocze24.info\/index.php?rest_route=\/wp\/v2\/pages\/2372","targetHints":{"allow":["GET"]}}],"collection":[{"href":"https:\/\/roztocze24.info\/index.php?rest_route=\/wp\/v2\/pages"}],"about":[{"href":"https:\/\/roztocze24.info\/index.php?rest_route=\/wp\/v2\/types\/page"}],"author":[{"embeddable":true,"href":"https:\/\/roztocze24.info\/index.php?rest_route=\/wp\/v2\/users\/1"}],"replies":[{"embeddable":true,"href":"https:\/\/roztocze24.info\/index.php?rest_route=%2Fwp%2Fv2%2Fcomments&post=2372"}],"version-history":[{"count":2,"href":"https:\/\/roztocze24.info\/index.php?rest_route=\/wp\/v2\/pages\/2372\/revisions"}],"predecessor-version":[{"id":5436,"href":"https:\/\/roztocze24.info\/index.php?rest_route=\/wp\/v2\/pages\/2372\/revisions\/5436"}],"up":[{"embeddable":true,"href":"https:\/\/roztocze24.info\/index.php?rest_route=\/wp\/v2\/pages\/895"}],"wp:attachment":[{"href":"https:\/\/roztocze24.info\/index.php?rest_route=%2Fwp%2Fv2%2Fmedia&parent=2372"}],"curies":[{"name":"wp","href":"https:\/\/api.w.org\/{rel}","templated":true}]}}