{"id":2488,"date":"2017-04-08T18:53:30","date_gmt":"2017-04-08T17:53:30","guid":{"rendered":"http:\/\/roztocze24.info\/?page_id=2488"},"modified":"2019-03-27T17:08:22","modified_gmt":"2019-03-27T16:08:22","slug":"mogila-pulkownika-tagirowa-w-brusnie","status":"publish","type":"page","link":"https:\/\/roztocze24.info\/?page_id=2488","title":{"rendered":"Mogi\u0142a pu\u0142kownika Tagirowa w Bru\u015bnie"},"content":{"rendered":"<p><img loading=\"lazy\" decoding=\"async\" class=\"aligncenter size-full wp-image-5550\" src=\"http:\/\/roztocze24.info\/wp-content\/uploads\/2019\/03\/IMG_3794.jpg\" alt=\"\" width=\"333\" height=\"500\" srcset=\"https:\/\/roztocze24.info\/wp-content\/uploads\/2019\/03\/IMG_3794.jpg 333w, https:\/\/roztocze24.info\/wp-content\/uploads\/2019\/03\/IMG_3794-200x300.jpg 200w\" sizes=\"auto, (max-width: 333px) 85vw, 333px\" \/><\/p>\n<p>Nowe Brusno s\u0142ynie z pi\u0119knej i w\u0142a\u015bnie odnawianej drewnianej cerkwi. Warto jednak odwiedzi\u0107 znajduj\u0105cy si\u0119 tu\u017c co za ni\u0105 cmentarz. Na nim wiele nagrobk\u00f3w z pobliskiego dawnego o\u015brodka kamieniarskiego w Bru\u015bnie Starym. Mieszaj\u0105 si\u0119 tu napisy pisane cyrylic\u0105 i alfabetem \u0142aci\u0144skim.<\/p>\n<p>Tym razem z Paw\u0142em Rydzewskim szukali\u015bmy jednak mogi\u0142y pu\u0142kownika Tagirowa, partyzanta nale\u017c\u0105cego do kowpakowc\u00f3w. Zgin\u0105\u0142 pod Dziewi\u0119cierzem podczas zbierania informacji o niemieckich poci\u0105gach wojskowych zmierzaj\u0105cych na front wschodni, zabity przez wartownika. Sowiecki \u017co\u0142nierz \u2013 wi\u0119c gr\u00f3b na pewno nie by\u0142 z krzy\u017cem. Odnale\u017ali\u015bmy taki nagrobek, jedyny na ca\u0142ym cmentarzu, niestety kto\u015b sku\u0142 z niego wszystkie litery.<\/p>\n<p>Wi\u0119cej o Tagirowie mo\u017cna dowiedzie\u0107 si\u0119 ze wspomnie\u0144 Mieczys\u0142awa Kolasy \u2013 rolnika i bibliotekarza w Nowym Bru\u015bnie, udost\u0119pnionych przez Mariana Szyma\u0144skiego, a opublikowanych w<em> Gazecie Horynieckiej<\/em> nr 44 (lipiec\/wrzesie\u0144 2016).<\/p>\n<p><em>Kwiecie\u0144 2017<\/em><\/p>\n","protected":false},"excerpt":{"rendered":"<p>Nowe Brusno s\u0142ynie z pi\u0119knej i w\u0142a\u015bnie odnawianej drewnianej cerkwi. Warto jednak odwiedzi\u0107 znajduj\u0105cy si\u0119 tu\u017c co za ni\u0105 cmentarz. Na nim wiele nagrobk\u00f3w z pobliskiego dawnego o\u015brodka kamieniarskiego w Bru\u015bnie Starym. Mieszaj\u0105 si\u0119 tu napisy pisane cyrylic\u0105 i alfabetem \u0142aci\u0144skim. Tym razem z Paw\u0142em Rydzewskim szukali\u015bmy jednak mogi\u0142y pu\u0142kownika Tagirowa, partyzanta nale\u017c\u0105cego do kowpakowc\u00f3w. &hellip; <a href=\"https:\/\/roztocze24.info\/?page_id=2488\" class=\"more-link\">Czytaj dalej<span class=\"screen-reader-text\"> \u201eMogi\u0142a pu\u0142kownika Tagirowa w Bru\u015bnie\u201d<\/span><\/a><\/p>\n","protected":false},"author":1,"featured_media":0,"parent":883,"menu_order":0,"comment_status":"closed","ping_status":"closed","template":"","meta":{"footnotes":""},"class_list":["post-2488","page","type-page","status-publish","hentry"],"_links":{"self":[{"href":"https:\/\/roztocze24.info\/index.php?rest_route=\/wp\/v2\/pages\/2488","targetHints":{"allow":["GET"]}}],"collection":[{"href":"https:\/\/roztocze24.info\/index.php?rest_route=\/wp\/v2\/pages"}],"about":[{"href":"https:\/\/roztocze24.info\/index.php?rest_route=\/wp\/v2\/types\/page"}],"author":[{"embeddable":true,"href":"https:\/\/roztocze24.info\/index.php?rest_route=\/wp\/v2\/users\/1"}],"replies":[{"embeddable":true,"href":"https:\/\/roztocze24.info\/index.php?rest_route=%2Fwp%2Fv2%2Fcomments&post=2488"}],"version-history":[{"count":1,"href":"https:\/\/roztocze24.info\/index.php?rest_route=\/wp\/v2\/pages\/2488\/revisions"}],"predecessor-version":[{"id":5551,"href":"https:\/\/roztocze24.info\/index.php?rest_route=\/wp\/v2\/pages\/2488\/revisions\/5551"}],"up":[{"embeddable":true,"href":"https:\/\/roztocze24.info\/index.php?rest_route=\/wp\/v2\/pages\/883"}],"wp:attachment":[{"href":"https:\/\/roztocze24.info\/index.php?rest_route=%2Fwp%2Fv2%2Fmedia&parent=2488"}],"curies":[{"name":"wp","href":"https:\/\/api.w.org\/{rel}","templated":true}]}}