{"id":2617,"date":"2017-06-19T16:43:56","date_gmt":"2017-06-19T15:43:56","guid":{"rendered":"http:\/\/roztocze24.info\/?page_id=2617"},"modified":"2019-03-26T18:37:37","modified_gmt":"2019-03-26T17:37:37","slug":"partyzancka-placowka-kalkuta-k-borowych-mlynow","status":"publish","type":"page","link":"https:\/\/roztocze24.info\/?page_id=2617","title":{"rendered":"Partyzancka plac\u00f3wka Kalkuta k. Borowych M\u0142yn\u00f3w"},"content":{"rendered":"<p>Do Borowych M\u0142yn\u00f3w (osada G\u0142uchy) rowerem dojecha\u0107 mo\u017cna za rowerowymi szlakami: <em>zielonym<\/em> Ziemi J\u00f3zefowskiej lub <em>niebieskim<\/em> z Su\u015bca.<\/p>\n<p>Po dotarciu na miejsce udajemy si\u0119 za znakami <em>czarnego<\/em> pieszego szlaku Walk Partyzanckich na p\u0142d. i przekraczamy most na Tanwi, skr\u0119caj\u0105c nast\u0119pnie w lewo, w now\u0105 drog\u0119 szutrow\u0105 (0,0 km, drogowskaz Las\u00f3w Pa\u0144stwowych wskazuj\u0105cy drog\u0119 do Kalkuty). 1 km dalej rozwidlenie, opuszczamy drog\u0119 szutrow\u0105 skr\u0119caj\u0105c w le\u015bny dukt w lewo. Nadal towarzysz\u0105 nam znaki <em>czarne<\/em>. Nale\u017cy uwa\u017cnie przypatrywa\u0107 si\u0119 drogom prowadz\u0105cym w stron\u0119 doliny rzeki. Przy jednej z nich (5,0 km) w odleg\u0142o\u015bci 50 m od szlaku znajduje si\u0119 pomnik upami\u0119tniaj\u0105cy plac\u00f3wk\u0119 Kalkuta.<\/p>\n<p><img loading=\"lazy\" decoding=\"async\" class=\"aligncenter size-full wp-image-5300\" src=\"http:\/\/roztocze24.info\/wp-content\/uploads\/2019\/03\/IMG_9956.jpg\" alt=\"\" width=\"750\" height=\"500\" srcset=\"https:\/\/roztocze24.info\/wp-content\/uploads\/2019\/03\/IMG_9956.jpg 750w, https:\/\/roztocze24.info\/wp-content\/uploads\/2019\/03\/IMG_9956-300x200.jpg 300w\" sizes=\"auto, (max-width: 750px) 85vw, 750px\" \/><\/p>\n<p>Tablice znajduj\u0105 si\u0119 po obu jego stronach. Ich tre\u015b\u0107 jest nast\u0119puj\u0105ca: <em>Plac\u00f3wka Kalkuta. <\/em><em>Tu w 1943 r. stacjonowa\u0142 partyzancki oddzia\u0142 AK kapitana [Mariana Wardy] \u201ePolakowskiego\u201d, wraz ze sztabem obwodu Tomasz\u00f3w Lubelski z komendantem majorem <\/em>[Wilhelmem Szczepankiewiczem]<em> \u201eDrugakiem\u201d. <\/em><em>Tu kapelan AK ks.<\/em><em> Skowronek [Edward Ko\u0142szut] sprawowa\u0142 msz\u0119 \u015bwi\u0119t\u0105, dla umocnienia partyzant\u00f3w do walki z okupantem niemieckim.<\/em><\/p>\n<p>Warto doda\u0107, \u017ce takie msze by\u0142y te\u017c sprawowane na niezbyt ju\u017c st\u0105d odleg\u0142ym wzg\u00f3rzu Ko\u015bcio\u0142ek. Natomiast ks. Ko\u0142sztut w 1942 r. by\u0142 tak\u017ce redaktorem konspiracyjnego pisma Komunikaty Radiowe, a 1943 r. przygotowa\u0142 pismo Dekada \u017bo\u0142nierza, drukowane na powielaczu w le\u015bnym obozie.<\/p>\n<p><img loading=\"lazy\" decoding=\"async\" class=\"aligncenter size-full wp-image-5301\" src=\"http:\/\/roztocze24.info\/wp-content\/uploads\/2019\/03\/IMG_9959.jpg\" alt=\"\" width=\"750\" height=\"500\" srcset=\"https:\/\/roztocze24.info\/wp-content\/uploads\/2019\/03\/IMG_9959.jpg 750w, https:\/\/roztocze24.info\/wp-content\/uploads\/2019\/03\/IMG_9959-300x200.jpg 300w\" sizes=\"auto, (max-width: 750px) 85vw, 750px\" \/><\/p>\n<p>Napis z drugiej strony: <em>Tu w 1943 r., w dniu \u015bwi\u0119ta Bo\u017cego Cia\u0142a, zgin\u0105\u0142 w akcji z Niemcami pierwszy partyzant-\u017co\u0142nierz AK \u201eKwiatek\u201d Jan Greszta. W latach 1944\/45 by\u0142a [tu] szko\u0142a dla m\u0142odszych dow\u00f3dc\u00f3w AK obwodu Tomasz\u00f3w Lubelski. Upami\u0119tni\u0142 by\u0142y uczestnik tych wydarze\u0144 \u201e\u017begota\u201d. <\/em>(Jest on tak\u017ce fundatorem pomnika na wzg\u00f3rzu Smoki, nieopodal wzg\u00f3rza Ko\u015bci\u00f3\u0142ek, na starym przebiegu niebieskiego pieszego szlaku turystycznego.<\/p>\n<p>St\u0105d mo\u017cna powr\u00f3ci\u0107 t\u0105 sam\u0105 drog\u0105 do Borowych M\u0142yn\u00f3w, lub kontynuowa\u0107 w\u0119dr\u00f3wk\u0119\/jazd\u0119 miejscami piaszczystym szlakiem czarnym do Su\u015bca.<br \/>\n<em><br \/>\n2015, opublikowano: czerwiec 2017<\/em><\/p>\n","protected":false},"excerpt":{"rendered":"<p>Do Borowych M\u0142yn\u00f3w (osada G\u0142uchy) rowerem dojecha\u0107 mo\u017cna za rowerowymi szlakami: zielonym Ziemi J\u00f3zefowskiej lub niebieskim z Su\u015bca. Po dotarciu na miejsce udajemy si\u0119 za znakami czarnego pieszego szlaku Walk Partyzanckich na p\u0142d. i przekraczamy most na Tanwi, skr\u0119caj\u0105c nast\u0119pnie w lewo, w now\u0105 drog\u0119 szutrow\u0105 (0,0 km, drogowskaz Las\u00f3w Pa\u0144stwowych wskazuj\u0105cy drog\u0119 do Kalkuty). &hellip; <a href=\"https:\/\/roztocze24.info\/?page_id=2617\" class=\"more-link\">Czytaj dalej<span class=\"screen-reader-text\"> \u201ePartyzancka plac\u00f3wka Kalkuta k. Borowych M\u0142yn\u00f3w\u201d<\/span><\/a><\/p>\n","protected":false},"author":1,"featured_media":0,"parent":895,"menu_order":0,"comment_status":"closed","ping_status":"closed","template":"","meta":{"footnotes":""},"class_list":["post-2617","page","type-page","status-publish","hentry"],"_links":{"self":[{"href":"https:\/\/roztocze24.info\/index.php?rest_route=\/wp\/v2\/pages\/2617","targetHints":{"allow":["GET"]}}],"collection":[{"href":"https:\/\/roztocze24.info\/index.php?rest_route=\/wp\/v2\/pages"}],"about":[{"href":"https:\/\/roztocze24.info\/index.php?rest_route=\/wp\/v2\/types\/page"}],"author":[{"embeddable":true,"href":"https:\/\/roztocze24.info\/index.php?rest_route=\/wp\/v2\/users\/1"}],"replies":[{"embeddable":true,"href":"https:\/\/roztocze24.info\/index.php?rest_route=%2Fwp%2Fv2%2Fcomments&post=2617"}],"version-history":[{"count":1,"href":"https:\/\/roztocze24.info\/index.php?rest_route=\/wp\/v2\/pages\/2617\/revisions"}],"predecessor-version":[{"id":5303,"href":"https:\/\/roztocze24.info\/index.php?rest_route=\/wp\/v2\/pages\/2617\/revisions\/5303"}],"up":[{"embeddable":true,"href":"https:\/\/roztocze24.info\/index.php?rest_route=\/wp\/v2\/pages\/895"}],"wp:attachment":[{"href":"https:\/\/roztocze24.info\/index.php?rest_route=%2Fwp%2Fv2%2Fmedia&parent=2617"}],"curies":[{"name":"wp","href":"https:\/\/api.w.org\/{rel}","templated":true}]}}