{"id":2734,"date":"2017-07-05T20:51:56","date_gmt":"2017-07-05T19:51:56","guid":{"rendered":"http:\/\/roztocze24.info\/?page_id=2734"},"modified":"2019-04-07T12:33:51","modified_gmt":"2019-04-07T10:33:51","slug":"kajakiem-po-wieprzu-obrocz-zalew-rudka-5-km","status":"publish","type":"page","link":"https:\/\/roztocze24.info\/?page_id=2734","title":{"rendered":"Kajakiem po Wieprzu: Obrocz &#8211; zalew Rudka, 5 km"},"content":{"rendered":"<p><img loading=\"lazy\" decoding=\"async\" class=\"aligncenter size-full wp-image-5205\" src=\"http:\/\/roztocze24.info\/wp-content\/uploads\/2019\/03\/WP_20170628_11_37_03_Pro.jpg\" alt=\"\" width=\"750\" height=\"500\" srcset=\"https:\/\/roztocze24.info\/wp-content\/uploads\/2019\/03\/WP_20170628_11_37_03_Pro.jpg 750w, https:\/\/roztocze24.info\/wp-content\/uploads\/2019\/03\/WP_20170628_11_37_03_Pro-300x200.jpg 300w\" sizes=\"auto, (max-width: 750px) 85vw, 750px\" \/><\/p>\n<p>Trasa jest prosta, jedyn\u0105 powa\u017cniejsz\u0105 przeszkod\u0119 napotkamy pod koniec, gdy trzeba si\u0119 nieco schyli\u0107 pod mostkiem, aby wp\u0142yn\u0105\u0107 na wody zalewu w Rudce. Po drodze miejscami wyst\u0119puj\u0105 piaszczyste p\u0142ycizny, co mo\u017ce by\u0107 problemem podczas d\u0142ugotrwa\u0142ej suszy. W ka\u017cdym razie warto \u015bledzi\u0107 g\u0142\u00f3wny nurt rzeki, gdzie zawsze b\u0119dzie g\u0142\u0119biej.<\/p>\n<p><img loading=\"lazy\" decoding=\"async\" class=\"aligncenter size-full wp-image-5206\" src=\"http:\/\/roztocze24.info\/wp-content\/uploads\/2019\/03\/WP_20170628_11_51_08_Pro.jpg\" alt=\"\" width=\"750\" height=\"500\" srcset=\"https:\/\/roztocze24.info\/wp-content\/uploads\/2019\/03\/WP_20170628_11_51_08_Pro.jpg 750w, https:\/\/roztocze24.info\/wp-content\/uploads\/2019\/03\/WP_20170628_11_51_08_Pro-300x200.jpg 300w\" sizes=\"auto, (max-width: 750px) 85vw, 750px\" \/><\/p>\n<p>Je\u017celi zechcemy po drodze odpocz\u0105\u0107, mo\u017cemy zatrzyma\u0107 si\u0119 przy barach zbudowanych bezpo\u015brednio nad rzek\u0105. Pierwszy (bus) ju\u017c po 2 km, nast\u0119pny po 4 km (tawerna), a trzeci tylko nieco dalej (solidna tawerna).<\/p>\n<p><img loading=\"lazy\" decoding=\"async\" class=\"aligncenter size-full wp-image-5208\" src=\"http:\/\/roztocze24.info\/wp-content\/uploads\/2019\/03\/WP_20170628_12_00_06_Pro.jpg\" alt=\"\" width=\"750\" height=\"500\" srcset=\"https:\/\/roztocze24.info\/wp-content\/uploads\/2019\/03\/WP_20170628_12_00_06_Pro.jpg 750w, https:\/\/roztocze24.info\/wp-content\/uploads\/2019\/03\/WP_20170628_12_00_06_Pro-300x200.jpg 300w\" sizes=\"auto, (max-width: 750px) 85vw, 750px\" \/><\/p>\n<p><img loading=\"lazy\" decoding=\"async\" class=\"aligncenter size-full wp-image-5209\" src=\"http:\/\/roztocze24.info\/wp-content\/uploads\/2019\/03\/WP_20170628_12_01_26_Pro.jpg\" alt=\"\" width=\"750\" height=\"500\" srcset=\"https:\/\/roztocze24.info\/wp-content\/uploads\/2019\/03\/WP_20170628_12_01_26_Pro.jpg 750w, https:\/\/roztocze24.info\/wp-content\/uploads\/2019\/03\/WP_20170628_12_01_26_Pro-300x200.jpg 300w\" sizes=\"auto, (max-width: 750px) 85vw, 750px\" \/><\/p>\n<p>Na trasie kajakowej ciekawostka przyrodnicza. Mimo du\u017cego ruchu kajakowego rodzinka kaczek zaj\u0119\u0142a swoje klimatyzowane (ch\u0142\u00f3d od rzeki) drzewo i nikomu nie odda!<\/p>\n<p><img loading=\"lazy\" decoding=\"async\" class=\"aligncenter size-full wp-image-5210\" src=\"http:\/\/roztocze24.info\/wp-content\/uploads\/2019\/03\/WP_20170628_12_03_57_Proa.jpg\" alt=\"\" width=\"750\" height=\"500\" srcset=\"https:\/\/roztocze24.info\/wp-content\/uploads\/2019\/03\/WP_20170628_12_03_57_Proa.jpg 750w, https:\/\/roztocze24.info\/wp-content\/uploads\/2019\/03\/WP_20170628_12_03_57_Proa-300x200.jpg 300w\" sizes=\"auto, (max-width: 750px) 85vw, 750px\" \/><\/p>\n<p><img loading=\"lazy\" decoding=\"async\" class=\"aligncenter size-full wp-image-5211\" src=\"http:\/\/roztocze24.info\/wp-content\/uploads\/2019\/03\/WP_20170628_12_09_55_Pro.jpg\" alt=\"\" width=\"750\" height=\"500\" srcset=\"https:\/\/roztocze24.info\/wp-content\/uploads\/2019\/03\/WP_20170628_12_09_55_Pro.jpg 750w, https:\/\/roztocze24.info\/wp-content\/uploads\/2019\/03\/WP_20170628_12_09_55_Pro-300x200.jpg 300w\" sizes=\"auto, (max-width: 750px) 85vw, 750px\" \/><\/p>\n<p>Na koniec przep\u0142yw niskim przesmykiem pod mostkiem i wp\u0142ywamy na zalew Rudka. Przep\u0142ywamy na jego przeciwleg\u0142y brzeg.<\/p>\n<p><img loading=\"lazy\" decoding=\"async\" class=\"aligncenter size-full wp-image-5567\" src=\"http:\/\/roztocze24.info\/wp-content\/uploads\/2019\/03\/IMG_4458-Rudka.jpg\" alt=\"\" width=\"750\" height=\"500\" srcset=\"https:\/\/roztocze24.info\/wp-content\/uploads\/2019\/03\/IMG_4458-Rudka.jpg 750w, https:\/\/roztocze24.info\/wp-content\/uploads\/2019\/03\/IMG_4458-Rudka-300x200.jpg 300w\" sizes=\"auto, (max-width: 750px) 85vw, 750px\" \/><\/p>\n<p>Dojazd na sp\u0142yw najlepszy szynobusem Przewoz\u00f3w Regionalnych. W wakacje kursuj\u0105 one codziennie w relacji Lublin &#8211; Be\u0142\u017cec (w Zawadzie skomunikowane s\u0105 z poci\u0105giem z\/do Zamo\u015bcia), a w soboty i niedziele w relacji Rzesz\u00f3w &#8211; Zamo\u015b\u0107 i Jaros\u0142aw &#8211; Lublin. Wysiadamy na przystanku Zwierzyniec, kt\u00f3ry znajduje si\u0119 w bezpo\u015brednim s\u0105siedztwie zalewu Rudka i przystani, gdzie b\u0119dziemy ko\u0144czy\u0107 sp\u0142yw. Jego organizacj\u0105 zajmuj\u0105 si\u0119 profesjonalne firmy. Nie tylko wypo\u017cycz\u0105 nam kajak, ale tak\u017ce przewioz\u0105 pomi\u0119dzy Rudk\u0105 a przystani\u0105 w Obroczy.<\/p>\n<p><em>Lipiec 2017<\/em><\/p>\n<p><a href=\"https:\/\/roztocze24.info\/?page_id=3769\">Sp\u0142yw Wieprzem: Zwierzyniec &#8211; Szczebrzeszyn, 2018<\/a><em>\u00a0<\/em><\/p>\n","protected":false},"excerpt":{"rendered":"<p>Trasa jest prosta, jedyn\u0105 powa\u017cniejsz\u0105 przeszkod\u0119 napotkamy pod koniec, gdy trzeba si\u0119 nieco schyli\u0107 pod mostkiem, aby wp\u0142yn\u0105\u0107 na wody zalewu w Rudce. Po drodze miejscami wyst\u0119puj\u0105 piaszczyste p\u0142ycizny, co mo\u017ce by\u0107 problemem podczas d\u0142ugotrwa\u0142ej suszy. W ka\u017cdym razie warto \u015bledzi\u0107 g\u0142\u00f3wny nurt rzeki, gdzie zawsze b\u0119dzie g\u0142\u0119biej. Je\u017celi zechcemy po drodze odpocz\u0105\u0107, mo\u017cemy zatrzyma\u0107 &hellip; <a href=\"https:\/\/roztocze24.info\/?page_id=2734\" class=\"more-link\">Czytaj dalej<span class=\"screen-reader-text\"> \u201eKajakiem po Wieprzu: Obrocz &#8211; zalew Rudka, 5 km\u201d<\/span><\/a><\/p>\n","protected":false},"author":1,"featured_media":0,"parent":895,"menu_order":0,"comment_status":"closed","ping_status":"closed","template":"","meta":{"footnotes":""},"class_list":["post-2734","page","type-page","status-publish","hentry"],"_links":{"self":[{"href":"https:\/\/roztocze24.info\/index.php?rest_route=\/wp\/v2\/pages\/2734","targetHints":{"allow":["GET"]}}],"collection":[{"href":"https:\/\/roztocze24.info\/index.php?rest_route=\/wp\/v2\/pages"}],"about":[{"href":"https:\/\/roztocze24.info\/index.php?rest_route=\/wp\/v2\/types\/page"}],"author":[{"embeddable":true,"href":"https:\/\/roztocze24.info\/index.php?rest_route=\/wp\/v2\/users\/1"}],"replies":[{"embeddable":true,"href":"https:\/\/roztocze24.info\/index.php?rest_route=%2Fwp%2Fv2%2Fcomments&post=2734"}],"version-history":[{"count":3,"href":"https:\/\/roztocze24.info\/index.php?rest_route=\/wp\/v2\/pages\/2734\/revisions"}],"predecessor-version":[{"id":6978,"href":"https:\/\/roztocze24.info\/index.php?rest_route=\/wp\/v2\/pages\/2734\/revisions\/6978"}],"up":[{"embeddable":true,"href":"https:\/\/roztocze24.info\/index.php?rest_route=\/wp\/v2\/pages\/895"}],"wp:attachment":[{"href":"https:\/\/roztocze24.info\/index.php?rest_route=%2Fwp%2Fv2%2Fmedia&parent=2734"}],"curies":[{"name":"wp","href":"https:\/\/api.w.org\/{rel}","templated":true}]}}