{"id":3205,"date":"2017-12-30T20:02:13","date_gmt":"2017-12-30T19:02:13","guid":{"rendered":"http:\/\/roztocze24.info\/?page_id=3205"},"modified":"2019-03-26T15:53:27","modified_gmt":"2019-03-26T14:53:27","slug":"wojda-zima-w-75-rocznice-partyzanckiej-bitwy","status":"publish","type":"page","link":"https:\/\/roztocze24.info\/?page_id=3205","title":{"rendered":"Wojda zim\u0105 &#8211; w 75. rocznic\u0119 partyzanckiej bitwy"},"content":{"rendered":"<p>30 grudnia 1942 r. w okolicy Wojdy zwyci\u0119ski b\u00f3j z Niemcami stoczy\u0142y\u00a0 Bataliony Ch\u0142opskie, co oznacza \u017ce w 2017 r. wypad\u0142a 75 rocznica bitwy!<\/p>\n<p>Z tej okazji wybra\u0142em si\u0119 na rajd organizowany przez Klub Turystyczno-Krajoznawczy im. Micha\u0142a Pieszki, dzia\u0142aj\u0105cy przy O\/PTTK w Zamo\u015bciu. W\u015br\u00f3d uczestnik\u00f3w byli tak\u017ce cz\u0142onkowie Grupy Turystycznej Roztocze (GTR). Pod wodz\u0105 znakomitego zamojskiego przewodnika, pana Edwarda S\u0142oniewskiego, w\u0119drowali\u015bmy le\u015bnymi duktami pomi\u0119dzy Bli\u017cowem a Wojd\u0105. A wszystko to zaledwie kilka dni przed wspomnian\u0105 rocznic\u0105 bitwy!<\/p>\n<p>Pewnym zaskoczeniem by\u0142 \u015bnieg, kt\u00f3ry pojawi\u0142 si\u0119 w okolicy Zamo\u015bcia, a chyba swoj\u0105 kumulacj\u0119 mia\u0142 w Wojdzie. Gdy p\u00f3\u017aniej jechali\u015bmy w stron\u0119 Zwierzy\u0144ca to ju\u017c od okolic Jacni praktycznie go nie by\u0142o. \u015anieg le\u017ca\u0142 nie tylko na ziemi, ale tak\u017ce <em>pomalowa\u0142<\/em> na bia\u0142o drzewa. By\u0142o wr\u0119cz bajkowo, mimo, \u017ce dzie\u0144 trafi\u0142 si\u0119 zasadniczo pochmurny.<\/p>\n<p><img loading=\"lazy\" decoding=\"async\" class=\"aligncenter size-full wp-image-5254\" src=\"http:\/\/roztocze24.info\/wp-content\/uploads\/2019\/03\/WP_20171216_09_54_40_Pro.jpg\" alt=\"\" width=\"750\" height=\"500\" srcset=\"https:\/\/roztocze24.info\/wp-content\/uploads\/2019\/03\/WP_20171216_09_54_40_Pro.jpg 750w, https:\/\/roztocze24.info\/wp-content\/uploads\/2019\/03\/WP_20171216_09_54_40_Pro-300x200.jpg 300w\" sizes=\"auto, (max-width: 750px) 85vw, 750px\" \/><br \/>\nW bezpo\u015bredniej okolicy Bli\u017cowa trafili\u015bmy na \u0142adn\u0105 kapliczk\u0119 k\u0142odow\u0105 z Jezusem Frasobliwym.<\/p>\n<p><img loading=\"lazy\" decoding=\"async\" class=\"aligncenter size-full wp-image-5255\" src=\"http:\/\/roztocze24.info\/wp-content\/uploads\/2019\/03\/WP_20171216_09_57_25_Pro.jpg\" alt=\"\" width=\"750\" height=\"500\" srcset=\"https:\/\/roztocze24.info\/wp-content\/uploads\/2019\/03\/WP_20171216_09_57_25_Pro.jpg 750w, https:\/\/roztocze24.info\/wp-content\/uploads\/2019\/03\/WP_20171216_09_57_25_Pro-300x200.jpg 300w\" sizes=\"auto, (max-width: 750px) 85vw, 750px\" \/><\/p>\n<p><img loading=\"lazy\" decoding=\"async\" class=\"aligncenter size-full wp-image-5257\" src=\"http:\/\/roztocze24.info\/wp-content\/uploads\/2019\/03\/WP_20171216_10_35_10_Pro.jpg\" alt=\"\" width=\"5184\" height=\"3456\" srcset=\"https:\/\/roztocze24.info\/wp-content\/uploads\/2019\/03\/WP_20171216_10_35_10_Pro.jpg 5184w, https:\/\/roztocze24.info\/wp-content\/uploads\/2019\/03\/WP_20171216_10_35_10_Pro-300x200.jpg 300w, https:\/\/roztocze24.info\/wp-content\/uploads\/2019\/03\/WP_20171216_10_35_10_Pro-768x512.jpg 768w, https:\/\/roztocze24.info\/wp-content\/uploads\/2019\/03\/WP_20171216_10_35_10_Pro-1024x683.jpg 1024w\" sizes=\"auto, (max-width: 709px) 85vw, (max-width: 909px) 67vw, (max-width: 1362px) 62vw, 840px\" \/><br \/>\nW ko\u0144cu przed nami wie\u015b Wojda.<\/p>\n<p><img loading=\"lazy\" decoding=\"async\" class=\"aligncenter size-full wp-image-5258\" src=\"http:\/\/roztocze24.info\/wp-content\/uploads\/2019\/03\/WP_20171216_11_20_01_Pro.jpg\" alt=\"\" width=\"750\" height=\"500\" srcset=\"https:\/\/roztocze24.info\/wp-content\/uploads\/2019\/03\/WP_20171216_11_20_01_Pro.jpg 750w, https:\/\/roztocze24.info\/wp-content\/uploads\/2019\/03\/WP_20171216_11_20_01_Pro-300x200.jpg 300w\" sizes=\"auto, (max-width: 750px) 85vw, 750px\" \/><br \/>\nZatrzymujemy si\u0119 przy pomniku. Tu b\u0119dzie tak\u017ce ognisko.<\/p>\n<p><img loading=\"lazy\" decoding=\"async\" class=\"aligncenter size-full wp-image-5259\" src=\"http:\/\/roztocze24.info\/wp-content\/uploads\/2019\/03\/WP_20171216_11_08_49_Pro.jpg\" alt=\"\" width=\"333\" height=\"500\" srcset=\"https:\/\/roztocze24.info\/wp-content\/uploads\/2019\/03\/WP_20171216_11_08_49_Pro.jpg 333w, https:\/\/roztocze24.info\/wp-content\/uploads\/2019\/03\/WP_20171216_11_08_49_Pro-200x300.jpg 200w\" sizes=\"auto, (max-width: 333px) 85vw, 333px\" \/><\/p>\n<p>27 grudnia 1942 r. mia\u0142a tu miejsce koncentracja si\u0142 BCh (ok. 130 \u017co\u0142nierzy). Przyby\u0142y trzy plutony: J\u00f3zefa Danilewicza \u201eK\u0142ody\u201d, Aleksandra Mys\u0142akowskiego \u201eJutrzenki\u201d i Henryka Derweskiego \u201eS\u0119pa\u201d. Wesz\u0142y one w sk\u0142ad I Kompanii Kadrowej BCh, pod dow\u00f3dztwem Jerzego Mara-Meyera (nazwisko konspiracyjne Miller) \u201eVisa\u201d. 28 XII noc\u0105 przyby\u0142 tak\u017ce oddzia\u0142 partyzantki sowieckiej p\u0142k. Wasyla Wo\u0142odina w sile 37 ludzi. O koncentracji dowiedzieli si\u0119 Niemcy. Okupant do walki przeznaczy\u0142 350 \u017co\u0142nierzy, kt\u00f3rych dow\u00f3dc\u0105 zosta\u0142 Erhard Biskady.<\/p>\n<p>Pierwsza w kraju bitwa partyzant\u00f3w BCh z okupantem rozegra\u0142a si\u0119 30 XII 1942 r. i trwa\u0142a 6 godzin. Poleg\u0142o 8 partyzant\u00f3w, po stronie okupanta by\u0142o 20 zabitych i 30 rannych. Wie\u015b zosta\u0142a jednak p\u00f3\u017aniej spalona, a jej 11 mieszka\u0144c\u00f3w zamordowano.<br \/>\nBitwa pod Wojd\u0105 da\u0142a pocz\u0105tek tzw. powstaniu zamojskiemu (tak okre\u015blili te wydarzenia sami Niemcy).<\/p>\n<p>Ciekawym obiektem w Wojdzie by\u0142 do niedawna stary d\u0105b. Aby go podtrzyma\u0107 zosta\u0142 swego czasu zamurowany od ty\u0142u. Niestety, mimo tej podpory przewr\u00f3ci\u0142 si\u0119 jesieni\u0105 2016 roku.<\/p>\n<p><img loading=\"lazy\" decoding=\"async\" class=\"aligncenter size-full wp-image-5261\" src=\"http:\/\/roztocze24.info\/wp-content\/uploads\/2019\/03\/WP_20171216_11_25_33_Pro.jpg\" alt=\"\" width=\"750\" height=\"500\" srcset=\"https:\/\/roztocze24.info\/wp-content\/uploads\/2019\/03\/WP_20171216_11_25_33_Pro.jpg 750w, https:\/\/roztocze24.info\/wp-content\/uploads\/2019\/03\/WP_20171216_11_25_33_Pro-300x200.jpg 300w\" sizes=\"auto, (max-width: 750px) 85vw, 750px\" \/><\/p>\n<p>Czas na powr\u00f3t do Bli\u017cowa. Atmosfera na rajdzie by\u0142a wspania\u0142a, a uroku doda\u0142y zimowe okoliczno\u015bci przyrody!<\/p>\n<p><img loading=\"lazy\" decoding=\"async\" class=\"aligncenter size-full wp-image-5262\" src=\"http:\/\/roztocze24.info\/wp-content\/uploads\/2019\/03\/WP_20171216_12_40_36_Pro.jpg\" alt=\"\" width=\"750\" height=\"500\" srcset=\"https:\/\/roztocze24.info\/wp-content\/uploads\/2019\/03\/WP_20171216_12_40_36_Pro.jpg 750w, https:\/\/roztocze24.info\/wp-content\/uploads\/2019\/03\/WP_20171216_12_40_36_Pro-300x200.jpg 300w\" sizes=\"auto, (max-width: 750px) 85vw, 750px\" \/><\/p>\n<p><em>30 grudnia 2017 r.<\/em><\/p>\n","protected":false},"excerpt":{"rendered":"<p>30 grudnia 1942 r. w okolicy Wojdy zwyci\u0119ski b\u00f3j z Niemcami stoczy\u0142y\u00a0 Bataliony Ch\u0142opskie, co oznacza \u017ce w 2017 r. wypad\u0142a 75 rocznica bitwy! Z tej okazji wybra\u0142em si\u0119 na rajd organizowany przez Klub Turystyczno-Krajoznawczy im. Micha\u0142a Pieszki, dzia\u0142aj\u0105cy przy O\/PTTK w Zamo\u015bciu. W\u015br\u00f3d uczestnik\u00f3w byli tak\u017ce cz\u0142onkowie Grupy Turystycznej Roztocze (GTR). Pod wodz\u0105 znakomitego &hellip; <a href=\"https:\/\/roztocze24.info\/?page_id=3205\" class=\"more-link\">Czytaj dalej<span class=\"screen-reader-text\"> \u201eWojda zim\u0105 &#8211; w 75. rocznic\u0119 partyzanckiej bitwy\u201d<\/span><\/a><\/p>\n","protected":false},"author":1,"featured_media":0,"parent":895,"menu_order":0,"comment_status":"closed","ping_status":"closed","template":"","meta":{"footnotes":""},"class_list":["post-3205","page","type-page","status-publish","hentry"],"_links":{"self":[{"href":"https:\/\/roztocze24.info\/index.php?rest_route=\/wp\/v2\/pages\/3205","targetHints":{"allow":["GET"]}}],"collection":[{"href":"https:\/\/roztocze24.info\/index.php?rest_route=\/wp\/v2\/pages"}],"about":[{"href":"https:\/\/roztocze24.info\/index.php?rest_route=\/wp\/v2\/types\/page"}],"author":[{"embeddable":true,"href":"https:\/\/roztocze24.info\/index.php?rest_route=\/wp\/v2\/users\/1"}],"replies":[{"embeddable":true,"href":"https:\/\/roztocze24.info\/index.php?rest_route=%2Fwp%2Fv2%2Fcomments&post=3205"}],"version-history":[{"count":1,"href":"https:\/\/roztocze24.info\/index.php?rest_route=\/wp\/v2\/pages\/3205\/revisions"}],"predecessor-version":[{"id":5263,"href":"https:\/\/roztocze24.info\/index.php?rest_route=\/wp\/v2\/pages\/3205\/revisions\/5263"}],"up":[{"embeddable":true,"href":"https:\/\/roztocze24.info\/index.php?rest_route=\/wp\/v2\/pages\/895"}],"wp:attachment":[{"href":"https:\/\/roztocze24.info\/index.php?rest_route=%2Fwp%2Fv2%2Fmedia&parent=3205"}],"curies":[{"name":"wp","href":"https:\/\/api.w.org\/{rel}","templated":true}]}}

Wojda zimą &#8211; w 75. rocznicę partyzanckiej bitwy

<p>30 grudnia 1942 r. w okolicy Wojdy zwycięski bój z Niemcami stoczyły  Bataliony Chłopskie, co oznacza że w 2017 r. wypadła 75 rocznica bitwy!</p>
<p>Z tej okazji wybrałem się na rajd organizowany przez Klub Turystyczno-Krajoznawczy im. Michała Pieszki, działający przy O/PTTK w Zamościu. Wśród uczestników byli także członkowie Grupy Turystycznej Roztocze (GTR). Pod wodzą znakomitego zamojskiego przewodnika, pana Edwarda Słoniewskiego, wędrowaliśmy leśnymi duktami pomiędzy Bliżowem a Wojdą. A wszystko to zaledwie kilka dni przed wspomnianą rocznicą bitwy!</p>
<p>Pewnym zaskoczeniem był śnieg, który pojawił się w okolicy Zamościa, a chyba swoją kumulację miał w Wojdzie. Gdy później jechaliśmy w stronę Zwierzyńca to już od okolic Jacni praktycznie go nie było. Śnieg leżał nie tylko na ziemi, ale także <em>pomalował</em> na biało drzewa. Było wręcz bajkowo, mimo, że dzień trafił się zasadniczo pochmurny.</p>
<p><img loading="lazy" decoding="async" class="aligncenter size-full wp-image-5254" src="http://roztocze24.info/wp-content/uploads/2019/03/WP_20171216_09_54_40_Pro.jpg" alt="" width="750" height="500" srcset="https://roztocze24.info/wp-content/uploads/2019/03/WP_20171216_09_54_40_Pro.jpg 750w, https://roztocze24.info/wp-content/uploads/2019/03/WP_20171216_09_54_40_Pro-300x200.jpg 300w" sizes="auto, (max-width: 750px) 85vw, 750px" /><br />
W bezpośredniej okolicy Bliżowa trafiliśmy na ładną kapliczkę kłodową z Jezusem Frasobliwym.</p>
<p><img loading="lazy" decoding="async" class="aligncenter size-full wp-image-5255" src="http://roztocze24.info/wp-content/uploads/2019/03/WP_20171216_09_57_25_Pro.jpg" alt="" width="750" height="500" srcset="https://roztocze24.info/wp-content/uploads/2019/03/WP_20171216_09_57_25_Pro.jpg 750w, https://roztocze24.info/wp-content/uploads/2019/03/WP_20171216_09_57_25_Pro-300x200.jpg 300w" sizes="auto, (max-width: 750px) 85vw, 750px" /></p>
<p><img loading="lazy" decoding="async" class="aligncenter size-full wp-image-5257" src="http://roztocze24.info/wp-content/uploads/2019/03/WP_20171216_10_35_10_Pro.jpg" alt="" width="5184" height="3456" srcset="https://roztocze24.info/wp-content/uploads/2019/03/WP_20171216_10_35_10_Pro.jpg 5184w, https://roztocze24.info/wp-content/uploads/2019/03/WP_20171216_10_35_10_Pro-300x200.jpg 300w, https://roztocze24.info/wp-content/uploads/2019/03/WP_20171216_10_35_10_Pro-768x512.jpg 768w, https://roztocze24.info/wp-content/uploads/2019/03/WP_20171216_10_35_10_Pro-1024x683.jpg 1024w" sizes="auto, (max-width: 709px) 85vw, (max-width: 909px) 67vw, (max-width: 1362px) 62vw, 840px" /><br />
W końcu przed nami wieś Wojda.</p>
<p><img loading="lazy" decoding="async" class="aligncenter size-full wp-image-5258" src="http://roztocze24.info/wp-content/uploads/2019/03/WP_20171216_11_20_01_Pro.jpg" alt="" width="750" height="500" srcset="https://roztocze24.info/wp-content/uploads/2019/03/WP_20171216_11_20_01_Pro.jpg 750w, https://roztocze24.info/wp-content/uploads/2019/03/WP_20171216_11_20_01_Pro-300x200.jpg 300w" sizes="auto, (max-width: 750px) 85vw, 750px" /><br />
Zatrzymujemy się przy pomniku. Tu będzie także ognisko.</p>
<p><img loading="lazy" decoding="async" class="aligncenter size-full wp-image-5259" src="http://roztocze24.info/wp-content/uploads/2019/03/WP_20171216_11_08_49_Pro.jpg" alt="" width="333" height="500" srcset="https://roztocze24.info/wp-content/uploads/2019/03/WP_20171216_11_08_49_Pro.jpg 333w, https://roztocze24.info/wp-content/uploads/2019/03/WP_20171216_11_08_49_Pro-200x300.jpg 200w" sizes="auto, (max-width: 333px) 85vw, 333px" /></p>
<p>27 grudnia 1942 r. miała tu miejsce koncentracja sił BCh (ok. 130 żołnierzy). Przybyły trzy plutony: Józefa Danilewicza „Kłody”, Aleksandra Mysłakowskiego „Jutrzenki” i Henryka Derweskiego „Sępa”. Weszły one w skład I Kompanii Kadrowej BCh, pod dowództwem Jerzego Mara-Meyera (nazwisko konspiracyjne Miller) „Visa”. 28 XII nocą przybył także oddział partyzantki sowieckiej płk. Wasyla Wołodina w sile 37 ludzi. O koncentracji dowiedzieli się Niemcy. Okupant do walki przeznaczył 350 żołnierzy, których dowódcą został Erhard Biskady.</p>
<p>Pierwsza w kraju bitwa partyzantów BCh z okupantem rozegrała się 30 XII 1942 r. i trwała 6 godzin. Poległo 8 partyzantów, po stronie okupanta było 20 zabitych i 30 rannych. Wieś została jednak później spalona, a jej 11 mieszkańców zamordowano.<br />
Bitwa pod Wojdą dała początek tzw. powstaniu zamojskiemu (tak określili te wydarzenia sami Niemcy).</p>
<p>Ciekawym obiektem w Wojdzie był do niedawna stary dąb. Aby go podtrzymać został swego czasu zamurowany od tyłu. Niestety, mimo tej podpory przewrócił się jesienią 2016 roku.</p>
<p><img loading="lazy" decoding="async" class="aligncenter size-full wp-image-5261" src="http://roztocze24.info/wp-content/uploads/2019/03/WP_20171216_11_25_33_Pro.jpg" alt="" width="750" height="500" srcset="https://roztocze24.info/wp-content/uploads/2019/03/WP_20171216_11_25_33_Pro.jpg 750w, https://roztocze24.info/wp-content/uploads/2019/03/WP_20171216_11_25_33_Pro-300x200.jpg 300w" sizes="auto, (max-width: 750px) 85vw, 750px" /></p>
<p>Czas na powrót do Bliżowa. Atmosfera na rajdzie była wspaniała, a uroku dodały zimowe okoliczności przyrody!</p>
<p><img loading="lazy" decoding="async" class="aligncenter size-full wp-image-5262" src="http://roztocze24.info/wp-content/uploads/2019/03/WP_20171216_12_40_36_Pro.jpg" alt="" width="750" height="500" srcset="https://roztocze24.info/wp-content/uploads/2019/03/WP_20171216_12_40_36_Pro.jpg 750w, https://roztocze24.info/wp-content/uploads/2019/03/WP_20171216_12_40_36_Pro-300x200.jpg 300w" sizes="auto, (max-width: 750px) 85vw, 750px" /></p>
<p><em>30 grudnia 2017 r.</em></p>

<p>30 grudnia 1942 r. w okolicy Wojdy zwycięski bój z Niemcami stoczyły  Bataliony Chłopskie, co oznacza że w 2017 r. wypadła 75 rocznica bitwy! Z tej okazji wybrałem się na rajd organizowany przez Klub Turystyczno-Krajoznawczy im. Michała Pieszki, działający przy O/PTTK w Zamościu. Wśród uczestników byli także członkowie Grupy Turystycznej Roztocze (GTR). Pod wodzą znakomitego &hellip; <a href="https://roztocze24.info/?page_id=3205" class="more-link">Czytaj dalej<span class="screen-reader-text"> „Wojda zimą &#8211; w 75. rocznicę partyzanckiej bitwy”</span></a></p>
