{"id":3362,"date":"2018-04-14T19:48:43","date_gmt":"2018-04-14T18:48:43","guid":{"rendered":"http:\/\/roztocze24.info\/?page_id=3362"},"modified":"2019-03-30T23:36:58","modified_gmt":"2019-03-30T22:36:58","slug":"lasy-janowskie","status":"publish","type":"page","link":"https:\/\/roztocze24.info\/?page_id=3362","title":{"rendered":"Lasy Janowskie"},"content":{"rendered":"<p><a href=\"https:\/\/roztocze24.info\/?page_id=6574\">Opis Las\u00f3w Janowskich<\/a><strong><br \/>\n<\/strong><\/p>\n<p><a href=\"https:\/\/roztocze24.info\/?page_id=6490\">Dawny szlak Porytowego Wzg\u00f3rza, 2000, 2019<\/a><\/p>\n<p><a href=\"https:\/\/roztocze24.info\/?page_id=2186\">Rezerwat Imielty \u0141ug inaczej, maj 2015<\/a><\/p>\n<p><a href=\"https:\/\/roztocze24.info\/?page_id=872\">\u015awiat garnk\u00f3w, czyli opowie\u015b\u0107 o \u0141\u0105\u017cku Garncarskim, 2006<\/a><\/p>\n<p><a href=\"https:\/\/roztocze24.info\/?page_id=870\">Lasy Janowskie i bagno Imielty \u0141ug, 2006<\/a><\/p>\n<p><a href=\"https:\/\/roztocze24.info\/?page_id=871\">Lasy Janowskie zim\u0105, luty 2004<\/a><\/p>\n<p><a href=\"https:\/\/roztocze24.info\/?page_id=873\">Lasy Lipskie i dolina Sanny: Zaklik\u00f3w \u2013 Bor\u00f3w, 2004<\/a><\/p>\n<p><a href=\"https:\/\/roztocze24.info\/?page_id=6528\">Gdy jeszcze by\u0142y tam tory&#8230; fotografie Rafa\u0142a Kapicy z dawnej kolejki janowskiej<\/a><\/p>\n","protected":false},"excerpt":{"rendered":"<p>Opis Las\u00f3w Janowskich Dawny szlak Porytowego Wzg\u00f3rza, 2000, 2019 Rezerwat Imielty \u0141ug inaczej, maj 2015 \u015awiat garnk\u00f3w, czyli opowie\u015b\u0107 o \u0141\u0105\u017cku Garncarskim, 2006 Lasy Janowskie i bagno Imielty \u0141ug, 2006 Lasy Janowskie zim\u0105, luty 2004 Lasy Lipskie i dolina Sanny: Zaklik\u00f3w \u2013 Bor\u00f3w, 2004 Gdy jeszcze by\u0142y tam tory&#8230; fotografie Rafa\u0142a Kapicy z dawnej kolejki &hellip; <a href=\"https:\/\/roztocze24.info\/?page_id=3362\" class=\"more-link\">Czytaj dalej<span class=\"screen-reader-text\"> \u201eLasy Janowskie\u201d<\/span><\/a><\/p>\n","protected":false},"author":1,"featured_media":0,"parent":869,"menu_order":0,"comment_status":"closed","ping_status":"closed","template":"","meta":{"footnotes":""},"class_list":["post-3362","page","type-page","status-publish","hentry"],"_links":{"self":[{"href":"https:\/\/roztocze24.info\/index.php?rest_route=\/wp\/v2\/pages\/3362","targetHints":{"allow":["GET"]}}],"collection":[{"href":"https:\/\/roztocze24.info\/index.php?rest_route=\/wp\/v2\/pages"}],"about":[{"href":"https:\/\/roztocze24.info\/index.php?rest_route=\/wp\/v2\/types\/page"}],"author":[{"embeddable":true,"href":"https:\/\/roztocze24.info\/index.php?rest_route=\/wp\/v2\/users\/1"}],"replies":[{"embeddable":true,"href":"https:\/\/roztocze24.info\/index.php?rest_route=%2Fwp%2Fv2%2Fcomments&post=3362"}],"version-history":[{"count":15,"href":"https:\/\/roztocze24.info\/index.php?rest_route=\/wp\/v2\/pages\/3362\/revisions"}],"predecessor-version":[{"id":6586,"href":"https:\/\/roztocze24.info\/index.php?rest_route=\/wp\/v2\/pages\/3362\/revisions\/6586"}],"up":[{"embeddable":true,"href":"https:\/\/roztocze24.info\/index.php?rest_route=\/wp\/v2\/pages\/869"}],"wp:attachment":[{"href":"https:\/\/roztocze24.info\/index.php?rest_route=%2Fwp%2Fv2%2Fmedia&parent=3362"}],"curies":[{"name":"wp","href":"https:\/\/api.w.org\/{rel}","templated":true}]}}