{"id":3439,"date":"2018-05-06T17:14:24","date_gmt":"2018-05-06T16:14:24","guid":{"rendered":"http:\/\/roztocze24.info\/?page_id=3439"},"modified":"2019-03-26T17:26:01","modified_gmt":"2019-03-26T16:26:01","slug":"wodospady-w-rezerwacie-czartowe-pole-wczesna-wiosna","status":"publish","type":"page","link":"https:\/\/roztocze24.info\/?page_id=3439","title":{"rendered":"Wodospady w rezerwacie Czartowe Pole wczesn\u0105 wiosn\u0105"},"content":{"rendered":"<p>Rezerwat <em>Czartowe Pole<\/em> (80,51 ha) utworzono w 1958 r. Z przyrodniczego punktu widzenia szczeg\u00f3lnie interesuj\u0105ca jest p\u0142d.-zach. cz\u0119\u015b\u0107 rezerwatu, obejmuj\u0105ca dalszy bieg rzeki. Nazwa Czartowe Pole pochodzi od legendy g\u0142osz\u0105cej, \u017ce kiedy\u015b <i>jeno czarci tam hasali<\/i> (czego skutkiem mia\u0142y by\u0107 liczne powodzie i po\u017cary hamerni, a tak\u017ce papierni) i odnosi si\u0119 do \u015br\u00f3dle\u015bnej polany. Ale nie zawsze musia\u0142o by\u0107 tak \u017ale. Poza tym jest jeszcze jedno wyt\u0142umaczenie nazwy &#8211; to rosn\u0105ce tu czarcie \u017cebro, czyli ostro\u017ce\u0144 warzywny.<\/p>\n<p><img loading=\"lazy\" decoding=\"async\" class=\"aligncenter size-full wp-image-5266\" src=\"http:\/\/roztocze24.info\/wp-content\/uploads\/2019\/03\/IMG_7236.jpg\" alt=\"\" width=\"750\" height=\"500\" srcset=\"https:\/\/roztocze24.info\/wp-content\/uploads\/2019\/03\/IMG_7236.jpg 750w, https:\/\/roztocze24.info\/wp-content\/uploads\/2019\/03\/IMG_7236-300x200.jpg 300w\" sizes=\"auto, (max-width: 750px) 85vw, 750px\" \/><\/p>\n<p>Rezerwat swoim zasi\u0119giem obejmuje jednak nie tylko wspomnian\u0105 polan\u0119, ale przede wszystkim odcinek malowniczo ukszta\u0142towanej doliny rzeki Sopot, wraz z seri\u0105 sporych wodospad\u00f3w. Najwi\u0119kszy z nich ma wysoko\u015b\u0107 ok. 1 m. Uk\u0142adaj\u0105 si\u0119 one inaczej ni\u017c nad Tanwi\u0105 w s\u0142ynnych Rebizantach. Tam g\u0142\u00f3wnie wzd\u0142u\u017c linii prostych, tutaj s\u0105 postrz\u0119pione, nier\u00f3wne, zaro\u015bni\u0119te. Mi\u0119dzy nimi w kilku miejscach tworz\u0105 si\u0119 piaszczyste wysepki. Dolina z obu stron jest bardzo stroma. Na zboczach dominuje b\u00f3r mieszany wilgotny z przewa\u017caj\u0105cym udzia\u0142em sosny, \u015bwierka i jod\u0142y. G\u00f3rne partie zboczy porasta b\u00f3r sosnowy. Dno doliny zajmuj\u0105 lasy \u0142\u0119gowe, tak\u017ce drzewostany olszy czarnej, miejscami podmok\u0142e \u0142\u0105ki. Pe\u0142no tu rzadkich ro\u015blin, wyst\u0119puj\u0105 m.in. wawrzynek wilcze\u0142yko, zachy\u0142ek Roberta (na \u015bcianach ruin), zanokcica skalna i zielona, parzyd\u0142o le\u015bne, storczyk plamisty, paprotnik kolczysty i narecznica szerokolistna.<\/p>\n<p><img loading=\"lazy\" decoding=\"async\" class=\"aligncenter size-full wp-image-5268\" src=\"http:\/\/roztocze24.info\/wp-content\/uploads\/2019\/03\/IMG_7223.jpg\" alt=\"\" width=\"750\" height=\"500\" srcset=\"https:\/\/roztocze24.info\/wp-content\/uploads\/2019\/03\/IMG_7223.jpg 750w, https:\/\/roztocze24.info\/wp-content\/uploads\/2019\/03\/IMG_7223-300x200.jpg 300w\" sizes=\"auto, (max-width: 750px) 85vw, 750px\" \/><\/p>\n<p>Miejsce to szczeg\u00f3lnie uroczo prezentuje si\u0119 wczesn\u0105 wiosn\u0105, gdy dolina nie jest jeszcze przes\u0142oni\u0119ta \u015bcian\u0105 zieleni. Kiedy\u015b musz\u0119 tu wzi\u0105\u0107 ze sob\u0105 statyw&#8230;<\/p>\n<p><img loading=\"lazy\" decoding=\"async\" class=\"aligncenter size-full wp-image-5272\" src=\"http:\/\/roztocze24.info\/wp-content\/uploads\/2019\/03\/IMG_7291.jpg\" alt=\"\" width=\"750\" height=\"500\" srcset=\"https:\/\/roztocze24.info\/wp-content\/uploads\/2019\/03\/IMG_7291.jpg 750w, https:\/\/roztocze24.info\/wp-content\/uploads\/2019\/03\/IMG_7291-300x200.jpg 300w\" sizes=\"auto, (max-width: 750px) 85vw, 750px\" \/><\/p>\n<p>Kilka lat temu, w ramach tzw. szlaku Geoturystycznego, przygotowano k\u0142adk\u0119 prowadz\u0105ca bezpo\u015brednio nad wodami Sopotu. Niestety jest ona obecnie ju\u017c nieco sfatygowana, przyda\u0142by si\u0119 remont.<\/p>\n<p><img loading=\"lazy\" decoding=\"async\" class=\"aligncenter size-full wp-image-5269\" src=\"http:\/\/roztocze24.info\/wp-content\/uploads\/2019\/03\/IMG_7272.jpg\" alt=\"\" width=\"750\" height=\"500\" srcset=\"https:\/\/roztocze24.info\/wp-content\/uploads\/2019\/03\/IMG_7272.jpg 750w, https:\/\/roztocze24.info\/wp-content\/uploads\/2019\/03\/IMG_7272-300x200.jpg 300w\" sizes=\"auto, (max-width: 750px) 85vw, 750px\" \/><\/p>\n<p>Na jednym z pag\u00f3rk\u00f3w zobaczymy niewielki g\u0142az upami\u0119tniaj\u0105cy ob\u00f3z harcerski z 1933 r. Dzi\u015b napis jest ju\u017c jednak nieczytelny.<\/p>\n<p><img loading=\"lazy\" decoding=\"async\" class=\"aligncenter size-full wp-image-5270\" src=\"http:\/\/roztocze24.info\/wp-content\/uploads\/2019\/03\/IMG_7243.jpg\" alt=\"\" width=\"750\" height=\"500\" srcset=\"https:\/\/roztocze24.info\/wp-content\/uploads\/2019\/03\/IMG_7243.jpg 750w, https:\/\/roztocze24.info\/wp-content\/uploads\/2019\/03\/IMG_7243-300x200.jpg 300w\" sizes=\"auto, (max-width: 750px) 85vw, 750px\" \/><\/p>\n<p>Osobliwo\u015bci\u0105 rezerwatu s\u0105 s\u0105 ruiny ordynackiej papierni z XVIII w., otoczone niemal pierwotnym lasem mieszanym, g\u0119stwin\u0105 drzew i krzew\u00f3w. Nale\u017ca\u0142a do najwi\u0119kszych zak\u0142ad\u00f3w w Kr\u00f3lestwie Polskim! Niegdy\u015b nad Sopotem sta\u0142a tak\u017ce hamernia (dzi\u015b tak\u0105 nazw\u0119 nosi pobliska wie\u015b).<\/p>\n<p><img loading=\"lazy\" decoding=\"async\" class=\"aligncenter size-full wp-image-5271\" src=\"http:\/\/roztocze24.info\/wp-content\/uploads\/2019\/03\/IMG_7250.jpg\" alt=\"\" width=\"750\" height=\"500\" srcset=\"https:\/\/roztocze24.info\/wp-content\/uploads\/2019\/03\/IMG_7250.jpg 750w, https:\/\/roztocze24.info\/wp-content\/uploads\/2019\/03\/IMG_7250-300x200.jpg 300w\" sizes=\"auto, (max-width: 750px) 85vw, 750px\" \/><\/p>\n<p>Nowa k\u0142adka przygotowana przez Lasy Pa\u0144stwowe.<\/p>\n<p><img loading=\"lazy\" decoding=\"async\" class=\"aligncenter size-full wp-image-5273\" src=\"http:\/\/roztocze24.info\/wp-content\/uploads\/2019\/03\/IMG_7215.jpg\" alt=\"\" width=\"750\" height=\"500\" srcset=\"https:\/\/roztocze24.info\/wp-content\/uploads\/2019\/03\/IMG_7215.jpg 750w, https:\/\/roztocze24.info\/wp-content\/uploads\/2019\/03\/IMG_7215-300x200.jpg 300w\" sizes=\"auto, (max-width: 750px) 85vw, 750px\" \/><\/p>\n<p>Pokaza\u0107 jeszcze nale\u017cy pomnik upami\u0119tniaj\u0105cy Szko\u0142\u0119 Podchor\u0105\u017cych Sanitarnych z 1931 r. i partyzant\u00f3w. To miejsce znajduje si\u0119 bardzo blisko parkingu, przy zej\u015bciu na najciekawsz\u0105 tzw. \u015bcie\u017ck\u0119 doln\u0105 (znaki <em>czerwone<\/em> pieszego szlaku Kraw\u0119dziowego.<\/p>\n<p><img loading=\"lazy\" decoding=\"async\" class=\"aligncenter size-full wp-image-5274\" src=\"http:\/\/roztocze24.info\/wp-content\/uploads\/2019\/03\/IMG_7212.jpg\" alt=\"\" width=\"750\" height=\"500\" srcset=\"https:\/\/roztocze24.info\/wp-content\/uploads\/2019\/03\/IMG_7212.jpg 750w, https:\/\/roztocze24.info\/wp-content\/uploads\/2019\/03\/IMG_7212-300x200.jpg 300w\" sizes=\"auto, (max-width: 750px) 85vw, 750px\" \/><\/p>\n<p><em>Kwiecie\u0144 2018<\/em><\/p>\n","protected":false},"excerpt":{"rendered":"<p>Rezerwat Czartowe Pole (80,51 ha) utworzono w 1958 r. Z przyrodniczego punktu widzenia szczeg\u00f3lnie interesuj\u0105ca jest p\u0142d.-zach. cz\u0119\u015b\u0107 rezerwatu, obejmuj\u0105ca dalszy bieg rzeki. Nazwa Czartowe Pole pochodzi od legendy g\u0142osz\u0105cej, \u017ce kiedy\u015b jeno czarci tam hasali (czego skutkiem mia\u0142y by\u0107 liczne powodzie i po\u017cary hamerni, a tak\u017ce papierni) i odnosi si\u0119 do \u015br\u00f3dle\u015bnej polany. Ale &hellip; <a href=\"https:\/\/roztocze24.info\/?page_id=3439\" class=\"more-link\">Czytaj dalej<span class=\"screen-reader-text\"> \u201eWodospady w rezerwacie Czartowe Pole wczesn\u0105 wiosn\u0105\u201d<\/span><\/a><\/p>\n","protected":false},"author":1,"featured_media":0,"parent":895,"menu_order":0,"comment_status":"closed","ping_status":"closed","template":"","meta":{"footnotes":""},"class_list":["post-3439","page","type-page","status-publish","hentry"],"_links":{"self":[{"href":"https:\/\/roztocze24.info\/index.php?rest_route=\/wp\/v2\/pages\/3439","targetHints":{"allow":["GET"]}}],"collection":[{"href":"https:\/\/roztocze24.info\/index.php?rest_route=\/wp\/v2\/pages"}],"about":[{"href":"https:\/\/roztocze24.info\/index.php?rest_route=\/wp\/v2\/types\/page"}],"author":[{"embeddable":true,"href":"https:\/\/roztocze24.info\/index.php?rest_route=\/wp\/v2\/users\/1"}],"replies":[{"embeddable":true,"href":"https:\/\/roztocze24.info\/index.php?rest_route=%2Fwp%2Fv2%2Fcomments&post=3439"}],"version-history":[{"count":2,"href":"https:\/\/roztocze24.info\/index.php?rest_route=\/wp\/v2\/pages\/3439\/revisions"}],"predecessor-version":[{"id":5286,"href":"https:\/\/roztocze24.info\/index.php?rest_route=\/wp\/v2\/pages\/3439\/revisions\/5286"}],"up":[{"embeddable":true,"href":"https:\/\/roztocze24.info\/index.php?rest_route=\/wp\/v2\/pages\/895"}],"wp:attachment":[{"href":"https:\/\/roztocze24.info\/index.php?rest_route=%2Fwp%2Fv2%2Fmedia&parent=3439"}],"curies":[{"name":"wp","href":"https:\/\/api.w.org\/{rel}","templated":true}]}}