{"id":3545,"date":"2018-06-24T18:56:44","date_gmt":"2018-06-24T17:56:44","guid":{"rendered":"http:\/\/roztocze24.info\/?page_id=3545"},"modified":"2019-03-25T20:03:08","modified_gmt":"2019-03-25T19:03:08","slug":"wawozy-lessowe-w-okolicy-szczebrzeszyna","status":"publish","type":"page","link":"https:\/\/roztocze24.info\/?page_id=3545","title":{"rendered":"W\u0105wozy lessowe w okolicy Szczebrzeszyna"},"content":{"rendered":"<p>Najg\u0142\u0119bsze w\u0105wozy na Roztoczu wyst\u0119puj\u0105 na Roztoczu Po\u0142udniowym w okolicy g\u00f3ry Brusno, ale najbardziej rozleg\u0142y system w\u0105woz\u00f3w znajduje si\u0119 na Roztoczu Zachodnim pomi\u0119dzy Zwierzy\u0144cem a Szczebrzeszynem (tzw. Piekie\u0142ko). W\u015br\u00f3d szlak\u00f3w wyr\u00f3\u017cnia si\u0119 <em>niebieska <\/em>\u015bcie\u017cka dydaktyczna W\u0105w\u00f3z lessowy w okolicy Szczebrzeszyna.<br \/>\nMo\u017cna tu doj\u015b\u0107 pieszo z centrum Szczebrzeszyna znakowanymi pieszymi szlakami turystycznymi: <em>czerwonym<\/em> szlakiem Partyzanckim i <em>czarn\u0105<\/em> tras\u0105 nordic walking. To szosa malowniczo poprowadzona w\u015br\u00f3d wzg\u00f3rz. Mo\u017cna te\u017c przejecha\u0107 ten odcinek samochodem (to a\u017c 2,5 km w jedn\u0105 stron\u0119).<\/p>\n<p>W ko\u0144cu za znakami opuszczamy asfalt skr\u0119caj\u0105c w lessow\u0105 drog\u0119 w prawo. To w\u0142a\u015bciwy pocz\u0105tek \u015bcie\u017cki <em>niebieskiej<\/em>.<\/p>\n<p><img loading=\"lazy\" decoding=\"async\" class=\"aligncenter size-full wp-image-4873\" src=\"http:\/\/roztocze24.info\/wp-content\/uploads\/2019\/03\/IMG_8110-Szczebrzeszyn-1.jpg\" alt=\"\" width=\"750\" height=\"500\" srcset=\"https:\/\/roztocze24.info\/wp-content\/uploads\/2019\/03\/IMG_8110-Szczebrzeszyn-1.jpg 750w, https:\/\/roztocze24.info\/wp-content\/uploads\/2019\/03\/IMG_8110-Szczebrzeszyn-1-300x200.jpg 300w\" sizes=\"auto, (max-width: 750px) 85vw, 750px\" \/><br \/>\n1 km dalej miejsce mylne, obie trasy skr\u0119caj\u0105 tu w prawo. Po kolejnych 500 m rozej\u015bcie szlak\u00f3w, opuszczamy pieszy szlak <em>czerwony<\/em>.<\/p>\n<p>Niebawem wok\u00f3\u0142 \u015bcie\u017cki pojawiaj\u0105 si\u0119 rozleg\u0142e \u0142any pot\u0119\u017cnych skrzyp\u00f3w zimowych.<\/p>\n<p><img loading=\"lazy\" decoding=\"async\" class=\"aligncenter size-full wp-image-4876\" src=\"http:\/\/roztocze24.info\/wp-content\/uploads\/2019\/03\/IMG_8120.jpg\" alt=\"\" width=\"750\" height=\"500\" srcset=\"https:\/\/roztocze24.info\/wp-content\/uploads\/2019\/03\/IMG_8120.jpg 750w, https:\/\/roztocze24.info\/wp-content\/uploads\/2019\/03\/IMG_8120-300x200.jpg 300w\" sizes=\"auto, (max-width: 750px) 85vw, 750px\" \/><\/p>\n<p><img loading=\"lazy\" decoding=\"async\" class=\"aligncenter size-full wp-image-4874\" src=\"http:\/\/roztocze24.info\/wp-content\/uploads\/2019\/03\/IMG_8117.jpg\" alt=\"\" width=\"750\" height=\"500\" srcset=\"https:\/\/roztocze24.info\/wp-content\/uploads\/2019\/03\/IMG_8117.jpg 750w, https:\/\/roztocze24.info\/wp-content\/uploads\/2019\/03\/IMG_8117-300x200.jpg 300w\" sizes=\"auto, (max-width: 750px) 85vw, 750px\" \/><br \/>\n<img loading=\"lazy\" decoding=\"async\" class=\"aligncenter size-full wp-image-4877\" src=\"http:\/\/roztocze24.info\/wp-content\/uploads\/2019\/03\/IMG_8127.jpg\" alt=\"\" width=\"750\" height=\"500\" srcset=\"https:\/\/roztocze24.info\/wp-content\/uploads\/2019\/03\/IMG_8127.jpg 750w, https:\/\/roztocze24.info\/wp-content\/uploads\/2019\/03\/IMG_8127-300x200.jpg 300w\" sizes=\"auto, (max-width: 750px) 85vw, 750px\" \/><\/p>\n<p>Otaczaj\u0105ce nas \u015bciany w\u0105wozu staj\u0105 si\u0119 coraz wy\u017csze, a prowadz\u0105ca w\u015br\u00f3d nich droga staje si\u0119 nader szeroka.<\/p>\n<p><img loading=\"lazy\" decoding=\"async\" class=\"aligncenter size-full wp-image-4872\" src=\"http:\/\/roztocze24.info\/wp-content\/uploads\/2019\/03\/IMG_4436.jpg\" alt=\"\" width=\"750\" height=\"500\" srcset=\"https:\/\/roztocze24.info\/wp-content\/uploads\/2019\/03\/IMG_4436.jpg 750w, https:\/\/roztocze24.info\/wp-content\/uploads\/2019\/03\/IMG_4436-300x200.jpg 300w\" sizes=\"auto, (max-width: 750px) 85vw, 750px\" \/><\/p>\n<p>Mijamy wiat\u0119 przygotowan\u0105 dla turyst\u00f3w. Dalej w\u0105w\u00f3z zacznie si\u0119 wyp\u0142yca\u0107, a z szerokiej dotychczas drogi pozostanie ju\u017c tylko w\u0105ska \u015bcie\u017cka. Wychodzimy na pola do prostopad\u0142ej drogi gruntowej i drzewa z turystycznymi drogowskazami.<\/p>\n<p>Aby nie wraca\u0107 t\u0105 sam\u0105 drog\u0105, wykorzystajmy teraz <em>czarny<\/em> szlak nordic walking, kt\u00f3ry skr\u0119ca tu w lewo, wiod\u0105c grzbietow\u0105 drog\u0105 prosto, p\u00f3\u017aniej w lewo w d\u00f3\u0142, gdzie zamykamy p\u0119tl\u0119.<\/p>\n<p><em>Czerwiec 2018<\/em><\/p>\n","protected":false},"excerpt":{"rendered":"<p>Najg\u0142\u0119bsze w\u0105wozy na Roztoczu wyst\u0119puj\u0105 na Roztoczu Po\u0142udniowym w okolicy g\u00f3ry Brusno, ale najbardziej rozleg\u0142y system w\u0105woz\u00f3w znajduje si\u0119 na Roztoczu Zachodnim pomi\u0119dzy Zwierzy\u0144cem a Szczebrzeszynem (tzw. Piekie\u0142ko). W\u015br\u00f3d szlak\u00f3w wyr\u00f3\u017cnia si\u0119 niebieska \u015bcie\u017cka dydaktyczna W\u0105w\u00f3z lessowy w okolicy Szczebrzeszyna. Mo\u017cna tu doj\u015b\u0107 pieszo z centrum Szczebrzeszyna znakowanymi pieszymi szlakami turystycznymi: czerwonym szlakiem Partyzanckim i &hellip; <a href=\"https:\/\/roztocze24.info\/?page_id=3545\" class=\"more-link\">Czytaj dalej<span class=\"screen-reader-text\"> \u201eW\u0105wozy lessowe w okolicy Szczebrzeszyna\u201d<\/span><\/a><\/p>\n","protected":false},"author":1,"featured_media":0,"parent":934,"menu_order":0,"comment_status":"closed","ping_status":"closed","template":"","meta":{"footnotes":""},"class_list":["post-3545","page","type-page","status-publish","hentry"],"_links":{"self":[{"href":"https:\/\/roztocze24.info\/index.php?rest_route=\/wp\/v2\/pages\/3545","targetHints":{"allow":["GET"]}}],"collection":[{"href":"https:\/\/roztocze24.info\/index.php?rest_route=\/wp\/v2\/pages"}],"about":[{"href":"https:\/\/roztocze24.info\/index.php?rest_route=\/wp\/v2\/types\/page"}],"author":[{"embeddable":true,"href":"https:\/\/roztocze24.info\/index.php?rest_route=\/wp\/v2\/users\/1"}],"replies":[{"embeddable":true,"href":"https:\/\/roztocze24.info\/index.php?rest_route=%2Fwp%2Fv2%2Fcomments&post=3545"}],"version-history":[{"count":1,"href":"https:\/\/roztocze24.info\/index.php?rest_route=\/wp\/v2\/pages\/3545\/revisions"}],"predecessor-version":[{"id":4878,"href":"https:\/\/roztocze24.info\/index.php?rest_route=\/wp\/v2\/pages\/3545\/revisions\/4878"}],"up":[{"embeddable":true,"href":"https:\/\/roztocze24.info\/index.php?rest_route=\/wp\/v2\/pages\/934"}],"wp:attachment":[{"href":"https:\/\/roztocze24.info\/index.php?rest_route=%2Fwp%2Fv2%2Fmedia&parent=3545"}],"curies":[{"name":"wp","href":"https:\/\/api.w.org\/{rel}","templated":true}]}}