{"id":4309,"date":"2019-03-23T19:01:53","date_gmt":"2019-03-23T18:01:53","guid":{"rendered":"http:\/\/roztocze24.info\/?page_id=4309"},"modified":"2019-03-30T15:04:58","modified_gmt":"2019-03-30T14:04:58","slug":"roztocze-polskie-puszcza-solska-i-lasy-janowskie-1997","status":"publish","type":"page","link":"https:\/\/roztocze24.info\/?page_id=4309","title":{"rendered":"Roztocze Polskie, Puszcza Solska i Lasy Janowskie, 1997"},"content":{"rendered":"\n<p><strong>311 stron, Wydawnictwo Stanis\u0142aw Kryci\u0144ski, Warszawa 1997<\/strong> <\/p>\n\n\n\n<p>Ze wst\u0119pu: kraina wzg\u00f3rz, otwartych przestrzeni, las\u00f3w, malowniczych dolin  rzecznych i niewielkich wodospad\u00f3w, zwanych tu szumami \u2013 tak  zarekomendowa\u0107 mo\u017cna zalety Roztocza. Region ten przez wiele lat  pozostawa\u0142 w cieniu innych atrakcyjnych turystycznie i przyrodniczo  obszar\u00f3w Polski. Nie ukazywa\u0142y si\u0119 ani nowe mapy, ani wznowienia  przewodnik\u00f3w. W ostatnim okresie nast\u0105pi\u0142y jednak korzystne zmiany:  pojawi\u0142y si\u0119 mapy, znakowane s\u0105 nowe szlaki, stare, po latach przerwy,  odnawiane.<\/p>\n\n\n\n<p>Podstawowe wydanie ksi\u0105\u017cki ukaza\u0142o si\u0119 w 1997 r., niewielki dodruk (z aktualizacj\u0105) mia\u0142 miejsce jeszcze rok p\u00f3\u017aniej.<\/p>\n\n\n\n<p>To by\u0142a pierwsza przymiarka do zmierzenia si\u0119 z tematem. Koncepcja by\u0142a   niez\u0142a, ale \u2013 jak to bywa przy pierwszym podej\u015bciu \u2013 nie obesz\u0142o si\u0119  bez  potkni\u0119\u0107. Do dzi\u015b nie wiem, jak to si\u0119 sta\u0142o, \u017ce w przewodniku  pojawi\u0142o  si\u0119 np. has\u0142o: <em>Tanew w rezerwacie Czartowe Pole<\/em>\u201d, ko\u015bci\u00f3\u0142  Momotach  Dolnych sta\u0142 si\u0119 ko\u015bcio\u0142em w Momotach G\u00f3rnych, Huta Szumy \u2013  Hut\u0105 Z\u0142omy, a  PKP Mazi\u0142y \u2013 PKP Podlesina. W oryginalnych materia\u0142ach  nic takiego nie by\u0142o! <\/p>\n","protected":false},"excerpt":{"rendered":"<p>311 stron, Wydawnictwo Stanis\u0142aw Kryci\u0144ski, Warszawa 1997 Ze wst\u0119pu: kraina wzg\u00f3rz, otwartych przestrzeni, las\u00f3w, malowniczych dolin rzecznych i niewielkich wodospad\u00f3w, zwanych tu szumami \u2013 tak zarekomendowa\u0107 mo\u017cna zalety Roztocza. Region ten przez wiele lat pozostawa\u0142 w cieniu innych atrakcyjnych turystycznie i przyrodniczo obszar\u00f3w Polski. Nie ukazywa\u0142y si\u0119 ani nowe mapy, ani wznowienia przewodnik\u00f3w. W ostatnim &hellip; <a href=\"https:\/\/roztocze24.info\/?page_id=4309\" class=\"more-link\">Czytaj dalej<span class=\"screen-reader-text\"> \u201eRoztocze Polskie, Puszcza Solska i Lasy Janowskie, 1997\u201d<\/span><\/a><\/p>\n","protected":false},"author":1,"featured_media":4242,"parent":813,"menu_order":0,"comment_status":"closed","ping_status":"closed","template":"","meta":{"footnotes":""},"class_list":["post-4309","page","type-page","status-publish","has-post-thumbnail","hentry"],"_links":{"self":[{"href":"https:\/\/roztocze24.info\/index.php?rest_route=\/wp\/v2\/pages\/4309","targetHints":{"allow":["GET"]}}],"collection":[{"href":"https:\/\/roztocze24.info\/index.php?rest_route=\/wp\/v2\/pages"}],"about":[{"href":"https:\/\/roztocze24.info\/index.php?rest_route=\/wp\/v2\/types\/page"}],"author":[{"embeddable":true,"href":"https:\/\/roztocze24.info\/index.php?rest_route=\/wp\/v2\/users\/1"}],"replies":[{"embeddable":true,"href":"https:\/\/roztocze24.info\/index.php?rest_route=%2Fwp%2Fv2%2Fcomments&post=4309"}],"version-history":[{"count":3,"href":"https:\/\/roztocze24.info\/index.php?rest_route=\/wp\/v2\/pages\/4309\/revisions"}],"predecessor-version":[{"id":6452,"href":"https:\/\/roztocze24.info\/index.php?rest_route=\/wp\/v2\/pages\/4309\/revisions\/6452"}],"up":[{"embeddable":true,"href":"https:\/\/roztocze24.info\/index.php?rest_route=\/wp\/v2\/pages\/813"}],"wp:featuredmedia":[{"embeddable":true,"href":"https:\/\/roztocze24.info\/index.php?rest_route=\/wp\/v2\/media\/4242"}],"wp:attachment":[{"href":"https:\/\/roztocze24.info\/index.php?rest_route=%2Fwp%2Fv2%2Fmedia&parent=4309"}],"curies":[{"name":"wp","href":"https:\/\/api.w.org\/{rel}","templated":true}]}}