{"id":4341,"date":"2019-03-23T20:26:58","date_gmt":"2019-03-23T19:26:58","guid":{"rendered":"http:\/\/roztocze24.info\/?page_id=4341"},"modified":"2019-03-30T15:13:03","modified_gmt":"2019-03-30T14:13:03","slug":"tydzien-na-roztoczu-2","status":"publish","type":"page","link":"https:\/\/roztocze24.info\/?page_id=4341","title":{"rendered":"Tydzie\u0144 na Roztoczu, 1996"},"content":{"rendered":"\n<p><strong>16 stron, Miesi\u0119cznik M\u0142odzie\u017cy Katolickiej <em>Spojrzenia<\/em>, lipiec-sierpie\u0144 1996<\/strong><\/p>\n\n\n\n<p>Ilustrowana wk\u0142adka do <em>Spojrze\u0144<\/em>. Zgodnie z tytu\u0142em stanowi\u0142a zaproszenie do tygodniowej wycieczki po Roztoczu.<\/p>\n","protected":false},"excerpt":{"rendered":"<p>16 stron, Miesi\u0119cznik M\u0142odzie\u017cy Katolickiej Spojrzenia, lipiec-sierpie\u0144 1996 Ilustrowana wk\u0142adka do Spojrze\u0144. Zgodnie z tytu\u0142em stanowi\u0142a zaproszenie do tygodniowej wycieczki po Roztoczu.<\/p>\n","protected":false},"author":1,"featured_media":4241,"parent":813,"menu_order":0,"comment_status":"closed","ping_status":"closed","template":"","meta":{"footnotes":""},"class_list":["post-4341","page","type-page","status-publish","has-post-thumbnail","hentry"],"_links":{"self":[{"href":"https:\/\/roztocze24.info\/index.php?rest_route=\/wp\/v2\/pages\/4341","targetHints":{"allow":["GET"]}}],"collection":[{"href":"https:\/\/roztocze24.info\/index.php?rest_route=\/wp\/v2\/pages"}],"about":[{"href":"https:\/\/roztocze24.info\/index.php?rest_route=\/wp\/v2\/types\/page"}],"author":[{"embeddable":true,"href":"https:\/\/roztocze24.info\/index.php?rest_route=\/wp\/v2\/users\/1"}],"replies":[{"embeddable":true,"href":"https:\/\/roztocze24.info\/index.php?rest_route=%2Fwp%2Fv2%2Fcomments&post=4341"}],"version-history":[{"count":4,"href":"https:\/\/roztocze24.info\/index.php?rest_route=\/wp\/v2\/pages\/4341\/revisions"}],"predecessor-version":[{"id":6460,"href":"https:\/\/roztocze24.info\/index.php?rest_route=\/wp\/v2\/pages\/4341\/revisions\/6460"}],"up":[{"embeddable":true,"href":"https:\/\/roztocze24.info\/index.php?rest_route=\/wp\/v2\/pages\/813"}],"wp:featuredmedia":[{"embeddable":true,"href":"https:\/\/roztocze24.info\/index.php?rest_route=\/wp\/v2\/media\/4241"}],"wp:attachment":[{"href":"https:\/\/roztocze24.info\/index.php?rest_route=%2Fwp%2Fv2%2Fmedia&parent=4341"}],"curies":[{"name":"wp","href":"https:\/\/api.w.org\/{rel}","templated":true}]}}