{"id":6700,"date":"2019-04-03T16:01:24","date_gmt":"2019-04-03T14:01:24","guid":{"rendered":"http:\/\/roztocze24.info\/?page_id=6700"},"modified":"2025-12-13T21:19:15","modified_gmt":"2025-12-13T20:19:15","slug":"odcinek-zawada-zwierzyniec","status":"publish","type":"page","link":"https:\/\/roztocze24.info\/?page_id=6700","title":{"rendered":"Odcinek Zawada &#8211; Zwierzyniec"},"content":{"rendered":"\n<p><strong>22 km<\/strong><\/p>\n\n\n\n<p>Odcinek dost\u0119pny ca\u0142orocznie codziennie w ruchu pospiesznym w kierunku z Zamo\u015bcia i Krakowa.<br>W ramach po\u0142\u0105cze\u0144 osobowych Lublin &#8211; Be\u0142\u017cec dost\u0119pny ca\u0142orocznie weekendowo, a codziennie w maj\u00f3wk\u0119 i w wakacje.<\/p>\n\n\n\n<p><\/p>\n\n\n\n<p>54 km &#8211; <strong>Zawada<\/strong>.  Widoczny na zdj\u0119ciu budynek stacyjny zosta\u0142 rozebrany na pocz\u0105tku 2008 r.  Ciekawostk\u0105 jest g\u0142az postawiony nieco na uboczu. Obecnie nie ma na nim \u017cadnej tablicy, upami\u0119tnia on zabitych podczas II wojny \u015bwiatowej mieszka\u0144c\u00f3w Zawady.<\/p>\n\n\n<div class=\"wp-block-image\">\n<figure class=\"aligncenter\"><img loading=\"lazy\" decoding=\"async\" width=\"750\" height=\"500\" src=\"https:\/\/roztocze24.info\/wp-content\/uploads\/2019\/03\/DSCN0362.jpg\" alt=\"\" class=\"wp-image-5165\" srcset=\"https:\/\/roztocze24.info\/wp-content\/uploads\/2019\/03\/DSCN0362.jpg 750w, https:\/\/roztocze24.info\/wp-content\/uploads\/2019\/03\/DSCN0362-300x200.jpg 300w\" sizes=\"auto, (max-width: 750px) 85vw, 750px\" \/><figcaption class=\"wp-element-caption\">Budynek stacji Zawada w 2008 r. Dzi\u015b ju\u017c nie istnieje.<\/figcaption><\/figure>\n<\/div>\n\n<div class=\"wp-block-image\">\n<figure class=\"aligncenter\"><img loading=\"lazy\" decoding=\"async\" width=\"750\" height=\"500\" src=\"https:\/\/roztocze24.info\/wp-content\/uploads\/2019\/04\/WP_20150502_009-Zawada.jpg\" alt=\"\" class=\"wp-image-6701\" srcset=\"https:\/\/roztocze24.info\/wp-content\/uploads\/2019\/04\/WP_20150502_009-Zawada.jpg 750w, https:\/\/roztocze24.info\/wp-content\/uploads\/2019\/04\/WP_20150502_009-Zawada-300x200.jpg 300w\" sizes=\"auto, (max-width: 750px) 85vw, 750px\" \/><figcaption class=\"wp-element-caption\">Pomnik na stacji Zawada, 2017 r. Obecnie zdemontowany.<\/figcaption><\/figure>\n<\/div>\n\n\n<p>Zawada to nie tylko stacja w\u0119z\u0142owa (z kolejow\u0105 tras\u0105 do Zamo\u015bcia), ale tak\u017ce kolejowa <em>brama <\/em>na Roztocze. Niebawem wje\u017cd\u017camy wszak na<strong> Roztocze Zachodnie<\/strong>. A\u017c do Zwierzy\u0144ca po lewej towarzyszy\u0107 nam b\u0119dzie tor szeroki LHS. Po prawej, w pewnej odleg\u0142o\u015bci wiedzie szosa, kt\u00f3r\u0105 poprowadzono szlak rowerowy Green Velo. W pobli\u017cu linii kolejowej prowadzi on a\u017c do Zwierzy\u0144ca.<\/p>\n\n\n\n<p>57 km &#8211; <strong>W\u00f3lka Niedzieliska.<\/strong> Pierwotnie stacja nosi\u0142a nazw\u0119 <strong>Bodacz\u00f3w <\/strong>i umiejscowiona by\u0142a niemal 1 km bli\u017cej w stron\u0119 Zawady (s\u0142upek kilometrowy 56,0). Nazw\u0119 W\u00f3lka Niedzieliska wprowadzono w 1968 r., a sam przystanek przesuni\u0119to w 1976 r.<\/p>\n\n\n\n<p>Jeszcze niedawno zobaczy\u0107 tu mo\u017cna by\u0142o cz\u0119\u015bciowo rozebrany peron, bowiem to w\u0142a\u015bnie st\u0105d pochodzi materia\u0142, z kt\u00f3rego z\u0142o\u017cono peron w mijanej ju\u017c Zawadzie.  <\/p>\n\n\n\n<p><\/p>\n\n\n<div class=\"wp-block-image\">\n<figure class=\"aligncenter\"><img loading=\"lazy\" decoding=\"async\" width=\"750\" height=\"500\" src=\"https:\/\/roztocze24.info\/wp-content\/uploads\/2019\/04\/IMG_1087.jpg\" alt=\"\" class=\"wp-image-6702\" srcset=\"https:\/\/roztocze24.info\/wp-content\/uploads\/2019\/04\/IMG_1087.jpg 750w, https:\/\/roztocze24.info\/wp-content\/uploads\/2019\/04\/IMG_1087-300x200.jpg 300w\" sizes=\"auto, (max-width: 750px) 85vw, 750px\" \/><figcaption class=\"wp-element-caption\">Przystanek W\u00f3lka Niedzieliska w 2020 r.<\/figcaption><\/figure>\n<\/div>\n\n\n<p>W 2023 r. podj\u0119to decyzj\u0119 o budowie nowego peronu.<\/p>\n\n\n<div class=\"wp-block-image\">\n<figure class=\"aligncenter size-full\"><img loading=\"lazy\" decoding=\"async\" width=\"1778\" height=\"1000\" src=\"https:\/\/roztocze24.info\/wp-content\/uploads\/2023\/09\/PXL_20230831_093401199.jpg\" alt=\"\" class=\"wp-image-8667\" style=\"object-fit:cover\" srcset=\"https:\/\/roztocze24.info\/wp-content\/uploads\/2023\/09\/PXL_20230831_093401199.jpg 1778w, https:\/\/roztocze24.info\/wp-content\/uploads\/2023\/09\/PXL_20230831_093401199-300x169.jpg 300w, https:\/\/roztocze24.info\/wp-content\/uploads\/2023\/09\/PXL_20230831_093401199-1024x576.jpg 1024w, https:\/\/roztocze24.info\/wp-content\/uploads\/2023\/09\/PXL_20230831_093401199-768x432.jpg 768w, https:\/\/roztocze24.info\/wp-content\/uploads\/2023\/09\/PXL_20230831_093401199-1536x864.jpg 1536w, https:\/\/roztocze24.info\/wp-content\/uploads\/2023\/09\/PXL_20230831_093401199-1200x675.jpg 1200w\" sizes=\"auto, (max-width: 709px) 85vw, (max-width: 909px) 67vw, (max-width: 1362px) 62vw, 840px\" \/><\/figure>\n<\/div>\n\n\n<p class=\"has-text-align-center has-small-font-size\">Przystanek W\u00f3lka Niedzieliska w 2023 r.<\/p>\n\n\n<div class=\"wp-block-image\">\n<figure class=\"aligncenter\"><img loading=\"lazy\" decoding=\"async\" width=\"750\" height=\"500\" src=\"https:\/\/roztocze24.info\/wp-content\/uploads\/2019\/04\/IMG_1088.jpg\" alt=\"\" class=\"wp-image-6703\" srcset=\"https:\/\/roztocze24.info\/wp-content\/uploads\/2019\/04\/IMG_1088.jpg 750w, https:\/\/roztocze24.info\/wp-content\/uploads\/2019\/04\/IMG_1088-300x200.jpg 300w\" sizes=\"auto, (max-width: 750px) 85vw, 750px\" \/><figcaption class=\"wp-element-caption\">Okolice przystanku W\u00f3lka Niedzieliska<\/figcaption><\/figure>\n<\/div>\n\n\n<p>Na lewo od naszej trasy  mijamy pasmo wysokich pag\u00f3r\u00f3w. W\u015br\u00f3d nich masyw Dziewczej G\u00f3ry z ro\u015blinno\u015bci\u0105  ciep\u0142olubn\u0105.&nbsp;                    <\/p>\n\n\n<div class=\"wp-block-image\">\n<figure class=\"aligncenter\"><img loading=\"lazy\" decoding=\"async\" width=\"750\" height=\"500\" src=\"https:\/\/roztocze24.info\/wp-content\/uploads\/2019\/04\/IMG_1089.jpg\" alt=\"\" class=\"wp-image-6704\" srcset=\"https:\/\/roztocze24.info\/wp-content\/uploads\/2019\/04\/IMG_1089.jpg 750w, https:\/\/roztocze24.info\/wp-content\/uploads\/2019\/04\/IMG_1089-300x200.jpg 300w\" sizes=\"auto, (max-width: 750px) 85vw, 750px\" \/><figcaption class=\"wp-element-caption\">Pag\u00f3ry w pobli\u017cu przystanku W\u00f3lka Niedzieliska<\/figcaption><\/figure>\n<\/div>\n\n\n<p>60 km &#8211; <strong>Kolonia Niedzieliska<\/strong>. Nowa stacja zbudowana na wiosn\u0119 2023 r.  W\u0142a\u015bciwie jest to przesuni\u0119ty nieznacznie przystanek z pobliskiego Klemensowa i moim zdaniem powinien nosi\u0107 nazw\u0119 Klemens\u00f3w. <\/p>\n\n\n\n<p>Z drugiej strony Niedzieliska to prawdopodobnie obecnie jedyna wie\u015b w Polsce, kt\u00f3ra ma dwie r\u00f3\u017cne stacje kolejowe.<\/p>\n\n\n\n<figure class=\"wp-block-image size-full\"><img loading=\"lazy\" decoding=\"async\" width=\"889\" height=\"500\" src=\"https:\/\/roztocze24.info\/wp-content\/uploads\/2023\/07\/PXL_20230702_171019224.jpg\" alt=\"\" class=\"wp-image-8610\" srcset=\"https:\/\/roztocze24.info\/wp-content\/uploads\/2023\/07\/PXL_20230702_171019224.jpg 889w, https:\/\/roztocze24.info\/wp-content\/uploads\/2023\/07\/PXL_20230702_171019224-300x169.jpg 300w, https:\/\/roztocze24.info\/wp-content\/uploads\/2023\/07\/PXL_20230702_171019224-768x432.jpg 768w\" sizes=\"auto, (max-width: 709px) 85vw, (max-width: 909px) 67vw, (max-width: 1362px) 62vw, 840px\" \/><\/figure>\n\n\n\n<p><\/p>\n\n\n\n<p>61 km &#8211; <strong>Klemens\u00f3w<\/strong>, stacja od wiosny 2023 r. wy\u0142\u0105czona z ruchu  pasa\u017cerskiego, tutejszy peron rozebrano. <\/p>\n\n\n\n<p>Widoczny na zdj\u0119ciu budynek stacyjny nie istnieje. Tu zaczyna si\u0119 bocznica do  pobliskiej cukrowni (zak\u0142ad niestety zamkni\u0119to). Tam natomiast, swego czasu zaczyna\u0142a si\u0119 w\u0105skotor\u00f3wka do Wysokiego. 4 km od stacji na p\u0142d. znajduje si\u0119 s\u0142ynny pa\u0142ac Zamoyskich, wykorzystany m.in. w filmie <em>Ida<\/em>.<\/p>\n\n\n<div class=\"wp-block-image\">\n<figure class=\"aligncenter\"><img loading=\"lazy\" decoding=\"async\" width=\"750\" height=\"500\" src=\"https:\/\/roztocze24.info\/wp-content\/uploads\/2019\/04\/Klemensow.jpg\" alt=\"\" class=\"wp-image-6705\" srcset=\"https:\/\/roztocze24.info\/wp-content\/uploads\/2019\/04\/Klemensow.jpg 750w, https:\/\/roztocze24.info\/wp-content\/uploads\/2019\/04\/Klemensow-300x200.jpg 300w\" sizes=\"auto, (max-width: 750px) 85vw, 750px\" \/><figcaption class=\"wp-element-caption\">Budynek stacji Klemens\u00f3w w 2000 r., dzi\u015b ju\u017c nie istnieje<\/figcaption><\/figure>\n<\/div>\n\n<div class=\"wp-block-image\">\n<figure class=\"aligncenter\"><img loading=\"lazy\" decoding=\"async\" width=\"803\" height=\"500\" src=\"https:\/\/roztocze24.info\/wp-content\/uploads\/2019\/04\/A_IMG_9936.jpg\" alt=\"\" class=\"wp-image-6710\" srcset=\"https:\/\/roztocze24.info\/wp-content\/uploads\/2019\/04\/A_IMG_9936.jpg 803w, https:\/\/roztocze24.info\/wp-content\/uploads\/2019\/04\/A_IMG_9936-300x187.jpg 300w, https:\/\/roztocze24.info\/wp-content\/uploads\/2019\/04\/A_IMG_9936-768x478.jpg 768w\" sizes=\"auto, (max-width: 803px) 85vw, 803px\" \/><figcaption class=\"wp-element-caption\">Na stacji Klemens\u00f3w przed jej wy\u0142\u0105czeniem z ruchu pasa\u017cerskiego i rozebraniem peronu<\/figcaption><\/figure>\n<\/div>\n\n\n<p>Pierwotnie stacja nosi\u0142a nazw\u0119 Szczebrzeszyn, kt\u00f3r\u0105 w 1926 r. zmieniono na Klemens\u00f3w w\u0142a\u015bnie (wtedy nazw\u0119 Szczebrzeszyn otrzyma\u0142a dotychczasowa stacja Top\u00f3lcza, po\u0142o\u017cona dalej na szlaku).<\/p>\n\n\n\n<p>2 km przed kolejn\u0105 stacj\u0105 lini\u0119 kolejow\u0105 przecinaj\u0105 znaki <em>czerwone<\/em> pieszego szlaku Partyzanckiego wiod\u0105cego m.in. przez Roztocza\u0144ski Park Narodowy do Krynic k. Tomaszowa. <\/p>\n\n\n\n<p><strong>64 km &#8211; Szczebrzeszyn. <\/strong>Stacja wybudowana przez PKP PLK w 2023 r. i udost\u0119pniona z pocz\u0105tkiem wakacji. Niniejsze zdj\u0119cie wykonano w po\u0142owie czerwca, gdy mia\u0142 by\u0107 to Szczebrzeszyn Miasto. Ostatecznie jest to po prostu Szczebrzeszyn. Stacja potrzebna, bo po\u0142o\u017cona zaledwie o 1 km od centrum tego miasta.<\/p>\n\n\n\n<figure class=\"wp-block-image size-large\"><img loading=\"lazy\" decoding=\"async\" width=\"1024\" height=\"576\" src=\"https:\/\/roztocze24.info\/wp-content\/uploads\/2023\/06\/PXL_20230520_152815971-1024x576.jpg\" alt=\"\" class=\"wp-image-8592\" srcset=\"https:\/\/roztocze24.info\/wp-content\/uploads\/2023\/06\/PXL_20230520_152815971-1024x576.jpg 1024w, https:\/\/roztocze24.info\/wp-content\/uploads\/2023\/06\/PXL_20230520_152815971-300x169.jpg 300w, https:\/\/roztocze24.info\/wp-content\/uploads\/2023\/06\/PXL_20230520_152815971-768x432.jpg 768w, https:\/\/roztocze24.info\/wp-content\/uploads\/2023\/06\/PXL_20230520_152815971-1200x675.jpg 1200w, https:\/\/roztocze24.info\/wp-content\/uploads\/2023\/06\/PXL_20230520_152815971.jpg 1422w\" sizes=\"auto, (max-width: 709px) 85vw, (max-width: 909px) 67vw, (max-width: 1362px) 62vw, 840px\" \/><\/figure>\n\n\n\n<p>Szczebrzeszyn (jeszcze Miasto)<\/p>\n\n\n\n<figure class=\"wp-block-image size-full\"><img loading=\"lazy\" decoding=\"async\" width=\"1422\" height=\"800\" src=\"https:\/\/roztocze24.info\/wp-content\/uploads\/2023\/07\/PXL_20230712_103844653.jpg\" alt=\"\" class=\"wp-image-8633\" srcset=\"https:\/\/roztocze24.info\/wp-content\/uploads\/2023\/07\/PXL_20230712_103844653.jpg 1422w, https:\/\/roztocze24.info\/wp-content\/uploads\/2023\/07\/PXL_20230712_103844653-300x169.jpg 300w, https:\/\/roztocze24.info\/wp-content\/uploads\/2023\/07\/PXL_20230712_103844653-1024x576.jpg 1024w, https:\/\/roztocze24.info\/wp-content\/uploads\/2023\/07\/PXL_20230712_103844653-768x432.jpg 768w, https:\/\/roztocze24.info\/wp-content\/uploads\/2023\/07\/PXL_20230712_103844653-1200x675.jpg 1200w\" sizes=\"auto, (max-width: 709px) 85vw, (max-width: 909px) 67vw, (max-width: 1362px) 62vw, 840px\" \/><\/figure>\n\n\n\n<p>Szczebrzeszyn<\/p>\n\n\n\n<p>Z linii kolejowej wypatrzy\u0107 mo\u017cna wie\u017ce dw\u00f3ch  szczebrzeszy\u0144skich ko\u015bcio\u0142\u00f3w, cmentarz na  wzniesieniu i grodzisko).<\/p>\n\n\n\n<p>67 km &#8211; <strong>Szczebrzeszyn<\/strong> (stary). Budynek stacyjny stanowi\u0142 jeszcze austriacki dworzec wzniesiony z sosnowych bali, oszalowany p\u00f3\u017aniej deskami (i to tak z zewn\u0105trz, jak i wewn\u0105trz). Niestety, rozebrano go w sierpniu 2017 r. , a w 2023 rozebrano peron. Na marginesie, pierwotna nazwa stacji to Top\u00f3lcza. W pobli\u017cu pot\u0119\u017cna baza  prze\u0142adunkowa LHS. <\/p>\n\n\n\n<p>Stacja odleg\u0142a od centrum Szczebrzeszyna o ponad 3 km. Tak postanowili buduj\u0105cy lini\u0119 Austriacy, tak by\u0142o a\u017c do 2023 r., gdy powsta\u0142 przystanek Szczebrzeszyn w nowej lokalizacji.<\/p>\n\n\n<div class=\"wp-block-image\">\n<figure class=\"aligncenter\"><img loading=\"lazy\" decoding=\"async\" width=\"750\" height=\"500\" src=\"https:\/\/roztocze24.info\/wp-content\/uploads\/2019\/04\/IMG_0001.jpg\" alt=\"\" class=\"wp-image-6706\" srcset=\"https:\/\/roztocze24.info\/wp-content\/uploads\/2019\/04\/IMG_0001.jpg 750w, https:\/\/roztocze24.info\/wp-content\/uploads\/2019\/04\/IMG_0001-300x200.jpg 300w\" sizes=\"auto, (max-width: 750px) 85vw, 750px\" \/><figcaption class=\"wp-element-caption\">Budynek stacji Szczebrzeszyn, dzi\u015b ju\u017c nie istnieje, zdj\u0119cie z 2000 r.<\/figcaption><\/figure>\n<\/div>\n\n\n<p>Zaczyna si\u0119 interesuj\u0105cy odcinek. Po prawej, za dolin\u0105 rzeki Wieprz, rozleg\u0142e pasmo Wzg\u00f3rz Szczebrzeszy\u0144skich. Po lewej tak\u017ce spore wzniesienia.<\/p>\n\n\n<div class=\"wp-block-image\">\n<figure class=\"aligncenter\"><img loading=\"lazy\" decoding=\"async\" width=\"750\" height=\"500\" src=\"https:\/\/roztocze24.info\/wp-content\/uploads\/2019\/04\/IMG_6399.jpg\" alt=\"\" class=\"wp-image-6707\" srcset=\"https:\/\/roztocze24.info\/wp-content\/uploads\/2019\/04\/IMG_6399.jpg 750w, https:\/\/roztocze24.info\/wp-content\/uploads\/2019\/04\/IMG_6399-300x200.jpg 300w\" sizes=\"auto, (max-width: 750px) 85vw, 750px\" \/><figcaption class=\"wp-element-caption\">Wzg\u00f3rza po wsch. stronie linii kolejowej<\/figcaption><\/figure>\n<\/div>\n\n\n<p>Ciekawostk\u0105 b\u0119dzie mijana po lewej odkrywka skalna. <\/p>\n\n\n<div class=\"wp-block-image\">\n<figure class=\"aligncenter\"><img loading=\"lazy\" decoding=\"async\" width=\"750\" height=\"500\" src=\"https:\/\/roztocze24.info\/wp-content\/uploads\/2019\/04\/IMG_2308.jpg\" alt=\"\" class=\"wp-image-6708\" srcset=\"https:\/\/roztocze24.info\/wp-content\/uploads\/2019\/04\/IMG_2308.jpg 750w, https:\/\/roztocze24.info\/wp-content\/uploads\/2019\/04\/IMG_2308-300x200.jpg 300w\" sizes=\"auto, (max-width: 750px) 85vw, 750px\" \/><figcaption class=\"wp-element-caption\">Odkrywka skalna w \u017burawnicy<\/figcaption><\/figure>\n<\/div>\n\n\n<p>70 km &#8211; przystanek osobowy <strong>\u017burawnica<\/strong>, otwarty 2 stycznia 2024 r.<\/p>\n\n\n\n<figure class=\"wp-block-image size-large\"><img loading=\"lazy\" decoding=\"async\" width=\"1024\" height=\"576\" src=\"https:\/\/roztocze24.info\/wp-content\/uploads\/2024\/01\/PXL_20231014_122959992-1024x576.jpg\" alt=\"\" class=\"wp-image-8756\" style=\"object-fit:cover\" srcset=\"https:\/\/roztocze24.info\/wp-content\/uploads\/2024\/01\/PXL_20231014_122959992-1024x576.jpg 1024w, https:\/\/roztocze24.info\/wp-content\/uploads\/2024\/01\/PXL_20231014_122959992-300x169.jpg 300w, https:\/\/roztocze24.info\/wp-content\/uploads\/2024\/01\/PXL_20231014_122959992-768x432.jpg 768w, https:\/\/roztocze24.info\/wp-content\/uploads\/2024\/01\/PXL_20231014_122959992-1200x675.jpg 1200w, https:\/\/roztocze24.info\/wp-content\/uploads\/2024\/01\/PXL_20231014_122959992.jpg 1422w\" sizes=\"auto, (max-width: 709px) 85vw, (max-width: 909px) 67vw, (max-width: 1362px) 62vw, 840px\" \/><\/figure>\n\n\n\n<p class=\"has-text-align-center\">Przystanek \u017burawnica<\/p>\n\n\n\n<p>Zbli\u017camy si\u0119 do Zwierzy\u0144ca. Docieramy na skraj  sosnowego lasu <em>Borek<\/em>. Niegdy\u015b by\u0142a tu mijanka <strong>Wyw\u0142oczka<\/strong>. <\/p>\n\n\n\n<p>Ok. 2 km przed stacj\u0105  Zwierzyniec, przy torach, po lewej, zobaczy\u0107  mo\u017cna niewielki kirkut &#8211; cmentarz \u017cydowski. <\/p>\n\n\n<div class=\"wp-block-image\">\n<figure class=\"aligncenter\"><img loading=\"lazy\" decoding=\"async\" width=\"750\" height=\"500\" src=\"https:\/\/roztocze24.info\/wp-content\/uploads\/2019\/04\/IMG_9023.jpg\" alt=\"\" class=\"wp-image-6709\" srcset=\"https:\/\/roztocze24.info\/wp-content\/uploads\/2019\/04\/IMG_9023.jpg 750w, https:\/\/roztocze24.info\/wp-content\/uploads\/2019\/04\/IMG_9023-300x200.jpg 300w\" sizes=\"auto, (max-width: 750px) 85vw, 750px\" \/><figcaption class=\"wp-element-caption\">Zwierzyniec Rudka &#8211; kirkut<\/figcaption><\/figure>\n<\/div>\n\n\n<p> Chwil\u0119 p\u00f3\u017aniej  przecinamy szos\u0119 do Rudki. Tu widok na  Tartaczn\u0105 G\u00f3r\u0119. Na jej szczycie stoi ciekawa wie\u017ca widokowa.  <\/p>\n\n\n\n<p>74 km &#8211; <strong>Zwierzyniec <\/strong>(dawniej Zwierzyniec Wie\u015b). Najbardziej popularna ostatnio stacja kolejowa na Roztoczu. Peron zaczyna si\u0119 tu\u017c co za mostem na rzece Wieprz. Tu koniec omawianego odcinka. <\/p>\n\n\n<p><a href=\"https:\/\/roztocze24.info\/?page_id=6720\">Jad\u0119 dalej<\/a><\/p>\n<ul>\n<li><strong>Trasa g\u0142\u00f3wna:<\/strong><\/li>\n<li><a href=\"https:\/\/roztocze24.info\/?page_id=6596\">Odcinek Rejowiec &#8211; Zawada, 54 km<\/a><\/li>\n<li><a href=\"https:\/\/roztocze24.info\/?page_id=6700\">Odcinek Zawada &#8211; Zwierzyniec, 22 km<\/a><\/li>\n<li><a href=\"https:\/\/roztocze24.info\/?page_id=6720\">Odcinek Zwierzyniec &#8211; Susiec, 31 km<\/a><\/li>\n<li><a href=\"https:\/\/roztocze24.info\/?page_id=6746\">Odcinek Susiec &#8211; Hrebenne, 30 km<\/a><\/li>\n<li><a href=\"https:\/\/roztocze24.info\/?page_id=6789\">Odcinek Hrebenne &#8211; Horyniec, 26 km<\/a><\/li>\n<li><a href=\"https:\/\/roztocze24.info\/?page_id=6837\">Odcinek Horyniec &#8211; Munina, 56 km<\/a><\/li>\n<li><strong>Trasy poboczne:<\/strong><\/li>\n<li><a href=\"https:\/\/roztocze24.info\/?page_id=6662\">Odcinek Zamo\u015b\u0107 \u2013 Zawada, 12 km<\/a><\/li>\n<li><a href=\"https:\/\/roztocze24.info\/?page_id=6914\">Odcinek Zwierzyniec &#8211; Tereszpol, 13 km<\/a><\/li>\n<li><a href=\"https:\/\/roztocze24.info\/?page_id=922\">Odcinek Hrebenne \u2013 Lw\u00f3w, 76 km<\/a><\/li>\n<li><a href=\"https:\/\/roztocze24.info\/?page_id=2158\">Odcinek Hrebenne \u2013 Podd\u0119bce, 11 km<\/a><\/li>\n<\/ul>","protected":false},"excerpt":{"rendered":"<p>22 km Odcinek dost\u0119pny ca\u0142orocznie codziennie w ruchu pospiesznym w kierunku z Zamo\u015bcia i Krakowa.W ramach po\u0142\u0105cze\u0144 osobowych Lublin &#8211; Be\u0142\u017cec dost\u0119pny ca\u0142orocznie weekendowo, a codziennie w maj\u00f3wk\u0119 i w wakacje. 54 km &#8211; Zawada. Widoczny na zdj\u0119ciu budynek stacyjny zosta\u0142 rozebrany na pocz\u0105tku 2008 r. Ciekawostk\u0105 jest g\u0142az postawiony nieco na uboczu. Obecnie nie &hellip; <a href=\"https:\/\/roztocze24.info\/?page_id=6700\" class=\"more-link\">Czytaj dalej<span class=\"screen-reader-text\"> \u201eOdcinek Zawada &#8211; Zwierzyniec\u201d<\/span><\/a><\/p>\n","protected":false},"author":1,"featured_media":0,"parent":808,"menu_order":0,"comment_status":"closed","ping_status":"closed","template":"","meta":{"footnotes":""},"class_list":["post-6700","page","type-page","status-publish","hentry"],"_links":{"self":[{"href":"https:\/\/roztocze24.info\/index.php?rest_route=\/wp\/v2\/pages\/6700","targetHints":{"allow":["GET"]}}],"collection":[{"href":"https:\/\/roztocze24.info\/index.php?rest_route=\/wp\/v2\/pages"}],"about":[{"href":"https:\/\/roztocze24.info\/index.php?rest_route=\/wp\/v2\/types\/page"}],"author":[{"embeddable":true,"href":"https:\/\/roztocze24.info\/index.php?rest_route=\/wp\/v2\/users\/1"}],"replies":[{"embeddable":true,"href":"https:\/\/roztocze24.info\/index.php?rest_route=%2Fwp%2Fv2%2Fcomments&post=6700"}],"version-history":[{"count":27,"href":"https:\/\/roztocze24.info\/index.php?rest_route=\/wp\/v2\/pages\/6700\/revisions"}],"predecessor-version":[{"id":9439,"href":"https:\/\/roztocze24.info\/index.php?rest_route=\/wp\/v2\/pages\/6700\/revisions\/9439"}],"up":[{"embeddable":true,"href":"https:\/\/roztocze24.info\/index.php?rest_route=\/wp\/v2\/pages\/808"}],"wp:attachment":[{"href":"https:\/\/roztocze24.info\/index.php?rest_route=%2Fwp%2Fv2%2Fmedia&parent=6700"}],"curies":[{"name":"wp","href":"https:\/\/api.w.org\/{rel}","templated":true}]}}