{"id":6789,"date":"2019-04-04T23:28:56","date_gmt":"2019-04-04T21:28:56","guid":{"rendered":"http:\/\/roztocze24.info\/?page_id=6789"},"modified":"2025-10-01T19:15:40","modified_gmt":"2025-10-01T17:15:40","slug":"odcinek-hrebenne-horyniec","status":"publish","type":"page","link":"https:\/\/roztocze24.info\/?page_id=6789","title":{"rendered":"Odcinek Hrebenne &#8211; Horyniec"},"content":{"rendered":"\n<p><strong>26 km<\/strong><\/p>\n\n\n\n<p>Na odcinku Hrebenne &#8211; Horyniec ruch poci\u0105g\u00f3w pasa\u017cerskich prowadzony jest obecnie w maj\u00f3wk\u0119, ponadto w wakacje w soboty i niedziele.<\/p>\n\n\n\n<p>135 km &#8211; <strong>Hrebenne<\/strong>.  Budynek stacyjny posiada instalacj\u0119 ogrzewania geotermalnego.   To ostatnia stacja przed granic\u0105 na szlaku do  Rawy Ruskiej Ruskiej i Lwowa. Po\u0142\u0105czenie skasowano 4 lipca 2005 r. z uwagi na dewastacj\u0119 wagon\u00f3w, przeprowadzan\u0105 w\u0142a\u015bnie na granicznej stacji w                         Hrebennem. Nadal poci\u0105giem mo\u017cna podr\u00f3\u017cowa\u0107 pomi\u0119dzy Raw\u0105 Rusk\u0105, \u017b\u00f3\u0142kwi\u0105 i Lwowem.<\/p>\n\n\n\n<p>W wakacyjne weekendy 2025 dzia\u0142o si\u0119 wieczorem na stacji. W kr\u00f3tkim czasie, tak co\u015b po 17, przeje\u017cd\u017ca\u0142y t\u0119dy bowiem a\u017c 4 poci\u0105gi pasa\u017cerskie, co na tej linii jest raczej niecz\u0119ste. Najpierw by\u0142 to poci\u0105g PKP Intercity <em>Wis\u0142ok<\/em> Rawa Ruska \u2013 Warszawa Zachodnia, potem szynobus Zamo\u015b\u0107 \u2013 Rzesz\u00f3w, Poci\u0105g Skpl Warszawa Wschodnia \u2013 Rawa Ruska, a te dwa ostatnie mo\u017cna sobie by\u0142o dodatkowo obejrze\u0107 z szynobusa Jaros\u0142aw \u2013 Lublin. Na zdj\u0119ciu poci\u0105g Skpl do Rawy Ruskiej, oczekuj\u0105cy na odpraw\u0119 w Hrebennem.<\/p>\n\n\n<div class=\"wp-block-image\">\n<figure class=\"aligncenter\"><img loading=\"lazy\" decoding=\"async\" width=\"750\" height=\"500\" src=\"https:\/\/roztocze24.info\/wp-content\/uploads\/2019\/04\/IMG_6318.jpg\" alt=\"\" class=\"wp-image-6790\" srcset=\"https:\/\/roztocze24.info\/wp-content\/uploads\/2019\/04\/IMG_6318.jpg 750w, https:\/\/roztocze24.info\/wp-content\/uploads\/2019\/04\/IMG_6318-300x200.jpg 300w\" sizes=\"auto, (max-width: 750px) 85vw, 750px\" \/><figcaption class=\"wp-element-caption\">Stacja Hrebenne<\/figcaption><\/figure>\n<\/div>\n\n\n<p>W Hrebennem znajduje si\u0119 pocz\u0105tek szlaku turystycznego Wolno\u015bciowego do Be\u0142\u017cca i Tomaszowa Lubelskiego (<em>czerwony<\/em>). W pobli\u017cu przebiega Centralny Szlak Rowerowy Roztocza (<em>czerwony<\/em>).<\/p>\n\n\n\n<p>Za stacj\u0105 rozwidlenie tor\u00f3w: prosto do  Rawy Ruskiej (po ukrai\u0144skiej stronie granicy tor rozebrany), w prawo do Hory\u0144ca. Niegdy\u015b by\u0142oby  jeszcze w lewo do Sokala (linia rozebrana).  Zdj\u0119cie poni\u017cej wykonano podczas jazdy torem w stron\u0119 Werchraty, po prawej wida\u0107 tor do Rawy Ruskiej.<\/p>\n\n\n<div class=\"wp-block-image\">\n<figure class=\"aligncenter\"><img loading=\"lazy\" decoding=\"async\" width=\"750\" height=\"500\" src=\"https:\/\/roztocze24.info\/wp-content\/uploads\/2019\/04\/IMG_6319.jpg\" alt=\"\" class=\"wp-image-6791\" srcset=\"https:\/\/roztocze24.info\/wp-content\/uploads\/2019\/04\/IMG_6319.jpg 750w, https:\/\/roztocze24.info\/wp-content\/uploads\/2019\/04\/IMG_6319-300x200.jpg 300w\" sizes=\"auto, (max-width: 750px) 85vw, 750px\" \/><figcaption class=\"wp-element-caption\">Tor do Werchraty, po prawej tor do Rawy Ruskiej<\/figcaption><\/figure>\n<\/div>\n\n\n<p>Odcinek Horyniec &#8211; Werchrata ma charakter \u0142\u0105cznikowy i powsta\u0142 po II wojnie \u015bwiatowej, gdy w ramach regulacji granic stacja w\u0119z\u0142owa Rawa Ruska znalaz\u0142a si\u0119 poza granicami Polski. W ten spos\u00f3b po\u0142\u0105czono szlak Be\u0142\u017cec &#8211; Rawa Ruska z lini\u0105 Rawa Ruska &#8211; Jaros\u0142aw.<\/p>\n\n\n\n<p>Przed nami pola, przypominaj\u0105ce s\u0142ynne stepy.  <\/p>\n\n\n<div class=\"wp-block-image\">\n<figure class=\"aligncenter\"><img loading=\"lazy\" decoding=\"async\" width=\"750\" height=\"500\" src=\"https:\/\/roztocze24.info\/wp-content\/uploads\/2019\/04\/WP_20140707_047.jpg\" alt=\"\" class=\"wp-image-6792\" srcset=\"https:\/\/roztocze24.info\/wp-content\/uploads\/2019\/04\/WP_20140707_047.jpg 750w, https:\/\/roztocze24.info\/wp-content\/uploads\/2019\/04\/WP_20140707_047-300x200.jpg 300w\" sizes=\"auto, (max-width: 750px) 85vw, 750px\" \/><figcaption class=\"wp-element-caption\">Prawie jak stepy&#8230; okolice Hrebennego<\/figcaption><\/figure>\n<\/div>\n\n\n<p>Dalej, na wzg\u00f3rzu z lewej, mijamy zabytkow\u0105 drewnian\u0105 cerkiew z XVII w. Latem ci\u0119\u017cko j\u0105 dostrzec w\u015br\u00f3d drzew, ale wiosn\u0105 jest dobrze widoczna.  <\/p>\n\n\n<div class=\"wp-block-image\">\n<figure class=\"aligncenter\"><img loading=\"lazy\" decoding=\"async\" width=\"333\" height=\"500\" src=\"https:\/\/roztocze24.info\/wp-content\/uploads\/2019\/04\/IMG_4266.jpg\" alt=\"\" class=\"wp-image-6793\" srcset=\"https:\/\/roztocze24.info\/wp-content\/uploads\/2019\/04\/IMG_4266.jpg 333w, https:\/\/roztocze24.info\/wp-content\/uploads\/2019\/04\/IMG_4266-200x300.jpg 200w\" sizes=\"auto, (max-width: 333px) 85vw, 333px\" \/><figcaption class=\"wp-element-caption\">Cerkiew w Hrebennem<\/figcaption><\/figure>\n<\/div>\n\n\n<p>Mijamy drogowe przej\u015bcie graniczne w Hrebennem, dalej widok na                    malowniczy kompleks staw\u00f3w. <\/p>\n\n\n<div class=\"wp-block-image\">\n<figure class=\"aligncenter\"><img loading=\"lazy\" decoding=\"async\" width=\"750\" height=\"500\" src=\"https:\/\/roztocze24.info\/wp-content\/uploads\/2019\/04\/DSC00158-Hrebenne.jpg\" alt=\"\" class=\"wp-image-6794\" srcset=\"https:\/\/roztocze24.info\/wp-content\/uploads\/2019\/04\/DSC00158-Hrebenne.jpg 750w, https:\/\/roztocze24.info\/wp-content\/uploads\/2019\/04\/DSC00158-Hrebenne-300x200.jpg 300w\" sizes=\"auto, (max-width: 750px) 85vw, 750px\" \/><figcaption class=\"wp-element-caption\">Stawy w Hrebennem<\/figcaption><\/figure>\n<\/div>\n\n\n<p>141 km &#8211; <strong>Siedliska Tomaszowskie. <\/strong> W pobli\u017cu stacji Siedliska przebiega <em>czerwony <\/em>pieszy szlak turystyczny Wolno\u015bciowy  Hrebenne &#8211; Tomasz\u00f3w Lubelski i lokalna piesza \u015bcie\u017cka dydaktyczna prowadz\u0105ca <em>Szlakiem skamienia\u0142ych drzew<\/em>. Jest tak\u017ce Centralny Szlak Rowerowy Roztocza (<em>czerwony<\/em>), jest tak\u017ce lokalna rowerowa \u015bcie\u017cka dydaktyczna  Siedliska &#8211; Hrebenne (<em>bia\u0142o-czerwone<\/em> kwadraty). <\/p>\n\n\n<div class=\"wp-block-image\">\n<figure class=\"aligncenter\"><img loading=\"lazy\" decoding=\"async\" width=\"750\" height=\"500\" src=\"https:\/\/roztocze24.info\/wp-content\/uploads\/2019\/04\/IMG_1809.jpg\" alt=\"\" class=\"wp-image-6795\" srcset=\"https:\/\/roztocze24.info\/wp-content\/uploads\/2019\/04\/IMG_1809.jpg 750w, https:\/\/roztocze24.info\/wp-content\/uploads\/2019\/04\/IMG_1809-300x200.jpg 300w\" sizes=\"auto, (max-width: 750px) 85vw, 750px\" \/><figcaption class=\"wp-element-caption\">Przystanek Siedliska Tomaszowskie<\/figcaption><\/figure>\n<\/div>\n\n\n<p>Okolica s\u0142ynie z tzw. <em>skamienia\u0142ych drzew<\/em> &#8211; pradawnych pni nasyconych krzemionk\u0105.  <\/p>\n\n\n<div class=\"wp-block-image\">\n<figure class=\"aligncenter\"><img loading=\"lazy\" decoding=\"async\" width=\"750\" height=\"500\" src=\"https:\/\/roztocze24.info\/wp-content\/uploads\/2019\/04\/IMG_3345.jpg\" alt=\"\" class=\"wp-image-6796\" srcset=\"https:\/\/roztocze24.info\/wp-content\/uploads\/2019\/04\/IMG_3345.jpg 750w, https:\/\/roztocze24.info\/wp-content\/uploads\/2019\/04\/IMG_3345-300x200.jpg 300w\" sizes=\"auto, (max-width: 750px) 85vw, 750px\" \/><figcaption class=\"wp-element-caption\">Siedliska &#8211; skamienia\u0142e drzewo<\/figcaption><\/figure>\n<\/div>\n\n\n<p>Kolejny odcinek ma mocno zniszczone torowisko. B\u0119dziemy jecha\u0107 bardzo wolno &#8211; i dobrze, bo to bardzo ciekawy odcinek. Zbli\u017camy si\u0119 do granicy pa\u0144stwowej. Z poci\u0105gu wida\u0107 ukrai\u0144skie wie\u017cyczki, postawione na pasie ziemi granicznej.  Przed nami odcinek o puszcza\u0144skim  charakterze. Ponownie &#8211; ale ju\u017c po raz ostatni &#8211; przecinamy granic\u0119 pomi\u0119dzy wojew\u00f3dztwami lubelskim i podkarpackim. <\/p>\n\n\n<div class=\"wp-block-image\">\n<figure class=\"aligncenter\"><img loading=\"lazy\" decoding=\"async\" width=\"750\" height=\"500\" src=\"https:\/\/roztocze24.info\/wp-content\/uploads\/2019\/04\/IMG_3798.jpg\" alt=\"\" class=\"wp-image-6797\" srcset=\"https:\/\/roztocze24.info\/wp-content\/uploads\/2019\/04\/IMG_3798.jpg 750w, https:\/\/roztocze24.info\/wp-content\/uploads\/2019\/04\/IMG_3798-300x200.jpg 300w\" sizes=\"auto, (max-width: 750px) 85vw, 750px\" \/><figcaption class=\"wp-element-caption\">Okolice Prusia<\/figcaption><\/figure>\n<\/div>\n\n\n<p>Pokonujemy mostek nad rzek\u0105 Rata. Widoczne na zdj\u0119ciu bagniska znajduj\u0105 si\u0119 w bezpo\u015brednim s\u0105siedztwie granicy pa\u0144stwowej.<\/p>\n\n\n<div class=\"wp-block-image\">\n<figure class=\"aligncenter\"><img loading=\"lazy\" decoding=\"async\" width=\"750\" height=\"500\" src=\"https:\/\/roztocze24.info\/wp-content\/uploads\/2019\/04\/IMG_6336.jpg\" alt=\"\" class=\"wp-image-6771\" srcset=\"https:\/\/roztocze24.info\/wp-content\/uploads\/2019\/04\/IMG_6336.jpg 750w, https:\/\/roztocze24.info\/wp-content\/uploads\/2019\/04\/IMG_6336-300x200.jpg 300w\" sizes=\"auto, (max-width: 750px) 85vw, 750px\" \/><figcaption class=\"wp-element-caption\">Bagnisko w okolicy Prusia<\/figcaption><\/figure>\n<\/div>\n\n\n<p>Nieco dalej poci\u0105g ostro skr\u0119ca. Pojawia si\u0119 tu drugi tor &#8211; szeroki, z Rawy Ruskiej. W tym momencie zaczniemy w ko\u0144cu oddala\u0107 si\u0119 od granicy pa\u0144stwowej.<\/p>\n\n\n<div class=\"wp-block-image\">\n<figure class=\"aligncenter\"><img loading=\"lazy\" decoding=\"async\" width=\"750\" height=\"500\" src=\"https:\/\/roztocze24.info\/wp-content\/uploads\/2019\/04\/IMG_6340.jpg\" alt=\"\" class=\"wp-image-6798\" srcset=\"https:\/\/roztocze24.info\/wp-content\/uploads\/2019\/04\/IMG_6340.jpg 750w, https:\/\/roztocze24.info\/wp-content\/uploads\/2019\/04\/IMG_6340-300x200.jpg 300w\" sizes=\"auto, (max-width: 750px) 85vw, 750px\" \/><figcaption class=\"wp-element-caption\">Kolejowe towarowe przej\u015bcie graniczne Werchrata &#8211; Rawa Ruska<\/figcaption><\/figure>\n<\/div>\n\n\n<p>Jeste\u015bmy na skraju wsi Prusie. Mijamy infrastruktur\u0119 towarowego przej\u015bcia granicznego. To teren  \u015al\u0105skiej Gie\u0142dy Towarowo-Pieni\u0119\u017cnej, kt\u00f3ra ma                  tutaj swoj\u0105 baz\u0119 prze\u0142adunkow\u0105. Towary, st\u0105d ju\u017c bezpo\u015brednio po szerokim torze, jad\u0105 do Rawy Ruskiej i dalej do innych miast na Ukrainie. <\/p>\n\n\n\n<p>Przy torach po lewej kapliczka w miejscu, gdzie znajdowa\u0142a niegdy\u015b  pustelnia Brata Alberta Chmielowskiego. St\u0105d 1 km na p\u0142n. drewniana  cerkiew we wsi Prusie (z 1888 r.).&nbsp;  <\/p>\n\n\n\n<p>147 km &#8211; <strong>Werchrata<\/strong>. Obok stacji  przebiega szlak pieszy Im. \u015bw. Brata Alberta (Horyniec &#8211; Narol) prowadz\u0105cy przez owiane  legendami zalesione wzg\u00f3rze Monastyr. Niegdy\u015b  faktycznie znajdowa\u0142 si\u0119 tam klasztor bazylian\u00f3w (ikon\u0119 Matki Bo\u017cej Werchrackiej przeniesiono potem do Krechowa). Do dzi\u015b na wzniesieniu zobaczy\u0107 mo\u017cna kamienny murek znacz\u0105cy granice klasztoru,  zachowa\u0142y si\u0119 tak\u017ce piwnice i kuta w skale studnia&nbsp; (ale ju\u017c bez wody, za to z niewielk\u0105  p\u0142ytk\u0105 grot\u0105 na dnie). Miejsce to znajduje si\u0119 w odleg\u0142o\u015bci 6 km od stacji kolejowej. W samej Werchracie uwag\u0119 zwraca murowy ko\u015bci\u00f3\u0142 &#8211; dawna cerkiew (z 1910 r.) i cmentarz z okresu I wojny \u015bwiatowej.<\/p>\n\n\n<div class=\"wp-block-image\">\n<figure class=\"aligncenter\"><img loading=\"lazy\" decoding=\"async\" width=\"750\" height=\"500\" src=\"https:\/\/roztocze24.info\/wp-content\/uploads\/2019\/04\/Werchrata2000.jpg\" alt=\"\" class=\"wp-image-6799\" srcset=\"https:\/\/roztocze24.info\/wp-content\/uploads\/2019\/04\/Werchrata2000.jpg 750w, https:\/\/roztocze24.info\/wp-content\/uploads\/2019\/04\/Werchrata2000-300x200.jpg 300w\" sizes=\"auto, (max-width: 750px) 85vw, 750px\" \/><figcaption class=\"wp-element-caption\">Budynek stacyjny w Werchracie, 2000 r., dzi\u015b ju\u017c nie istnieje<\/figcaption><\/figure>\n<\/div>\n\n\n<p>1 km za stacj\u0105, przy torach (z prawej), zobaczy\u0107 mo\u017cna pomnik upami\u0119tniaj\u0105cy polskich \u017co\u0142nierzy poleg\u0142ych w 1939 r. podczas bombardowania poci\u0105gu wojskowego, zmierzaj\u0105cego w kierunku Lwowa. <\/p>\n\n\n<div class=\"wp-block-image\">\n<figure class=\"aligncenter\"><img loading=\"lazy\" decoding=\"async\" width=\"750\" height=\"500\" src=\"https:\/\/roztocze24.info\/wp-content\/uploads\/2019\/04\/IMG_1617.jpg\" alt=\"\" class=\"wp-image-6800\" srcset=\"https:\/\/roztocze24.info\/wp-content\/uploads\/2019\/04\/IMG_1617.jpg 750w, https:\/\/roztocze24.info\/wp-content\/uploads\/2019\/04\/IMG_1617-300x200.jpg 300w\" sizes=\"auto, (max-width: 750px) 85vw, 750px\" \/><figcaption class=\"wp-element-caption\">Pomnik wojenny w pobli\u017cu stacji Werchrata<\/figcaption><\/figure>\n<\/div>\n\n\n<p>Przecinamy szos\u0119 Werchrata &#8211; Horyniec. Jedziemy wzd\u0142u\u017c niej przez pewien czas.  Potem kolejny bardzo malowniczy odcinek. Poci\u0105g momentami dos\u0142ownie <em>wspina si\u0119 <\/em>na wzniesienia! Ca\u0142y czas towarzyszy nam tor szeroki.<\/p>\n\n\n<div class=\"wp-block-image\">\n<figure class=\"aligncenter\"><img loading=\"lazy\" decoding=\"async\" width=\"750\" height=\"500\" src=\"https:\/\/roztocze24.info\/wp-content\/uploads\/2019\/04\/IMG_8018-Dziew-Werch.jpg\" alt=\"\" class=\"wp-image-6802\" srcset=\"https:\/\/roztocze24.info\/wp-content\/uploads\/2019\/04\/IMG_8018-Dziew-Werch.jpg 750w, https:\/\/roztocze24.info\/wp-content\/uploads\/2019\/04\/IMG_8018-Dziew-Werch-300x200.jpg 300w\" sizes=\"auto, (max-width: 750px) 85vw, 750px\" \/><figcaption class=\"wp-element-caption\">Okolice Dziewi\u0119cierza<\/figcaption><\/figure>\n<\/div>\n\n\n<p>154 km &#8211; <strong>Dziewi\u0119cierz<\/strong>. Opr\u00f3cz toru szlakowego w krzakach tonie tu jeszcze kilka innych tor\u00f3w. Widoczny na drugim zdj\u0119ciu budynek stacyjny rozebrano na wiosn\u0119 2013 r. Z nieznanych przyczyn w 2021 r. stacj\u0119 wy\u0142\u0105czono z ruchu, nasz szynobus tu si\u0119 wi\u0119c nie zatrzyma. Szkoda. Usuni\u0119to oznakowanie stacji, ale pozosta\u0142 peron i wiod\u0105ce do niego schodki.  W pobli\u017cu przebiega <em>zielony <\/em>pieszy szlak Im \u015bw. Brata Alberta (Horyniec &#8211; Narol). 500 m na p\u0142n. od stacji, na stokach wzniesienia, znajduje si\u0119 rezerwat ja\u0142owc\u00f3w <em>So\u0142okija<\/em>. <\/p>\n\n\n<div class=\"wp-block-image\">\n<figure class=\"aligncenter\"><img loading=\"lazy\" decoding=\"async\" width=\"750\" height=\"500\" src=\"https:\/\/roztocze24.info\/wp-content\/uploads\/2019\/04\/IMG_7611.jpg\" alt=\"\" class=\"wp-image-6801\" srcset=\"https:\/\/roztocze24.info\/wp-content\/uploads\/2019\/04\/IMG_7611.jpg 750w, https:\/\/roztocze24.info\/wp-content\/uploads\/2019\/04\/IMG_7611-300x200.jpg 300w\" sizes=\"auto, (max-width: 750px) 85vw, 750px\" \/><figcaption class=\"wp-element-caption\">Przystanek Dziewi\u0119cierz w 2021 r., na rok przed likwidacj\u0105<\/figcaption><\/figure>\n<\/div>\n\n<div class=\"wp-block-image\">\n<figure class=\"aligncenter\"><img loading=\"lazy\" decoding=\"async\" width=\"750\" height=\"500\" src=\"https:\/\/roztocze24.info\/wp-content\/uploads\/2019\/04\/Dziewiecierz-2000.jpg\" alt=\"\" class=\"wp-image-6803\" srcset=\"https:\/\/roztocze24.info\/wp-content\/uploads\/2019\/04\/Dziewiecierz-2000.jpg 750w, https:\/\/roztocze24.info\/wp-content\/uploads\/2019\/04\/Dziewiecierz-2000-300x200.jpg 300w\" sizes=\"auto, (max-width: 750px) 85vw, 750px\" \/><figcaption class=\"wp-element-caption\">Przystanek Dziewi\u0119cierz w 2000 r., ten budynek stacyjny ju\u017c nie istnieje<\/figcaption><\/figure>\n<\/div>\n\n\n<p>W okolicy dawnej stacji Dziewi\u0119cierz wje\u017cd\u017camy na odcinek wyremontowany w 2021 r. <\/p>\n\n\n\n<p>Po prawej okresowo widoki na polan\u0119, za  kt\u00f3r\u0105 znajduje si\u0119 malowniczy las Buczyna. Po obu stronach tor\u00f3w mijamy zalesione w\u0105wozy. Mi\u0119dzy                       Dziewi\u0119cierzem a Hory\u0144cem zje\u017cd\u017camy <em>z g\u00f3rki<\/em> &#8211;  Horyniec jest po\u0142o\u017cony a\u017c 70 metr\u00f3w ni\u017cej! <\/p>\n\n\n<div class=\"wp-block-image\">\n<figure class=\"aligncenter\"><img loading=\"lazy\" decoding=\"async\" width=\"750\" height=\"500\" src=\"https:\/\/roztocze24.info\/wp-content\/uploads\/2019\/04\/IMG_7727-Dziew-Hor.jpg\" alt=\"\" class=\"wp-image-6804\" srcset=\"https:\/\/roztocze24.info\/wp-content\/uploads\/2019\/04\/IMG_7727-Dziew-Hor.jpg 750w, https:\/\/roztocze24.info\/wp-content\/uploads\/2019\/04\/IMG_7727-Dziew-Hor-300x200.jpg 300w\" sizes=\"auto, (max-width: 750px) 85vw, 750px\" \/><figcaption class=\"wp-element-caption\">Na kolejowym szlaku pomi\u0119dzy Dziewi\u0119cierzem a Hory\u0144cem<\/figcaption><\/figure>\n<\/div>\n\n\n<p> W lesie po prawej (okolica Nowin Horynieckich) wypatrze\u0107 mo\u017cna  niewielk\u0105 polank\u0119. Znajduje si\u0119 tu ciekawa   drewniana kaplica postawiona nad \u017ar\u00f3de\u0142kami z cudown\u0105 wod\u0105. Noc\u0105 zawsze pali si\u0119 przy niej \u015bwiat\u0142o.                 Nieco dalej, do \u017celaznego szlaku, dobiega lokalna szosa do Nowin  Horynieckich. Gdy przecina ona tory, po lewej stronie, na skraju lasu, wida\u0107 krzy\u017c <em>Jele\u0144<\/em>. Pono\u0107 Jan Sobieski mia\u0142 tu ustrzeli\u0107 koz\u0142a-rogacza niezwyk\u0142ych                      rozmiar\u00f3w. <\/p>\n\n\n<div class=\"wp-block-image\">\n<figure class=\"aligncenter\"><img loading=\"lazy\" decoding=\"async\" width=\"750\" height=\"500\" src=\"https:\/\/roztocze24.info\/wp-content\/uploads\/2019\/04\/IMG_2483.jpg\" alt=\"\" class=\"wp-image-6805\" srcset=\"https:\/\/roztocze24.info\/wp-content\/uploads\/2019\/04\/IMG_2483.jpg 750w, https:\/\/roztocze24.info\/wp-content\/uploads\/2019\/04\/IMG_2483-300x200.jpg 300w\" sizes=\"auto, (max-width: 750px) 85vw, 750px\" \/><figcaption class=\"wp-element-caption\">Kaplica w Nowinach Horynieckich, zdj\u0119cie archiwalne<\/figcaption><\/figure>\n<\/div>\n\n\n<p>161 km &#8211; <strong>Horyniec Zdr\u00f3j<\/strong>.<\/p>\n\n\n<div class=\"wp-block-image\">\n<figure class=\"aligncenter\"><img loading=\"lazy\" decoding=\"async\" width=\"750\" height=\"500\" src=\"https:\/\/roztocze24.info\/wp-content\/uploads\/2019\/04\/IMG_5365.jpg\" alt=\"\" class=\"wp-image-6806\" srcset=\"https:\/\/roztocze24.info\/wp-content\/uploads\/2019\/04\/IMG_5365.jpg 750w, https:\/\/roztocze24.info\/wp-content\/uploads\/2019\/04\/IMG_5365-300x200.jpg 300w\" sizes=\"auto, (max-width: 750px) 85vw, 750px\" \/><figcaption class=\"wp-element-caption\">Stacja Horyniec Zdr\u00f3j<\/figcaption><\/figure>\n<\/div>\n\n<p><a href=\"https:\/\/roztocze24.info\/?page_id=6837\">Jad\u0119 dalej<\/a><\/p>\n<ul>\n<li><strong>Trasa g\u0142\u00f3wna:<\/strong><\/li>\n<li><a href=\"https:\/\/roztocze24.info\/?page_id=6596\">Odcinek Rejowiec \u2013 Zawada, 54 km<\/a><\/li>\n<li><a href=\"https:\/\/roztocze24.info\/?page_id=6700\">Odcinek Zawada \u2013 Zwierzyniec, 22 km<\/a><\/li>\n<li><a href=\"https:\/\/roztocze24.info\/?page_id=6720\">Odcinek Zwierzyniec \u2013 Susiec, 31 km<\/a><\/li>\n<li><a href=\"https:\/\/roztocze24.info\/?page_id=6746\">Odcinek Susiec \u2013 Hrebenne, 30 km<\/a><\/li>\n<li><a href=\"https:\/\/roztocze24.info\/?page_id=6789\">Odcinek Hrebenne \u2013 Horyniec, 26 km<\/a><\/li>\n<li><a href=\"https:\/\/roztocze24.info\/?page_id=6837\">Odcinek Horyniec \u2013 Munina, 56 km<\/a><\/li>\n<li><strong>Trasy poboczne:<\/strong><\/li>\n<li><a href=\"https:\/\/roztocze24.info\/?page_id=6662\">Odcinek Zamo\u015b\u0107 \u2013 Zawada, 12 km<\/a><\/li>\n<li><a href=\"https:\/\/roztocze24.info\/?page_id=6914\">Odcinek Zwierzyniec &#8211; Tereszpol, 13 km<\/a><\/li>\n<li><a href=\"https:\/\/roztocze24.info\/?page_id=922\">Odcinek Hrebenne \u2013 Lw\u00f3w, 76 km<\/a><\/li>\n<li><a href=\"https:\/\/roztocze24.info\/?page_id=2158\">Odcinek Hrebenne \u2013 Podd\u0119bce, 11 km<\/a><\/li>\n<\/ul>","protected":false},"excerpt":{"rendered":"<p>26 km Na odcinku Hrebenne &#8211; Horyniec ruch poci\u0105g\u00f3w pasa\u017cerskich prowadzony jest obecnie w maj\u00f3wk\u0119, ponadto w wakacje w soboty i niedziele. 135 km &#8211; Hrebenne. Budynek stacyjny posiada instalacj\u0119 ogrzewania geotermalnego. To ostatnia stacja przed granic\u0105 na szlaku do Rawy Ruskiej Ruskiej i Lwowa. Po\u0142\u0105czenie skasowano 4 lipca 2005 r. z uwagi na dewastacj\u0119 &hellip; <a href=\"https:\/\/roztocze24.info\/?page_id=6789\" class=\"more-link\">Czytaj dalej<span class=\"screen-reader-text\"> \u201eOdcinek Hrebenne &#8211; Horyniec\u201d<\/span><\/a><\/p>\n","protected":false},"author":1,"featured_media":0,"parent":808,"menu_order":0,"comment_status":"closed","ping_status":"closed","template":"","meta":{"footnotes":""},"class_list":["post-6789","page","type-page","status-publish","hentry"],"_links":{"self":[{"href":"https:\/\/roztocze24.info\/index.php?rest_route=\/wp\/v2\/pages\/6789","targetHints":{"allow":["GET"]}}],"collection":[{"href":"https:\/\/roztocze24.info\/index.php?rest_route=\/wp\/v2\/pages"}],"about":[{"href":"https:\/\/roztocze24.info\/index.php?rest_route=\/wp\/v2\/types\/page"}],"author":[{"embeddable":true,"href":"https:\/\/roztocze24.info\/index.php?rest_route=\/wp\/v2\/users\/1"}],"replies":[{"embeddable":true,"href":"https:\/\/roztocze24.info\/index.php?rest_route=%2Fwp%2Fv2%2Fcomments&post=6789"}],"version-history":[{"count":11,"href":"https:\/\/roztocze24.info\/index.php?rest_route=\/wp\/v2\/pages\/6789\/revisions"}],"predecessor-version":[{"id":9400,"href":"https:\/\/roztocze24.info\/index.php?rest_route=\/wp\/v2\/pages\/6789\/revisions\/9400"}],"up":[{"embeddable":true,"href":"https:\/\/roztocze24.info\/index.php?rest_route=\/wp\/v2\/pages\/808"}],"wp:attachment":[{"href":"https:\/\/roztocze24.info\/index.php?rest_route=%2Fwp%2Fv2%2Fmedia&parent=6789"}],"curies":[{"name":"wp","href":"https:\/\/api.w.org\/{rel}","templated":true}]}}