{"id":6914,"date":"2019-04-06T11:06:14","date_gmt":"2019-04-06T09:06:14","guid":{"rendered":"http:\/\/roztocze24.info\/?page_id=6914"},"modified":"2025-08-30T20:07:21","modified_gmt":"2025-08-30T18:07:21","slug":"zwierzyniec-tereszpol-13-km","status":"publish","type":"page","link":"https:\/\/roztocze24.info\/?page_id=6914","title":{"rendered":"Zwierzyniec &#8211; Bi\u0142goraj, 23 km"},"content":{"rendered":"\n<p>Odcinek dost\u0119pny codziennie<\/p>\n\n\n\n<p>To fragment szlaku prowadz\u0105cego przez Puszcz\u0119 Solsk\u0105 do Stalowej Woli Rozwadowa. Na niemal ca\u0142ej d\u0142ugo\u015bci torowi normalnemu towarzyszy tor szeroki LHS (inna jest tylko ko\u0144c\u00f3wka i przeprawa przez San).  Obecnie w ruchu pasa\u017cerskim na tej trasie dost\u0119pne jest tylko jedno  po\u0142\u0105czenie, poci\u0105g Hrubiesz\u00f3w &#8211; Zamo\u015b\u0107 &#8211; Rzesz\u00f3w, b\u0119d\u0105cy \u0142\u0105cznikiem do  sk\u0142adu Hetman do Wroc\u0142awia i Jeleniej G\u00f3ry. <\/p>\n\n\n\n<p>Zanim poci\u0105g wjedzie w Lasy Puszczy Solskiej do pokonania jest odcinek Zwierzyniec &#8211; Tereszpol, prowadz\u0105cy przez Roztocze.<\/p>\n\n\n\n<p>0 km &#8211; <strong>Zwierzyniec<\/strong>. 2 km dalej Zwierzyniec Bia\u0142y S\u0142up. Tu pl\u0105tanina tor\u00f3w i przystanek   Zwierzyniec Towarowy, na kt\u00f3rym nie zatrzymuj\u0105 si\u0119 jednak poci\u0105gi  osobowe.  Niegdy\u015b znajdowa\u0142a si\u0119 tu stacja linii w\u0105skotorowej do Bi\u0142goraja, kt\u00f3r\u0105 zast\u0105pi\u0142 obecny szlak normalnotorowy (przebieg nie jest jednak taki sam). Po chwili w lewo odbiega tor do Be\u0142\u017cca, my jedziemy jednak prosto.<\/p>\n\n\n<div class=\"wp-block-image\">\n<figure class=\"aligncenter\"><img loading=\"lazy\" decoding=\"async\" width=\"750\" height=\"500\" src=\"https:\/\/roztocze24.info\/wp-content\/uploads\/2019\/04\/IMG_9029.jpg\" alt=\"\" class=\"wp-image-6915\" srcset=\"https:\/\/roztocze24.info\/wp-content\/uploads\/2019\/04\/IMG_9029.jpg 750w, https:\/\/roztocze24.info\/wp-content\/uploads\/2019\/04\/IMG_9029-300x200.jpg 300w\" sizes=\"auto, (max-width: 750px) 85vw, 750px\" \/><figcaption class=\"wp-element-caption\">Zwierzyniec Towarowy: tor bi\u0142gorajski z perspektywy toru do Be\u0142\u017cca<\/figcaption><\/figure>\n<\/div>\n\n\n<p>Za lasami Roztocza\u0144skiego Parku Narodowego po lewej widok na Lasow\u0105 G\u00f3r\u0119.<\/p>\n\n\n<div class=\"wp-block-image\">\n<figure class=\"aligncenter\"><img loading=\"lazy\" decoding=\"async\" width=\"750\" height=\"322\" src=\"https:\/\/roztocze24.info\/wp-content\/uploads\/2019\/04\/Lasowa-Gora.jpg\" alt=\"\" class=\"wp-image-6956\" srcset=\"https:\/\/roztocze24.info\/wp-content\/uploads\/2019\/04\/Lasowa-Gora.jpg 750w, https:\/\/roztocze24.info\/wp-content\/uploads\/2019\/04\/Lasowa-Gora-300x129.jpg 300w\" sizes=\"auto, (max-width: 750px) 85vw, 750px\" \/><figcaption class=\"wp-element-caption\">Lasowa G\u00f3ra widziana z okien poci\u0105gu<\/figcaption><\/figure>\n<\/div>\n\n\n<p>Po przeciwnej stronie, za g\u00f3r\u0105 Borczyna, niewidoczna st\u0105d wie\u015b Sochy &#8211;  obok Oradour Sur Glane (Francja), Mazinotte (W\u0142ochy) i Lidic (Czechy),  to jedna z 4 miejscowo\u015bci najbardziej poszkodowanych w okresie II  wojny \u015bwiatowej w Europie.  Najpierw, w ostatnich dniach maja 1943 r., pojawili si\u0119 tutaj niemieccy \u017candarmi, przebrani za polskich partyzant\u00f3w. Przybyli tu, chc\u0105c rzekomo naby\u0107 bro\u0144 przechowywan\u0105 przez miejscow\u0105 ludno\u015b\u0107.  1 VI 1943 r., kilka dni po tej prowokacji, Niemcy przeprowadzili w Sochach krwaw\u0105 pacyfikacj\u0119.   W czasie tej masakry zgin\u0119\u0142o 88 m\u0119\u017cczyzn, 52 kobiety i 45 dzieci.   Po pacyfikacji wie\u015b zosta\u0142a jeszcze dodatkowo zbombardowana. <\/p>\n\n\n<div class=\"wp-block-image\">\n<figure class=\"aligncenter\"><img loading=\"lazy\" decoding=\"async\" width=\"750\" height=\"500\" src=\"https:\/\/roztocze24.info\/wp-content\/uploads\/2019\/04\/Sochy.jpg\" alt=\"\" class=\"wp-image-7055\" srcset=\"https:\/\/roztocze24.info\/wp-content\/uploads\/2019\/04\/Sochy.jpg 750w, https:\/\/roztocze24.info\/wp-content\/uploads\/2019\/04\/Sochy-300x200.jpg 300w\" sizes=\"auto, (max-width: 750px) 85vw, 750px\" \/><figcaption class=\"wp-element-caption\">Cmentarz wojenny we wsi Sochy<\/figcaption><\/figure>\n<\/div>\n\n\n<p>8 km &#8211; <strong>Szozdy<\/strong>. Przystanek omijany przez poci\u0105g pospieszny.<\/p>\n\n\n<div class=\"wp-block-image\">\n<figure class=\"aligncenter\"><img loading=\"lazy\" decoding=\"async\" width=\"750\" height=\"500\" src=\"https:\/\/roztocze24.info\/wp-content\/uploads\/2019\/07\/IMG_3289-Szozdy-500.jpg\" alt=\"\" class=\"wp-image-7276\" srcset=\"https:\/\/roztocze24.info\/wp-content\/uploads\/2019\/07\/IMG_3289-Szozdy-500.jpg 750w, https:\/\/roztocze24.info\/wp-content\/uploads\/2019\/07\/IMG_3289-Szozdy-500-300x200.jpg 300w\" sizes=\"auto, (max-width: 750px) 85vw, 750px\" \/><figcaption class=\"wp-element-caption\">Przystanek Szozdy<\/figcaption><\/figure>\n<\/div>\n\n\n<p>Niebawem wje\u017cd\u017camy w <em>kanion<\/em>. <a href=\"https:\/\/roztocze24.info\/?page_id=905\">Wi\u0119cej<\/a>.<\/p>\n\n\n<div class=\"wp-block-image\">\n<figure class=\"aligncenter\"><img loading=\"lazy\" decoding=\"async\" width=\"750\" height=\"500\" src=\"https:\/\/roztocze24.info\/wp-content\/uploads\/2019\/03\/IMG_0978.jpg\" alt=\"\" class=\"wp-image-5506\" srcset=\"https:\/\/roztocze24.info\/wp-content\/uploads\/2019\/03\/IMG_0978.jpg 750w, https:\/\/roztocze24.info\/wp-content\/uploads\/2019\/03\/IMG_0978-300x200.jpg 300w\" sizes=\"auto, (max-width: 750px) 85vw, 750px\" \/><\/figure>\n<\/div>\n\n\n<p>Za nim jeszcze troch\u0119 pag\u00f3r\u00f3w Roztocza i ju\u017c zbli\u017camy si\u0119 do Tereszpola.<\/p>\n\n\n<div class=\"wp-block-image\">\n<figure class=\"aligncenter\"><img loading=\"lazy\" decoding=\"async\" width=\"750\" height=\"500\" src=\"https:\/\/roztocze24.info\/wp-content\/uploads\/2019\/04\/IMG_5655.jpg\" alt=\"\" class=\"wp-image-6918\" srcset=\"https:\/\/roztocze24.info\/wp-content\/uploads\/2019\/04\/IMG_5655.jpg 750w, https:\/\/roztocze24.info\/wp-content\/uploads\/2019\/04\/IMG_5655-300x200.jpg 300w\" sizes=\"auto, (max-width: 750px) 85vw, 750px\" \/><figcaption class=\"wp-element-caption\">Okolice Tereszpola, w tle wzg\u00f3rza Roztocza.<\/figcaption><\/figure>\n<\/div>\n\n\n<p>13 km &#8211; <strong>Tereszpol Bi\u0142gorajski<\/strong>. Koniec odcinka roztocza\u0144skiego i zarazem pierwszy za Zwierzy\u0144cem przystanek dla poci\u0105gu pospiesznego. Za budynki stacyjne s\u0142u\u017cy\u0142y tu kiedy\u015b wagony kolejki w\u0105skotorowej.<\/p>\n\n\n<div class=\"wp-block-image\">\n<figure class=\"aligncenter\"><img loading=\"lazy\" decoding=\"async\" width=\"750\" height=\"500\" src=\"https:\/\/roztocze24.info\/wp-content\/uploads\/2019\/04\/Tereszpol.jpg\" alt=\"\" class=\"wp-image-6919\" srcset=\"https:\/\/roztocze24.info\/wp-content\/uploads\/2019\/04\/Tereszpol.jpg 750w, https:\/\/roztocze24.info\/wp-content\/uploads\/2019\/04\/Tereszpol-300x200.jpg 300w\" sizes=\"auto, (max-width: 750px) 85vw, 750px\" \/><figcaption class=\"wp-element-caption\">Przystanek Tereszpol Bi\u0142gorajski, zdj\u0119cie z 2000 r.<\/figcaption><\/figure>\n<\/div>\n\n\n<p> Obecnie jest tu tylko zwyk\u0142a wiata. <\/p>\n\n\n<div class=\"wp-block-image\">\n<figure class=\"aligncenter\"><img loading=\"lazy\" decoding=\"async\" width=\"750\" height=\"500\" src=\"https:\/\/roztocze24.info\/wp-content\/uploads\/2019\/04\/IMG_5651.jpg\" alt=\"\" class=\"wp-image-6920\" srcset=\"https:\/\/roztocze24.info\/wp-content\/uploads\/2019\/04\/IMG_5651.jpg 750w, https:\/\/roztocze24.info\/wp-content\/uploads\/2019\/04\/IMG_5651-300x200.jpg 300w\" sizes=\"auto, (max-width: 750px) 85vw, 750px\" \/><figcaption class=\"wp-element-caption\">Przystanek Tereszpol Bi\u0142gorajski obecnie<\/figcaption><\/figure>\n<\/div>\n\n\n<p>Przystanek umiejscowiony jest na wysokim nasypie, st\u0105d po schodkach schodzimy w d\u00f3\u0142, do centrum wsi. <\/p>\n\n\n\n<p><strong>17&nbsp;km \u2014 <\/strong>zamkni\u0119ta stacja <strong>Wola Du\u017ca<\/strong>. Pierwotnie stacja umiejscowiona by\u0142a nieco dalej. Przyczyn\u0105 jej przesuni\u0119cia by\u0142a budowa kolejowego o\u015brodka, dzi\u015b ju\u017c nieczynnego. Na jego terenie <strong>pomnik<\/strong> upami\u0119tniaj\u0105cy junak\u00f3w buduj\u0105cych lini\u0119 LHS.<\/p>\n\n\n\n<p>Przed nami najwi\u0119ksza \u015br\u00f3dle\u015bna polana, w&nbsp;kt\u00f3rej centrum znajduje si\u0119 <strong>Bi\u0142goraj<\/strong> (<strong>23&nbsp;km<\/strong>).<\/p>\n\n\n<ul>\n<li><strong>Trasa g\u0142\u00f3wna:<\/strong><\/li>\n<li><a href=\"https:\/\/roztocze24.info\/?page_id=6596\">Odcinek Rejowiec \u2013 Zawada, 54 km<\/a><\/li>\n<li><a href=\"https:\/\/roztocze24.info\/?page_id=6700\">Odcinek Zawada \u2013 Zwierzyniec, 22 km<\/a><\/li>\n<li><a href=\"https:\/\/roztocze24.info\/?page_id=6720\">Odcinek Zwierzyniec \u2013 Susiec, 31 km<\/a><\/li>\n<li><a href=\"https:\/\/roztocze24.info\/?page_id=6746\">Odcinek Susiec \u2013 Hrebenne, 30 km<\/a><\/li>\n<li><a href=\"https:\/\/roztocze24.info\/?page_id=6789\">Odcinek Hrebenne \u2013 Horyniec, 26 km<\/a><\/li>\n<li><a href=\"https:\/\/roztocze24.info\/?page_id=6837\">Odcinek Horyniec \u2013 Munina, 56 km<\/a><\/li>\n<li><strong>Trasy poboczne:<\/strong><\/li>\n<li><a href=\"https:\/\/roztocze24.info\/?page_id=6662\">Odcinek Zamo\u015b\u0107 \u2013 Zawada, 12 km<\/a><\/li>\n<li><a href=\"https:\/\/roztocze24.info\/?page_id=6914\">Odcinek Zwierzyniec &#8211; Tereszpol, 13 km<\/a><\/li>\n<li><a href=\"https:\/\/roztocze24.info\/?page_id=922\">Odcinek Hrebenne \u2013 Lw\u00f3w, 76 km<\/a><\/li>\n<li><a href=\"https:\/\/roztocze24.info\/?page_id=2158\">Odcinek Hrebenne \u2013 Podd\u0119bce, 11 km<\/a><\/li>\n<\/ul>","protected":false},"excerpt":{"rendered":"<p>Odcinek dost\u0119pny codziennie To fragment szlaku prowadz\u0105cego przez Puszcz\u0119 Solsk\u0105 do Stalowej Woli Rozwadowa. Na niemal ca\u0142ej d\u0142ugo\u015bci torowi normalnemu towarzyszy tor szeroki LHS (inna jest tylko ko\u0144c\u00f3wka i przeprawa przez San). Obecnie w ruchu pasa\u017cerskim na tej trasie dost\u0119pne jest tylko jedno po\u0142\u0105czenie, poci\u0105g Hrubiesz\u00f3w &#8211; Zamo\u015b\u0107 &#8211; Rzesz\u00f3w, b\u0119d\u0105cy \u0142\u0105cznikiem do sk\u0142adu Hetman &hellip; <a href=\"https:\/\/roztocze24.info\/?page_id=6914\" class=\"more-link\">Czytaj dalej<span class=\"screen-reader-text\"> \u201eZwierzyniec &#8211; Bi\u0142goraj, 23 km\u201d<\/span><\/a><\/p>\n","protected":false},"author":1,"featured_media":0,"parent":808,"menu_order":0,"comment_status":"closed","ping_status":"closed","template":"","meta":{"footnotes":""},"class_list":["post-6914","page","type-page","status-publish","hentry"],"_links":{"self":[{"href":"https:\/\/roztocze24.info\/index.php?rest_route=\/wp\/v2\/pages\/6914","targetHints":{"allow":["GET"]}}],"collection":[{"href":"https:\/\/roztocze24.info\/index.php?rest_route=\/wp\/v2\/pages"}],"about":[{"href":"https:\/\/roztocze24.info\/index.php?rest_route=\/wp\/v2\/types\/page"}],"author":[{"embeddable":true,"href":"https:\/\/roztocze24.info\/index.php?rest_route=\/wp\/v2\/users\/1"}],"replies":[{"embeddable":true,"href":"https:\/\/roztocze24.info\/index.php?rest_route=%2Fwp%2Fv2%2Fcomments&post=6914"}],"version-history":[{"count":10,"href":"https:\/\/roztocze24.info\/index.php?rest_route=\/wp\/v2\/pages\/6914\/revisions"}],"predecessor-version":[{"id":9365,"href":"https:\/\/roztocze24.info\/index.php?rest_route=\/wp\/v2\/pages\/6914\/revisions\/9365"}],"up":[{"embeddable":true,"href":"https:\/\/roztocze24.info\/index.php?rest_route=\/wp\/v2\/pages\/808"}],"wp:attachment":[{"href":"https:\/\/roztocze24.info\/index.php?rest_route=%2Fwp%2Fv2%2Fmedia&parent=6914"}],"curies":[{"name":"wp","href":"https:\/\/api.w.org\/{rel}","templated":true}]}}