{"id":8115,"date":"2021-12-28T20:34:03","date_gmt":"2021-12-28T19:34:03","guid":{"rendered":"https:\/\/roztocze24.info\/?page_id=8115"},"modified":"2022-01-11T18:48:03","modified_gmt":"2022-01-11T17:48:03","slug":"pancerne-kopuly-na-schronach-bojowych-linii-molotowa-na-roztoczu","status":"publish","type":"page","link":"https:\/\/roztocze24.info\/?page_id=8115","title":{"rendered":"Pancerne kopu\u0142y na schronach bojowych linii Mo\u0142otowa na Roztoczu"},"content":{"rendered":"\n<p>Dzi\u0119kuj\u0119 <strong>Paw\u0142owi Rydzewskiemu<\/strong> i <strong>Paw\u0142owi Sokalskiemu<\/strong> za inspiracj\u0119 i pomoc w poszukiwaniach!  <\/p>\n\n\n\n<p><strong>Linia Mo\u0142otowa<\/strong><\/p>\n\n\n\n<p>Umocnienia Linii Mo\u0142otowa, mimo up\u0142ywu lat ciesz\u0105 si\u0119 nadal du\u017cym zainteresowaniem turyst\u00f3w. To teren  <strong>Rawsko Ruskiego Rejonu Umocnionego<\/strong>. Zachowa\u0142o si\u0119 tu ok. 150 betonowych obiekt\u00f3w,  z czego na Roztoczu ok. 90. <\/p>\n\n\n\n<p>Ciekawym tematem s\u0105 schrony, na kt\u00f3rych do dzi\u015b zachowa\u0142y si\u0119 pancerne kopu\u0142y. Na Roztoczu do dzi\u015b zachowa\u0142o si\u0119 ich 5.<\/p>\n\n\n\n<figure class=\"wp-block-image size-large\"><img loading=\"lazy\" decoding=\"async\" width=\"1024\" height=\"683\" src=\"https:\/\/roztocze24.info\/wp-content\/uploads\/2021\/12\/IMG_1305-1024x683.jpg\" alt=\"\" class=\"wp-image-8116\" srcset=\"https:\/\/roztocze24.info\/wp-content\/uploads\/2021\/12\/IMG_1305-1024x683.jpg 1024w, https:\/\/roztocze24.info\/wp-content\/uploads\/2021\/12\/IMG_1305-300x200.jpg 300w, https:\/\/roztocze24.info\/wp-content\/uploads\/2021\/12\/IMG_1305-768x512.jpg 768w, https:\/\/roztocze24.info\/wp-content\/uploads\/2021\/12\/IMG_1305.jpg 1200w\" sizes=\"auto, (max-width: 709px) 85vw, (max-width: 909px) 67vw, (max-width: 1362px) 62vw, 840px\" \/><figcaption>3155<\/figcaption><\/figure>\n\n\n\n<p>Umocnienia zwane Lini\u0105 Mo\u0142otowa by\u0142y budowane w&nbsp;latach 1940\u20131941 przez ZSRR. Stanowi\u0105 fragment pot\u0119\u017cnej linii fortyfikacji wznoszonych na granicy z&nbsp;Generaln\u0105 Guberni\u0105. <\/p>\n\n\n\n<p>Wspomniane kopu\u0142y wykonano jednak wcze\u015bniej &#8211; w Polsce, z przeznaczeniem dla polskich fortyfikacji. Dostawc\u0105 by\u0142a Sp\u00f3\u0142ka Akcyjna Wielkich Piec\u00f3w i Zak\u0142ad\u00f3w Ostrowieckich. Odlewano je ze staliwa. Pierwsze takie kopu\u0142y zamontowano w 1931 r. w Forcie II w Osowcu, kolejne w nast\u0119pnych latach w fortyfikacjach na G\u00f3rnym \u015al\u0105sku. Od 1936 r. ponadto na \u00f3wczesnej wschodniej granicy Polski (w tym na Polesiu i Podlasiu), przy czym tylko cz\u0119\u015b\u0107 tych kopu\u0142 faktycznie uda\u0142o si\u0119 zamontowa\u0107 na schronach na wschodzie przed wybuchem II wojny \u015bwiatowej.  <\/p>\n\n\n\n<p>Po zagarni\u0119ciu Polski Wschodniej Rosjanie przej\u0119li polskie kopu\u0142y i wykorzystali na budowanej Linii Mo\u0142otowa. Co ciekawe, sami mieli bardzo powa\u017cne k\u0142opoty z wyprodukowaniem tego typu wyposa\u017cenia.<\/p>\n\n\n\n<p>Na Roztoczu kopu\u0142y odnajdziemy odwiedzaj\u0105c nast\u0119puj\u0105ce Punkty Oporu: Mosty Ma\u0142e, D\u0119by i Wielki Dzia\u0142.<\/p>\n\n\n\n<p><strong>Punkt Oporu Mosty Ma\u0142e<\/strong><\/p>\n\n\n\n<p>Schron bojowy 3152 typu PPK (jednokondygnacyjny, do ognia bocznego), kopu\u0142a bojowa Z.O. (Zak\u0142ady Ostrowickie) z 1938 r., nr 1039 111.<\/p>\n\n\n\n<div class=\"wp-block-image\"><figure class=\"aligncenter size-large\"><img loading=\"lazy\" decoding=\"async\" width=\"1024\" height=\"683\" src=\"https:\/\/roztocze24.info\/wp-content\/uploads\/2021\/12\/IMG_9501-1024x683.jpg\" alt=\"\" class=\"wp-image-8117\" srcset=\"https:\/\/roztocze24.info\/wp-content\/uploads\/2021\/12\/IMG_9501-1024x683.jpg 1024w, https:\/\/roztocze24.info\/wp-content\/uploads\/2021\/12\/IMG_9501-300x200.jpg 300w, https:\/\/roztocze24.info\/wp-content\/uploads\/2021\/12\/IMG_9501-768x512.jpg 768w, https:\/\/roztocze24.info\/wp-content\/uploads\/2021\/12\/IMG_9501.jpg 1200w\" sizes=\"auto, (max-width: 709px) 85vw, (max-width: 909px) 67vw, (max-width: 1362px) 62vw, 840px\" \/><figcaption> 3152 <\/figcaption><\/figure><\/div>\n\n\n\n<p>Schron bojowy 3252 typu OPPK (dwukondygnacyjny, do ognia bocznego), kopu\u0142a bojowa z 1938 r., nr 1059 129.<\/p>\n\n\n\n<div class=\"wp-block-image\"><figure class=\"aligncenter size-large\"><img loading=\"lazy\" decoding=\"async\" width=\"1024\" height=\"683\" src=\"https:\/\/roztocze24.info\/wp-content\/uploads\/2021\/12\/IMG_1208-1024x683.jpg\" alt=\"\" class=\"wp-image-8118\" srcset=\"https:\/\/roztocze24.info\/wp-content\/uploads\/2021\/12\/IMG_1208-1024x683.jpg 1024w, https:\/\/roztocze24.info\/wp-content\/uploads\/2021\/12\/IMG_1208-300x200.jpg 300w, https:\/\/roztocze24.info\/wp-content\/uploads\/2021\/12\/IMG_1208-768x512.jpg 768w, https:\/\/roztocze24.info\/wp-content\/uploads\/2021\/12\/IMG_1208.jpg 1200w\" sizes=\"auto, (max-width: 709px) 85vw, (max-width: 909px) 67vw, (max-width: 1362px) 62vw, 840px\" \/><figcaption>3252<\/figcaption><\/figure><\/div>\n\n\n\n<p>Schron bojowy 3155 typu PPK (jednokondygnacyjny, do ognia bocznego), kopu\u0142a obserwacyjna Z.O. z 1937 r., nr 1017 87.<\/p>\n\n\n\n<div class=\"wp-block-image\"><figure class=\"aligncenter size-large\"><img loading=\"lazy\" decoding=\"async\" width=\"1024\" height=\"683\" src=\"https:\/\/roztocze24.info\/wp-content\/uploads\/2021\/12\/IMG_1306-1024x683.jpg\" alt=\"\" class=\"wp-image-8119\" srcset=\"https:\/\/roztocze24.info\/wp-content\/uploads\/2021\/12\/IMG_1306-1024x683.jpg 1024w, https:\/\/roztocze24.info\/wp-content\/uploads\/2021\/12\/IMG_1306-300x200.jpg 300w, https:\/\/roztocze24.info\/wp-content\/uploads\/2021\/12\/IMG_1306-768x512.jpg 768w, https:\/\/roztocze24.info\/wp-content\/uploads\/2021\/12\/IMG_1306.jpg 1200w\" sizes=\"auto, (max-width: 709px) 85vw, (max-width: 909px) 67vw, (max-width: 1362px) 62vw, 840px\" \/><figcaption>3155<\/figcaption><\/figure><\/div>\n\n\n\n<p><strong>Punkt Oporu D\u0119by<\/strong><\/p>\n\n\n\n<p>Schron bojowy 3264 typu OPPK (dwukondygnacyjny, do ognia bocznego), kopu\u0142a obserwacyjna Z.O. z 1936 r., nr 102 92.<\/p>\n\n\n\n<div class=\"wp-block-image\"><figure class=\"aligncenter size-large\"><img loading=\"lazy\" decoding=\"async\" width=\"1024\" height=\"683\" src=\"https:\/\/roztocze24.info\/wp-content\/uploads\/2021\/12\/IMG_0193-1024x683.jpg\" alt=\"\" class=\"wp-image-8120\" srcset=\"https:\/\/roztocze24.info\/wp-content\/uploads\/2021\/12\/IMG_0193-1024x683.jpg 1024w, https:\/\/roztocze24.info\/wp-content\/uploads\/2021\/12\/IMG_0193-300x200.jpg 300w, https:\/\/roztocze24.info\/wp-content\/uploads\/2021\/12\/IMG_0193-768x512.jpg 768w, https:\/\/roztocze24.info\/wp-content\/uploads\/2021\/12\/IMG_0193.jpg 1200w\" sizes=\"auto, (max-width: 709px) 85vw, (max-width: 909px) 67vw, (max-width: 1362px) 62vw, 840px\" \/><figcaption>3264<\/figcaption><\/figure><\/div>\n\n\n\n<p><strong>Punkt Oporu Wielki Dzia\u0142<\/strong><\/p>\n\n\n\n<p>Schron bojowy 4263 typu OPPK (dwukondygnacyjny, do ognia bocznego), kopu\u0142a obserwacyjna Z.O. z 1936 r. nr 64 10. Swego czasu pr\u00f3bowano j\u0105 ukra\u015b\u0107, na szcz\u0119\u015bcie uda\u0142o si\u0119 j\u0105 tylko przewr\u00f3ci\u0107. Obecnie, jak wida\u0107 na zdj\u0119ciu, stoi pionowo.<\/p>\n\n\n\n<div class=\"wp-block-image\"><figure class=\"aligncenter size-large\"><img loading=\"lazy\" decoding=\"async\" width=\"1024\" height=\"683\" src=\"https:\/\/roztocze24.info\/wp-content\/uploads\/2021\/12\/IMG_9221-1024x683.jpg\" alt=\"\" class=\"wp-image-8121\" srcset=\"https:\/\/roztocze24.info\/wp-content\/uploads\/2021\/12\/IMG_9221-1024x683.jpg 1024w, https:\/\/roztocze24.info\/wp-content\/uploads\/2021\/12\/IMG_9221-300x200.jpg 300w, https:\/\/roztocze24.info\/wp-content\/uploads\/2021\/12\/IMG_9221-768x512.jpg 768w, https:\/\/roztocze24.info\/wp-content\/uploads\/2021\/12\/IMG_9221.jpg 1200w\" sizes=\"auto, (max-width: 709px) 85vw, (max-width: 909px) 67vw, (max-width: 1362px) 62vw, 840px\" \/><figcaption>4263<\/figcaption><\/figure><\/div>\n\n\n\n<p><strong>Dost\u0119pno\u015b\u0107 turystyczna<\/strong><\/p>\n\n\n\n<p>Kopu\u0142a na Wielkim Dziale (5) znajduje si\u0119 przy pieszym szlaku Centralnym (<em>niebieski<\/em>) i jest najcz\u0119\u015bciej odwiedzana. Pozosta\u0142e kopu\u0142y znajduj\u0105 si\u0119 na schronach w\u015br\u00f3d p\u00f3l uprawnych, nie s\u0105 wi\u0119c dost\u0119pne w sezonie wegetacyjnym, nie depczmy rolnikom ich upraw! Najlepszy czas na zwiedzanie to p\u00f3\u017ana jesie\u0144. Dodatkowo kopu\u0142a 2 znajduje si\u0119 na schronie, kt\u00f3rego okolica jest silnie zakrzaczona. Doj\u015bcie jednak jest jeszcze mo\u017cliwe.<\/p>\n\n\n\n<p><strong>Literatura<\/strong><\/p>\n\n\n\n<p>Polecam artyku\u0142y Paw\u0142a Sokalskiego po\u015bwi\u0119cone poszczeg\u00f3lnym punktom oporu, publikowane w Gazecie Horynieckiej. Zawieraj\u0105 one wiele cennych informacji, w tym lokalizacje wszystkich schron\u00f3w. <br><a rel=\"noreferrer noopener\" href=\"https:\/\/roztoczepoludniowe.com\/linia-molotowa-wielki-dzial\/\" target=\"_blank\">Linia Mo\u0142otowa &#8211; punkt oporu Wielki Dzia\u0142 (GH 51)<\/a><br>Linia Mo\u0142otowa &#8211; punkt oporu D\u0119by (GH 57, artyku\u0142 dost\u0119pny w papierowym wydaniu GH)<br>Linia Mo\u0142otowa &#8211; punkty oporu Mosty Ma\u0142e (GH 58, w druku)<br><\/p>\n","protected":false},"excerpt":{"rendered":"<p>Dzi\u0119kuj\u0119 Paw\u0142owi Rydzewskiemu i Paw\u0142owi Sokalskiemu za inspiracj\u0119 i pomoc w poszukiwaniach! Linia Mo\u0142otowa Umocnienia Linii Mo\u0142otowa, mimo up\u0142ywu lat ciesz\u0105 si\u0119 nadal du\u017cym zainteresowaniem turyst\u00f3w. To teren Rawsko Ruskiego Rejonu Umocnionego. Zachowa\u0142o si\u0119 tu ok. 150 betonowych obiekt\u00f3w, z czego na Roztoczu ok. 90. Ciekawym tematem s\u0105 schrony, na kt\u00f3rych do dzi\u015b zachowa\u0142y si\u0119 &hellip; <a href=\"https:\/\/roztocze24.info\/?page_id=8115\" class=\"more-link\">Czytaj dalej<span class=\"screen-reader-text\"> \u201ePancerne kopu\u0142y na schronach bojowych linii Mo\u0142otowa na Roztoczu\u201d<\/span><\/a><\/p>\n","protected":false},"author":1,"featured_media":0,"parent":883,"menu_order":0,"comment_status":"closed","ping_status":"closed","template":"","meta":{"footnotes":""},"class_list":["post-8115","page","type-page","status-publish","hentry"],"_links":{"self":[{"href":"https:\/\/roztocze24.info\/index.php?rest_route=\/wp\/v2\/pages\/8115","targetHints":{"allow":["GET"]}}],"collection":[{"href":"https:\/\/roztocze24.info\/index.php?rest_route=\/wp\/v2\/pages"}],"about":[{"href":"https:\/\/roztocze24.info\/index.php?rest_route=\/wp\/v2\/types\/page"}],"author":[{"embeddable":true,"href":"https:\/\/roztocze24.info\/index.php?rest_route=\/wp\/v2\/users\/1"}],"replies":[{"embeddable":true,"href":"https:\/\/roztocze24.info\/index.php?rest_route=%2Fwp%2Fv2%2Fcomments&post=8115"}],"version-history":[{"count":15,"href":"https:\/\/roztocze24.info\/index.php?rest_route=\/wp\/v2\/pages\/8115\/revisions"}],"predecessor-version":[{"id":8155,"href":"https:\/\/roztocze24.info\/index.php?rest_route=\/wp\/v2\/pages\/8115\/revisions\/8155"}],"up":[{"embeddable":true,"href":"https:\/\/roztocze24.info\/index.php?rest_route=\/wp\/v2\/pages\/883"}],"wp:attachment":[{"href":"https:\/\/roztocze24.info\/index.php?rest_route=%2Fwp%2Fv2%2Fmedia&parent=8115"}],"curies":[{"name":"wp","href":"https:\/\/api.w.org\/{rel}","templated":true}]}}