{"id":837,"date":"2016-02-20T19:19:43","date_gmt":"2016-02-20T19:19:43","guid":{"rendered":"http:\/\/roztocze24.info\/tematy-2\/kultura\/cerkwie\/"},"modified":"2019-04-08T18:39:50","modified_gmt":"2019-04-08T16:39:50","slug":"cerkwie","status":"publish","type":"page","link":"https:\/\/roztocze24.info\/?page_id=837","title":{"rendered":"Gin\u0105ce cerkwie"},"content":{"rendered":"\n<h4 class=\"wp-block-heading\">Cewk\u00f3w, Teniatyska, Opaka&#8230;<\/h4>\n\n\n\n<p>\u015awi\u0105tynie r\u00f3\u017cnych wyzna\u0144 na trwa\u0142e wpisa\u0142y si\u0119 w krajobraz p\u0142d.-wsch. Polski. Szczeg\u00f3lnie wyr\u00f3\u017cniaj\u0105 si\u0119 przy tym przepi\u0119kne drewniane ko\u015bcio\u0142y i cerkwie. Niekt\u00f3re z nich, doczeka\u0142y si\u0119 w ostatnich latach odnowienia. Inne pozostawiono same sobie.<br>\nPoni\u017cej zdj\u0119cie cerkwi w <strong>Cewkowie<\/strong>, znajduj\u0105cej si\u0119 na granicz\u0105cym z Roztoczem &#8211; P\u0142askowy\u017cu Tarnogrodzkim.\n<\/p>\n\n\n\n<div class=\"wp-block-image\"><figure class=\"aligncenter\"><img loading=\"lazy\" decoding=\"async\" width=\"490\" height=\"320\" src=\"https:\/\/roztocze24.info\/wp-content\/uploads\/2019\/03\/Cewkow.jpg\" alt=\"\" class=\"wp-image-4683\" srcset=\"https:\/\/roztocze24.info\/wp-content\/uploads\/2019\/03\/Cewkow.jpg 490w, https:\/\/roztocze24.info\/wp-content\/uploads\/2019\/03\/Cewkow-300x196.jpg 300w\" sizes=\"auto, (max-width: 490px) 85vw, 490px\" \/><figcaption>Cewk\u00f3w<\/figcaption><\/figure><\/div>\n\n\n\n<p>Z daleka nie wygl\u0105da ona \u017ale, gdy jednak podejdziemy bli\u017cej &#8211; na pewno zwr\u00f3cimy uwag\u0119 na du\u017ce napisy: <em>Wst\u0119p wzbroniony &#8211; obiekt grozi zawaleniem<\/em>. To jedyne <em>zabezpiecznie<\/em> tej cerkwi.<br>\nGro\u017aba jest realna, mo\u017cna si\u0119 o tym przekona\u0107 zagl\u0105daj\u0105c na cerwisko w <strong>Teniatyskach<\/strong> (Roztocze Po\u0142udniowe). Pono\u0107 jeszcze w 1990 r. by\u0142o co ratowa\u0107, jednak gdy zaw\u0119drowa\u0142em tu w 1997 r. zobaczy\u0142em ju\u017c tylko stert\u0119 drewnianych bali. Na sw\u00f3j spos\u00f3b stan ten uleg\u0142 zakonserwowaniu, poni\u017csze zdj\u0119cie wykonano bowiem w grudniu 2004 r., a wi\u0119c 7 lat p\u00f3\u017aniej. Dzi\u015b zachowane deski z\u0142o\u017cono obok, postawiono te\u017c now\u0105 drewnian\u0105 kaplic\u0119.\n<\/p>\n\n\n\n<div class=\"wp-block-image\"><figure class=\"aligncenter\"><img loading=\"lazy\" decoding=\"async\" width=\"427\" height=\"285\" src=\"https:\/\/roztocze24.info\/wp-content\/uploads\/2019\/03\/Teniatyska.jpg\" alt=\"\" class=\"wp-image-4688\" srcset=\"https:\/\/roztocze24.info\/wp-content\/uploads\/2019\/03\/Teniatyska.jpg 427w, https:\/\/roztocze24.info\/wp-content\/uploads\/2019\/03\/Teniatyska-300x200.jpg 300w\" sizes=\"auto, (max-width: 427px) 85vw, 427px\" \/><figcaption>Teniatyska (zdj\u0119cie archiwalne)<\/figcaption><\/figure><\/div>\n\n\n\n<p>Bywa jeszcze inaczej, czasami zdarzaj\u0105 si\u0119 podpalenia. W 2004 r. spali\u0142a si\u0119 pi\u0119kna cerkiewka w <strong>Opace<\/strong> (P\u0142askowy\u017c Tarnogrodzki). Znajdowa\u0142a si\u0119 ona w\u015br\u00f3d zabudowa\u0144 wsi, ale to jej nie obroni\u0142o. Poni\u017csze zdj\u0119cia maj\u0105 ju\u017c tylko status archiwalny.\n<\/p>\n\n\n\n<div class=\"wp-block-image\"><figure class=\"aligncenter\"><img loading=\"lazy\" decoding=\"async\" width=\"488\" height=\"320\" src=\"https:\/\/roztocze24.info\/wp-content\/uploads\/2019\/03\/OPAKA1.jpg\" alt=\"\" class=\"wp-image-4684\" srcset=\"https:\/\/roztocze24.info\/wp-content\/uploads\/2019\/03\/OPAKA1.jpg 488w, https:\/\/roztocze24.info\/wp-content\/uploads\/2019\/03\/OPAKA1-300x197.jpg 300w\" sizes=\"auto, (max-width: 488px) 85vw, 488px\" \/><figcaption>Opaka (zdj\u0119cie archiwalne)<\/figcaption><\/figure><\/div>\n\n\n\n<div class=\"wp-block-image\"><figure class=\"aligncenter\"><img loading=\"lazy\" decoding=\"async\" width=\"459\" height=\"300\" src=\"https:\/\/roztocze24.info\/wp-content\/uploads\/2019\/03\/OPAKA3.jpg\" alt=\"\" class=\"wp-image-4686\" srcset=\"https:\/\/roztocze24.info\/wp-content\/uploads\/2019\/03\/OPAKA3.jpg 459w, https:\/\/roztocze24.info\/wp-content\/uploads\/2019\/03\/OPAKA3-300x196.jpg 300w\" sizes=\"auto, (max-width: 459px) 85vw, 459px\" \/><figcaption>Opaka (zdj\u0119cie archiwalne)<\/figcaption><\/figure><\/div>\n\n\n\n<div class=\"wp-block-image\"><figure class=\"aligncenter\"><img loading=\"lazy\" decoding=\"async\" width=\"453\" height=\"300\" src=\"https:\/\/roztocze24.info\/wp-content\/uploads\/2019\/03\/OPAKA4.jpg\" alt=\"\" class=\"wp-image-4687\" srcset=\"https:\/\/roztocze24.info\/wp-content\/uploads\/2019\/03\/OPAKA4.jpg 453w, https:\/\/roztocze24.info\/wp-content\/uploads\/2019\/03\/OPAKA4-300x199.jpg 300w\" sizes=\"auto, (max-width: 453px) 85vw, 453px\" \/><figcaption>Opaka (zdj\u0119cie archiwalne)<\/figcaption><\/figure><\/div>\n\n\n\n<div class=\"wp-block-image\"><figure class=\"aligncenter\"><img loading=\"lazy\" decoding=\"async\" width=\"241\" height=\"320\" src=\"https:\/\/roztocze24.info\/wp-content\/uploads\/2019\/03\/OPAKA2.jpg\" alt=\"\" class=\"wp-image-4685\" srcset=\"https:\/\/roztocze24.info\/wp-content\/uploads\/2019\/03\/OPAKA2.jpg 241w, https:\/\/roztocze24.info\/wp-content\/uploads\/2019\/03\/OPAKA2-226x300.jpg 226w\" sizes=\"auto, (max-width: 241px) 85vw, 241px\" \/><figcaption>Opaka (zdj\u0119cie archiwalne)<\/figcaption><\/figure><\/div>\n\n\n\n<p>Nieco wcze\u015bniej &#8211; w pobli\u017cu &#8211; najpierw zawali\u0142a si\u0119, a p\u00f3\u017aniej dodatkowo zosta\u0142a spalona, cerkiew w <strong>Krowicy Samej<\/strong> (P\u0142askowy\u017c Tarnogrodzki).<\/p>\n\n\n\n<p>Czy faktycznie dojdzie do tego, \u017ce te stare pi\u0119kne drewniane \u015bwi\u0105tynie ogl\u0105da\u0107 b\u0119dziemy ju\u017c tylko na zdj\u0119ciach? Mo\u017ce nie, jest jeszcze wszak co ratowa\u0107. Wiele tego typu obiekt\u00f3w nadal zobaczy\u0107 mo\u017cna na Roztoczu i pobliskim P\u0142askowy\u017cu Tarnogrodzkim. Ciekawy jest przyk\u0142ad Gorajca. Pieni\u0105dze na uratowanie cerkwi uda\u0142o si\u0119 zdoby\u0107 dopiero po podaniu do medi\u00f3w informacji o jej spaleniu. Na szcz\u0119\u015bcie informacja ta nie by\u0142a prawdziwa i chyl\u0105c\u0105 si\u0119 ku upadkowi \u015bwi\u0105tyni\u0119 uda\u0142o si\u0119 ca\u0142kowicie uratowa\u0107. Oby tych pozytywnych przyk\u0142ad\u00f3w by\u0142o wi\u0119cej.<\/p>\n","protected":false},"excerpt":{"rendered":"<p>Cewk\u00f3w, Teniatyska, Opaka&#8230; \u015awi\u0105tynie r\u00f3\u017cnych wyzna\u0144 na trwa\u0142e wpisa\u0142y si\u0119 w krajobraz p\u0142d.-wsch. Polski. Szczeg\u00f3lnie wyr\u00f3\u017cniaj\u0105 si\u0119 przy tym przepi\u0119kne drewniane ko\u015bcio\u0142y i cerkwie. Niekt\u00f3re z nich, doczeka\u0142y si\u0119 w ostatnich latach odnowienia. Inne pozostawiono same sobie. Poni\u017cej zdj\u0119cie cerkwi w Cewkowie, znajduj\u0105cej si\u0119 na granicz\u0105cym z Roztoczem &#8211; P\u0142askowy\u017cu Tarnogrodzkim. Z daleka nie wygl\u0105da &hellip; <a href=\"https:\/\/roztocze24.info\/?page_id=837\" class=\"more-link\">Czytaj dalej<span class=\"screen-reader-text\"> \u201eGin\u0105ce cerkwie\u201d<\/span><\/a><\/p>\n","protected":false},"author":1,"featured_media":0,"parent":833,"menu_order":0,"comment_status":"closed","ping_status":"closed","template":"","meta":{"footnotes":""},"class_list":["post-837","page","type-page","status-publish","hentry"],"_links":{"self":[{"href":"https:\/\/roztocze24.info\/index.php?rest_route=\/wp\/v2\/pages\/837","targetHints":{"allow":["GET"]}}],"collection":[{"href":"https:\/\/roztocze24.info\/index.php?rest_route=\/wp\/v2\/pages"}],"about":[{"href":"https:\/\/roztocze24.info\/index.php?rest_route=\/wp\/v2\/types\/page"}],"author":[{"embeddable":true,"href":"https:\/\/roztocze24.info\/index.php?rest_route=\/wp\/v2\/users\/1"}],"replies":[{"embeddable":true,"href":"https:\/\/roztocze24.info\/index.php?rest_route=%2Fwp%2Fv2%2Fcomments&post=837"}],"version-history":[{"count":2,"href":"https:\/\/roztocze24.info\/index.php?rest_route=\/wp\/v2\/pages\/837\/revisions"}],"predecessor-version":[{"id":7040,"href":"https:\/\/roztocze24.info\/index.php?rest_route=\/wp\/v2\/pages\/837\/revisions\/7040"}],"up":[{"embeddable":true,"href":"https:\/\/roztocze24.info\/index.php?rest_route=\/wp\/v2\/pages\/833"}],"wp:attachment":[{"href":"https:\/\/roztocze24.info\/index.php?rest_route=%2Fwp%2Fv2%2Fmedia&parent=837"}],"curies":[{"name":"wp","href":"https:\/\/api.w.org\/{rel}","templated":true}]}}