{"id":875,"date":"2016-02-20T19:20:18","date_gmt":"2016-02-20T19:20:18","guid":{"rendered":"http:\/\/roztocze24.info\/turysta-2\/okolice\/droga_sw-_jakuba_i\/"},"modified":"2020-04-23T22:34:03","modified_gmt":"2020-04-23T20:34:03","slug":"droga_sw-_jakuba_i","status":"publish","type":"page","link":"https:\/\/roztocze24.info\/?page_id=875","title":{"rendered":"Lubelska droga \u015bw. Jakuba (nr 16): Lublin \u2013 Sandomierz, cz. I"},"content":{"rendered":"<h4 style=\"text-align: left;\">Odcinek Lublin \u2013 Kra\u015bnik, 65 km, znakowany symbolami muszli i \u017c\u00f3\u0142tymi strza\u0142kami<\/h4>\n<p style=\"text-align: justify;\"><strong>Wprowadzenie<\/strong><\/p>\n<p style=\"text-align: justify;\">W okresie \u015bredniowiecza w\u015br\u00f3d najwa\u017cniejszych cel\u00f3w pielgrzymkowych chrze\u015bcijan wyr\u00f3\u017cniano: Ziemi\u0119 \u015awi\u0119t\u0105, Rzym i po\u0142o\u017cone w Hiszpanii Santiago di Compostela. Ten trzeci cel dzi\u015b wydaje si\u0119 pozostawa\u0107 nieco w cieniu, ale to w\u0142a\u015bnie do Santiago prowadzi\u0142a, utworzona w okresie XII-XIV w. sie\u0107 europejskich Jakubowych szlak\u00f3w pielgrzymkowych. Dlaczego? Poniewa\u017c to w\u0142a\u015bnie tam znajduje si\u0119 gr\u00f3b aposto\u0142a \u015bw. Jakuba Starszego. Warto doda\u0107, \u017ce pielgrzymi pragn\u0119li nie tylko odwiedzi\u0107 to miejsce, ale tak\u017ce dotrze\u0107 nad pobliski brzeg Oceanu Atlantyckiego, tradycyjnie zabieraj\u0105c w drog\u0119 powrotn\u0105 muszelk\u0119. Na marginesie, w \u015bredniowieczu uwa\u017cano, \u017ce ten brzeg to kres \u015bwiata&#8230;<\/p>\n<p style=\"text-align: justify;\"><strong>\u015aw. Jakub Aposto\u0142<\/strong> by\u0142 synem rybaka Zebedeusza i Salome oraz bratem \u015bw. Jana Ewangelisty. Przydomek Starszy by\u0142 istotny, bowiem w\u015br\u00f3d aposto\u0142\u00f3w by\u0142o dw\u00f3ch Jakub\u00f3w. Ok. 44 r. po Chrystusie zosta\u0142 on \u015bci\u0119ty mieczem na mocy wyroku Heroda Agryppy (wnuk Heroda Wielkiego). Egzekucja mia\u0142a miejsce w Ziemi \u015awi\u0119tej, ale p\u00f3\u017aniej doczesne szcz\u0105tki aposto\u0142a mia\u0142y by\u0107 sprowadzone do Hiszpanii, dok\u0142adne miejsce nie by\u0142o jednak znane.<\/p>\n<p style=\"text-align: justify;\">W 813 r. hiszpa\u0144ski pustelnik o imieniu Pelayo mia\u0142 ujrze\u0107 snop gwiazd spadaj\u0105cych na wzg\u00f3rze, w kt\u00f3rym \u2013 jak si\u0119 okaza\u0142o \u2013 znajdowa\u0142 si\u0119 gr\u00f3b ze szcz\u0105tkami \u015bw. Jakuba. To nie przypadek, \u017ce <strong>Santiago di Compostela oznacza \u015awi\u0119tego Jakuba Pole Gwiazd<\/strong>.<\/p>\n<p style=\"text-align: justify;\">Symbolem drogi, jest muszla z czerwonym krzy\u017cem w kszta\u0142cie miecza. Muszla przypomina otwart\u0105 d\u0142o\u0144, jest to wi\u0119c symbol otwarcia \u2013 na innych, na dobro. Ponadto jej promienie schodz\u0105 si\u0119 w jednym miejscu, tak jak r\u00f3\u017cne drogi \u015bw. Jakuba schodz\u0105 si\u0119 w Santiago. A krzy\u017c w kszta\u0142cie miecza to symbol \u015bmierci \u015bw. Jakuba, kt\u00f3ry wszak odda\u0142 \u017cycie za wiar\u0119, gin\u0105c \u015bci\u0119ty mieczem.<\/p>\n<p style=\"text-align: justify;\">W ostatnich latach dawne drogi \u015bw. Jakuba s\u0105 pieczo\u0142owicie odtwarzane, tworzone s\u0105 tak\u017ce zupe\u0142nie nowe trasy. W\u015br\u00f3d nich jest <strong>Droga Lubelska<\/strong> (szlak nr 16) wiod\u0105ca z Lublina do Sandomierza (tam w\u0142\u0105cza si\u0119 w tras\u0119 nr. 9 \u2013 Ma\u0142opolsk\u0105). Ta <em>nasza<\/em> trasa generalnie przebiega w zakresie jaki jest obecnie mo\u017cliwy do odtworzenia dawnymi szlakami handlowymi, a tak\u017ce tzw. Koleinami Jagie\u0142\u0142y, kt\u00f3re \u0142\u0105czy\u0142y Wilno z Krakowem przez Lublin i Sandomierz. Na szlak mo\u017cna wyruszy\u0107 pieszo, a tak\u017ce na rowerze.<\/p>\n<p style=\"text-align: justify;\">Drogi \u015bw. Jakuba przeznaczone s\u0105 dla ma\u0142ych grup, a tak\u017ce dla p\u0105tnik\u00f3w indywidualnych. Nie jest to typowy szlak turystyczny, a raczej propozycja rekolekcji <em>w drodze<\/em>. Wszelkie informacje (w tym bardzo pomocny w terenie \u015blad GPS) odnale\u017a\u0107 mo\u017cna pod adresem: <a href=\"http:\/\/www.camino.net.pl\/\">www.camino.net.pl<\/a>.<\/p>\n<p style=\"text-align: justify;\">Odcinek Lublin \u2013 Kra\u015bnik pokona\u0142em latem 2014 r., a Kra\u015bnik \u2013 Sandomierz latem 2015 r. Wyruszamy!<\/p>\n<p><strong>Trasa<\/strong><\/p>\n<p class=\"center\"><img loading=\"lazy\" decoding=\"async\" class=\"aligncenter size-full wp-image-5962\" src=\"http:\/\/roztocze24.info\/wp-content\/uploads\/2019\/03\/JAKUB1.jpg\" alt=\"\" width=\"506\" height=\"500\" srcset=\"https:\/\/roztocze24.info\/wp-content\/uploads\/2019\/03\/JAKUB1.jpg 506w, https:\/\/roztocze24.info\/wp-content\/uploads\/2019\/03\/JAKUB1-300x296.jpg 300w, https:\/\/roztocze24.info\/wp-content\/uploads\/2019\/03\/JAKUB1-100x100.jpg 100w\" sizes=\"auto, (max-width: 506px) 85vw, 506px\" \/><\/p>\n<p><strong>Lublin<\/strong> to miasto pe\u0142ne zabytk\u00f3w, warte odwiedzenia samo w sobie. Wed\u0142ug poda\u0144 Lublin mia\u0142a za\u0142o\u017cy\u0107 Julia, wywodz\u0105c\u0105 si\u0119 w prostej linii od Wenus (to bogini p\u0142odno\u015bci, st\u0105d w herbie miasta jest symbol p\u0142odno\u015bci \u2013 winna latoro\u015bl, na kt\u00f3ra wspina si\u0119 kozio\u0142ek). Archeologicznie najstarsze na terenie miasta jest cmentarzysko na wzg\u00f3rzu Czwartek, kt\u00f3re powsta\u0142o a\u017c 5000 lat temu.<\/p>\n<p>Tutejszy murowany zamek, w pe\u0142nej krasie widoczny z jakubowego szlaku, wzniesiono w XIV w., przy czym wie\u017ca sta\u0142\u0105 tu ju\u017c w XIII w. S\u0142ynna jest kaplica zamkowa pw. \u015awi\u0119tej Tr\u00f3jcy z malowid\u0142ami bizantyjsko-ruskimi fundacji W\u0142adys\u0142awa Jagie\u0142\u0142y.<br \/>\nW XIII w. przybyli tu Dominikanie (droga \u015bw. Jakuba zaczyna si\u0119 w\u0142a\u015bnie przy lubelskim ko\u015bciele dominikan\u00f3w, patrz zdj\u0119cie poni\u017cej).<\/p>\n<p>Miasto na prawie magdeburskim lokowa\u0142 W\u0142adys\u0142aw \u0141okietek w 1317 r. (w literaturze mo\u017cna jednak znale\u017a\u0107 tak\u017ce rok 1257 r., nie zachowa\u0142 si\u0119 jednak akt lokacyjny).<br \/>\nW 1596 r. w Lublinie uchwalono Uni\u0119 Lubelsk\u0105, na mocy kt\u00f3rej utworzono Rzeczpospolit\u0105 Obojga Narod\u00f3w.<\/p>\n<p>Ikon\u0105 miasta jest Biernat z Lublina, autor drugiej w historii ksi\u0105\u017cki wydrukowanej w j\u0119zyku polskim, renesansowy poeta i autor bajek.<\/p>\n<p>Lublin to tak\u017ce wa\u017cny o\u015brodek kulturalny. W zabytkowej kamienicy przy ul. Z\u0142otej 4 znajduje si\u0119 Teatr Stary powsta\u0142y w XIX w. \u2013 najstarszy w Polsce!<\/p>\n<p class=\"center\" style=\"text-align: left;\"><img loading=\"lazy\" decoding=\"async\" class=\"aligncenter size-full wp-image-5963\" src=\"http:\/\/roztocze24.info\/wp-content\/uploads\/2019\/03\/J_01.jpg\" alt=\"\" width=\"333\" height=\"500\" srcset=\"https:\/\/roztocze24.info\/wp-content\/uploads\/2019\/03\/J_01.jpg 333w, https:\/\/roztocze24.info\/wp-content\/uploads\/2019\/03\/J_01-200x300.jpg 200w\" sizes=\"auto, (max-width: 333px) 85vw, 333px\" \/>Ko\u015bci\u00f3\u0142 dominikan\u00f3w w Lublinie<\/p>\n<p>Pocz\u0105tek Lubelskiej Drogi \u015bw. Jakuba znajduje si\u0119 na lubelskiej star\u00f3wce przy ko\u015bciele dominikan\u00f3w pw. \u015bw. Stanis\u0142awa Biskupa M\u0119czennika (r\u00f3g Z\u0142otej i Archidiako\u0144skiej). Plac pod budow\u0119 przekaza\u0142 zakonnikom w latach 40. XIV w. kr\u00f3l Kazimierz Wielki. Niemal od pocz\u0105tku przechowywane s\u0105 tu relikwie Drzewa Krzy\u017ca \u015awi\u0119tego.<br \/>\nPrzed rozpocz\u0119ciem w\u0119dr\u00f3wki koniecznie musimy wst\u0105pi\u0107 do \u015bwi\u0105tyni na chwil\u0119 modlitwy. St\u0105d zmierzamy na Plac po Farze. Przed nami widok na lubelski zamek.<\/p>\n<p class=\"center\"><img loading=\"lazy\" decoding=\"async\" class=\"aligncenter size-full wp-image-5964\" src=\"http:\/\/roztocze24.info\/wp-content\/uploads\/2019\/03\/J_02.jpg\" alt=\"\" width=\"750\" height=\"500\" srcset=\"https:\/\/roztocze24.info\/wp-content\/uploads\/2019\/03\/J_02.jpg 750w, https:\/\/roztocze24.info\/wp-content\/uploads\/2019\/03\/J_02-300x200.jpg 300w\" sizes=\"auto, (max-width: 750px) 85vw, 750px\" \/>Widok na lubelski zamek<\/p>\n<p>Na kr\u00f3tkim odcinku pojawiaj\u0105 si\u0119 znaki \u017c\u00f3\u0142te pieszego szlaku turystycznego Kaniwola \u2013 Szastarka (kt\u00f3ry prowadzi st\u0105d nad Zalew Zemborzycki inn\u0105 drog\u0105). Schodzimy po schodach w d\u00f3\u0142 na ul. Podwale i przez skwer przechodzimy do Al. Unii Lubelskiej, tu w prawo. 500 m dalej korzystamy z przej\u015bcia dla pieszych. Korzystamy z ul. K\u0105pielowej, zmierzaj\u0105c do k\u0142adki nad rzek\u0105 Bystrzyca. Za ni\u0105 idziemy w dotychczasowym kierunku przez ul. Skibi\u0144sk\u0105 do prostopad\u0142ej ul. \u0141\u0119czy\u0144skiej, gdzie w prawo. Na skrzy\u017cowaniu skr\u0119camy w lewo osi\u0105gaj\u0105c Drog\u0119 M\u0119czennik\u00f3w Majdanka. Przechodzimy tunelem pod lini\u0105 kolejow\u0105 Lublin \u2013 Che\u0142m. Tu\u017c co za nim korzystamy ze schodk\u00f3w, nast\u0119pnie wkraczamy na ul. D\u0142ug\u0105 (2,5 km). Teraz d\u0142ugi marsz prowadz\u0105cy ca\u0142y czas prosto (ponad 6 km!). Zmienia\u0107 si\u0119 b\u0119d\u0105 nazwy ulic. Po D\u0142ugiej b\u0119dzie to ul. Wyzwolenia, a dalej G\u0142uska. Przejdziemy obok ko\u015bcio\u0142a pw. \u015bw. Jakuba Aposto\u0142a w <strong>G\u0142usku<\/strong> (na zdj\u0119ciu poni\u017cej), budowany w latach 1786\/1790 (pierwsza \u015bwi\u0105tynia sta\u0142\u0105 w tym miejscu ju\u017c w 1398 r.).<\/p>\n<p style=\"text-align: left;\"><img loading=\"lazy\" decoding=\"async\" class=\"aligncenter size-full wp-image-5966\" src=\"http:\/\/roztocze24.info\/wp-content\/uploads\/2019\/03\/J_02b.jpg\" alt=\"\" width=\"750\" height=\"500\" srcset=\"https:\/\/roztocze24.info\/wp-content\/uploads\/2019\/03\/J_02b.jpg 750w, https:\/\/roztocze24.info\/wp-content\/uploads\/2019\/03\/J_02b-300x200.jpg 300w\" sizes=\"auto, (max-width: 750px) 85vw, 750px\" \/>Ko\u015bci\u00f3\u0142\u00a0 pw. \u015bw. Jakuba Aposto\u0142a w G\u0142usku<\/p>\n<p>Docieramy do skrzy\u017cowania z ul. Strojnowskiego, tu w prawo. Osi\u0105gamy szos\u0119 835 Lublin \u2013 Wysokie (10 km). Wzd\u0142u\u017c niej udajemy si\u0119 niemal 500 m na p\u0142d., skr\u0119caj\u0105c nast\u0119pnie w prawo w ul. Podle\u015bn\u0105. Szybko przechodzi ona w zwyk\u0142y le\u015bny dukt.<\/p>\n<p>14 km \u2013 napotykamy ponownie znaki \u017c\u00f3\u0142te pieszego szlaku Kaniwola \u2013 Szastarka, kt\u00f3ry towarzyszy\u0142 nam b\u0119dzie przez wi\u0119ksz\u0105 cz\u0119\u015b\u0107 dalszej pielgrzymki do Kra\u015bnika. Jeste\u015bmy na skraju Zalewu Zemborzyckiego (powsta\u0142 na pocz\u0105tku lat 70. XX w.).<\/p>\n<p class=\"center\"><img loading=\"lazy\" decoding=\"async\" class=\"aligncenter size-full wp-image-5965\" src=\"http:\/\/roztocze24.info\/wp-content\/uploads\/2019\/03\/J_03.jpg\" alt=\"\" width=\"750\" height=\"500\" srcset=\"https:\/\/roztocze24.info\/wp-content\/uploads\/2019\/03\/J_03.jpg 750w, https:\/\/roztocze24.info\/wp-content\/uploads\/2019\/03\/J_03-300x200.jpg 300w\" sizes=\"auto, (max-width: 750px) 85vw, 750px\" \/>Zalew Zemborzycki<\/p>\n<p>Za lasem D\u0105browa zmierzamy wzd\u0142u\u017c szosy do p\u0119tli autobusowej i bocznej drogi do Kr\u0119\u017cnicy Jarej. Udajemy si\u0119 chwil\u0119 wzd\u0142u\u017c niej, przekraczamy most na rzece Bystrzyca i skr\u0119camy w lewo. Poln\u0105 dr\u00f3\u017ck\u0105 poruszamy si\u0119 nieopodal koryta rzeki, przekraczaj\u0105c j\u0105 nast\u0119pnie po do\u015b\u0107 oryginalnej k\u0142adce. Zaraz za ni\u0105 skr\u0119t w prawo. Kr\u0119ta droga prowadzi\u0107 b\u0119dzie przez \u0142\u0105ki.<\/p>\n<p>22 km \u2013 skr\u0119t szlaku w prawo, na skraju zabudowy. Kolejny odcinek nie jest zbyt wygodny, prowadzi skrajem prywatnych gospodarstw. Mo\u017cna go pokona\u0107 w spos\u00f3b alternatywny, cho\u0107 o 0,5 km d\u0142u\u017cszy. Nieco ponad 100 m od skr\u0119tu, po dotarciu do bocznej drogi, udajemy si\u0119 ni\u0105 w lewo do szosy. Prawiedniki \u2013 \u017babia Wola, gdzie w prawo. Korzystaj\u0105c z obej\u015bcia ominiemy jednak wsp\u00f3\u0142czesny ko\u015bci\u00f3\u0142 pw. Matki Bo\u017cej Cz\u0119stochowskiej (parafia erygowana 11.07.1985 r.). Przed pomnikow\u0105 alej\u0105 lipow\u0105 (92 drzewa) w <strong>Pszczelej Woli<\/strong> obie trasy si\u0119 \u0142\u0105cz\u0105.<\/p>\n<p>To zarazem skraj zespo\u0142u dworsko-parkowego. Opr\u00f3cz wspomnianej alei zachowa\u0142 si\u0119 tak\u017ce m.in. dw\u00f3r 1825 r. wybudowany przez Franciszka Rohlanda. Fundator by\u0142 genera\u0142em wojsk polskich Kr\u00f3lestwa Kongresowego, uczestnikiem powstania listopadowego i bitwy pod Olszynk\u0105 Grochowsk\u0105. Obecnie cz\u0119\u015b\u0107 zespo\u0142u zajmuje Zesp\u00f3\u0142 Szk\u00f3\u0142 Rolniczych Centrum Kszta\u0142cenia Praktycznego. Przy nim dzia\u0142a jedyne w Europie Technikum Pszczelarskie (nazwa Pszczela Wola zobowi\u0105zuje). Ciekawostk\u0105 jest Skansen Pszczelarski, za\u0142o\u017cony zosta\u0142 przez Tadeusza Wawryna (dyrektor technikum), Franciszka Zalewskiego i Mieczys\u0142awa Wojtackiego (nauczyciele). Eksponaty zbierane s\u0105 od 1965 r., a otwarcie skansenu mia\u0142o miejsce 17 VI 1973 r.<\/p>\n<p class=\"center\"><img loading=\"lazy\" decoding=\"async\" class=\"aligncenter size-full wp-image-5967\" src=\"http:\/\/roztocze24.info\/wp-content\/uploads\/2019\/03\/J_04.jpg\" alt=\"\" width=\"750\" height=\"500\" srcset=\"https:\/\/roztocze24.info\/wp-content\/uploads\/2019\/03\/J_04.jpg 750w, https:\/\/roztocze24.info\/wp-content\/uploads\/2019\/03\/J_04-300x200.jpg 300w\" sizes=\"auto, (max-width: 750px) 85vw, 750px\" \/>Pomnikowa aleja w Pszczelej Woli<\/p>\n<p>Jeste\u015bmy na skraju <strong>Osmolic<\/strong>, wsi notowanej ju\u017c w XIV w. Przekraczamy most na Bystrzycy, zaraz za nim udaj\u0105c si\u0119 dr\u00f3\u017ck\u0105 w lewo. Trafiamy przed drewniany m\u0142yn wodny. Dalszy odcinek trasy by\u0142 w 2014 r. zatopiony z uwagi na rozlewiska Bystrzycy. Rzadko tak si\u0119 trafia, ale trafia. Potraktowa\u0142em to jako dodatkow\u0105 pokut\u0119 i nie zrezygnowa\u0142em z dalszego marszu.<\/p>\n<p class=\"center\"><img loading=\"lazy\" decoding=\"async\" class=\"aligncenter size-full wp-image-5968\" src=\"http:\/\/roztocze24.info\/wp-content\/uploads\/2019\/03\/J_05.jpg\" alt=\"\" width=\"750\" height=\"500\" srcset=\"https:\/\/roztocze24.info\/wp-content\/uploads\/2019\/03\/J_05.jpg 750w, https:\/\/roztocze24.info\/wp-content\/uploads\/2019\/03\/J_05-300x200.jpg 300w\" sizes=\"auto, (max-width: 750px) 85vw, 750px\" \/>M\u0142yn w Osmolicach<\/p>\n<p>Mo\u017cna jednak spod m\u0142yna w Osmolicach wycofa\u0107 si\u0119 do szosy i dzi\u0119ki niej obej\u015b\u0107 <em>zagro\u017cony<\/em> teren (trasa d\u0142u\u017csza o ledwie 0,3 km). Idziemy na wsch. do najbli\u017cszego skrzy\u017cowania, potem w lewo. Niebawem mijamy boczn\u0105 drog\u0119 w lewo, maszeruj\u0105c ca\u0142y czas prosto. Niemal 2 km dalej wybieramy boczn\u0105 szos\u0119 w lewo, prowadz\u0105c\u0105 do mostu i znak\u00f3w szlaku.<\/p>\n<p class=\"center\"><img loading=\"lazy\" decoding=\"async\" class=\"aligncenter size-full wp-image-5969\" src=\"http:\/\/roztocze24.info\/wp-content\/uploads\/2019\/03\/J_06.jpg\" alt=\"\" width=\"750\" height=\"500\" srcset=\"https:\/\/roztocze24.info\/wp-content\/uploads\/2019\/03\/J_06.jpg 750w, https:\/\/roztocze24.info\/wp-content\/uploads\/2019\/03\/J_06-300x200.jpg 300w\" sizes=\"auto, (max-width: 750px) 85vw, 750px\" \/>Nad Bystrzyc\u0105<\/p>\n<p>29 km trasy podstawowej \u2013 mijamy kamie\u0144 pami\u0105tkowy w miejscu egzekucji \u017byd\u00f3w, dokonywanych przez Niemc\u00f3w w latach 1942-1943. Tu uwaga! Jakubowa droga zaraz za tym miejscem skr\u0119ca w lewo, w jar (pieszy szlak <em>\u017c\u00f3\u0142ty<\/em> wiedzie nadal prosto ju\u017c niebawem wprowadzaj\u0105c w chaszcze nad Bystrzyc\u0105). Jar wyprowadza nas na wierzchowin\u0119 i do szerokiej prostopad\u0142ej drogi. Tu w prawo, na p\u0142d.-zach. Dalej skrajem lasu. Przy kapliczce maryjnej z 1931 r. ponownie do Drogi Jakubowej do\u0142\u0105czaj\u0105 znaki pieszego szlaku <em>\u017c\u00f3\u0142tego<\/em>. Asfaltowa kr\u0119ta droga doprowadza nas do centrum <strong>Strzy\u017cewic<\/strong> (34,5 km). Przebiega t\u0119dy szosa nr 834 z Niedrzwicy Du\u017cej do Bychawy. W\u0119drujemy ni\u0105 chwil\u0119 w kierunku Niedrzwicy, skr\u0119caj\u0105c nast\u0119pnie w lewo \u2013 do kolejnego m\u0142yna. Tu zmiana kierunku na zach. Po dotarciu do prostopad\u0142ej szosy skr\u0119t w lewo. Mijamy lokalne muzeum.<br \/>\n37 km \u2013 rozwidlenie szos, tu w prawo (w lewo, w niewielkiej odleg\u0142o\u015bci, znajduje si\u0119 nast\u0119pny drewniany m\u0142yn). Dalej na trasie, po prawej, \u0142adna murowana kapliczka z figurami Matki Bo\u017cej i \u015bw. Jana Nepomucena. Nast\u0119pnie, po tej samej<br \/>\nstronie, krzy\u017c upami\u0119tniaj\u0105cy rotmistrza Romana Okulicz-Kozarynba, kt\u00f3ry w Kie\u0142czewicach Dolnych za\u0142o\u017cy\u0142 oddzia\u0142 Polskiej Organizacji Wojskowej (POW) 1 maja 1916 r.<\/p>\n<p>39,5 km \u2013 ponownie w prawo (w przeciwnym kierunku, do\u015b\u0107 blisko, zobaczy\u0107 mo\u017cna ostatni ju\u017c na trasie dawny drewniany m\u0142yn na Bystrzycy). Przed nami strome podej\u015bcie w\u015br\u00f3d lasu. Osi\u0105gamy<strong> Koloni\u0119 Borkowizna.<\/strong> Przy prostopad\u0142ej drodze w lewo. Nast\u0119pnie przy kolejnej prostopad\u0142ej drodze w prawo, a przy metalowej kapliczce w\u015br\u00f3d drzew w lewo, na p\u0142d.<\/p>\n<p class=\"center\"><img loading=\"lazy\" decoding=\"async\" class=\"aligncenter size-full wp-image-5970\" src=\"http:\/\/roztocze24.info\/wp-content\/uploads\/2019\/03\/J_07.jpg\" alt=\"\" width=\"750\" height=\"500\" srcset=\"https:\/\/roztocze24.info\/wp-content\/uploads\/2019\/03\/J_07.jpg 750w, https:\/\/roztocze24.info\/wp-content\/uploads\/2019\/03\/J_07-300x200.jpg 300w\" sizes=\"auto, (max-width: 750px) 85vw, 750px\" \/>Krajobraz na skraju Roztocza<\/p>\n<p>Trasa doprowadza do skraju osady<strong> Wilko\u0142az G\u00f3rny<\/strong> i dalej do szosy Wilko\u0142az \u2013 Zakrz\u00f3wek (47 km). Tu uwaga! Na kr\u00f3tkim odcinku Droga \u015bw. Jakuba i pieszy szlak <em>\u017c\u00f3\u0142ty<\/em> rozchodz\u0105 si\u0119. Droga \u015bw. Jakuba prowadzi prosto w kierunku lasu, obok kapliczki z drewnian\u0105 p\u0142askorze\u017ab\u0105 Chrystusa.<\/p>\n<p>Ten odcinek trasy jest jednak nieco zaro\u015bni\u0119ty, wygodniej \u2013 i ciekawiej \u2013 b\u0119dzie pow\u0119drowa\u0107 tylko za znakami pieszego szlaku <em>\u017c\u00f3\u0142tego<\/em>. Przy wspomnianej kapliczce skr\u0119camy w lewo w\u0119druj\u0105c 700 m wzd\u0142u\u017c szosy, nast\u0119pnie ostro skr\u0119caj\u0105c w prawo, w poln\u0105 drog\u0119. Mijamy cmentarz z okresu I wojny \u015bwiatowej, a chwil\u0119 dalej dobiega tu tak\u017ce Droga \u015bw. Jakuba (wersja z obej\u015bciem jest o 0.5 km d\u0142u\u017csza).<\/p>\n<p class=\"center\"><img loading=\"lazy\" decoding=\"async\" class=\"aligncenter size-full wp-image-5971\" src=\"http:\/\/roztocze24.info\/wp-content\/uploads\/2019\/03\/J_08.jpg\" alt=\"\" width=\"750\" height=\"500\" srcset=\"https:\/\/roztocze24.info\/wp-content\/uploads\/2019\/03\/J_08.jpg 750w, https:\/\/roztocze24.info\/wp-content\/uploads\/2019\/03\/J_08-300x200.jpg 300w\" sizes=\"auto, (max-width: 750px) 85vw, 750px\" \/>Cmentarz z okresu I wojny \u015bwiatowej w pobli\u017cu Zakrz\u00f3wka<\/p>\n<p>W\u015br\u00f3d p\u00f3l \u2013 uwaga! \u2013 \u017cegnamy ostatecznie pieszy szlak <em>\u017c\u00f3\u0142ty<\/em>, udaj\u0105c si\u0119 w prawo, ju\u017c wy\u0142\u0105cznie za Drog\u0105 \u015bw. Jakuba. Trasa prowadzi generalne na p\u0142d.-wsch. Docieramy do lasu Rudki, znajduj\u0105cego si\u0119 w okolicy wsi o tej samej nazwie.<\/p>\n<p>55 km trasy podstawowej \u2013 zmiana kierunku na p\u0142d. Niebawem osi\u0105gamy utwardzan\u0105 drog\u0119 (biegnie ni\u0105 lokalny <em>zielony<\/em> szlak rowerowy) i skr\u0119camy w prawo.<\/p>\n<p>56,5 km \u2013 uwaga, opuszczamy \u017cwir\u00f3wk\u0119 i kr\u0119tym le\u015bnym duktem udajemy si\u0119 do przejazdu na linii kolejowej na linii Kra\u015bnik \u2013 Rozwad\u00f3w i dalej do lokalnej prostopad\u0142ej szosy. Biegnie ni\u0105 Centralny Rowerowy Szlak Roztocza, znakowany kolorem <em>czerwonym<\/em> (w prawo wiedzie on do pobliskiej stacji kolejowej Kra\u015bnik). Droga \u015bw. Jakuba t\u0119 szos\u0119 tylko przecinka wiod\u0105c nadal prosto.<\/p>\n<p class=\"center\"><img loading=\"lazy\" decoding=\"async\" class=\"aligncenter size-full wp-image-5972\" src=\"http:\/\/roztocze24.info\/wp-content\/uploads\/2019\/03\/J_09.jpg\" alt=\"\" width=\"750\" height=\"500\" srcset=\"https:\/\/roztocze24.info\/wp-content\/uploads\/2019\/03\/J_09.jpg 750w, https:\/\/roztocze24.info\/wp-content\/uploads\/2019\/03\/J_09-300x200.jpg 300w\" sizes=\"auto, (max-width: 750px) 85vw, 750px\" \/>Okolice stacji PKP Kra\u015bnik<\/p>\n<p>W Str\u00f3\u017cy docieramy do drogi krajowej Kra\u015bnik \u2013 Rzesz\u00f3w (60 km). Maszerujemy 500 m na po\u0142udnie, do prostopad\u0142ej szosy. W lewo wiedzie ona do Szastarki, w prawo do Kra\u015bnika. Skr\u0119camy w prawo. Mijamy tablic\u0119 upami\u0119tniaj\u0105c\u0105 11 mieszka\u0144c\u00f3w Polichny rozstrzelanych przez Niemc\u00f3w 29 IX 1939 r. 4 km dalej udajemy si\u0119 raz jeszcze w prawo, 4 w ul. Rzeczyck\u0105, nast\u0119pnie Zaklikowsk\u0105, osi\u0105gaj\u0105c w ko\u0144cu (65 km) prostopad\u0142\u0105 ul. Narutowicza. Jeste\u015bmy w centrum <strong>Kra\u015bnika<\/strong>. To koniec tego odcinka Drogi \u015bw. Jakuba. Do Placu Wolno\u015bci w lewo, dworzec PKP znajduje si\u0119 w przeciwnym kierunku.<\/p>\n<p><a href=\"https:\/\/roztocze24.info\/?page_id=876\">W\u0119druj\u0119 dalej w kierunku Sandomierza<\/a><\/p>\n<p><em>Wakacje 2014 r.<\/em><\/p>\n","protected":false},"excerpt":{"rendered":"<p>Odcinek Lublin \u2013 Kra\u015bnik, 65 km, znakowany symbolami muszli i \u017c\u00f3\u0142tymi strza\u0142kami Wprowadzenie W okresie \u015bredniowiecza w\u015br\u00f3d najwa\u017cniejszych cel\u00f3w pielgrzymkowych chrze\u015bcijan wyr\u00f3\u017cniano: Ziemi\u0119 \u015awi\u0119t\u0105, Rzym i po\u0142o\u017cone w Hiszpanii Santiago di Compostela. Ten trzeci cel dzi\u015b wydaje si\u0119 pozostawa\u0107 nieco w cieniu, ale to w\u0142a\u015bnie do Santiago prowadzi\u0142a, utworzona w okresie XII-XIV w. sie\u0107 europejskich &hellip; <a href=\"https:\/\/roztocze24.info\/?page_id=875\" class=\"more-link\">Czytaj dalej<span class=\"screen-reader-text\"> \u201eLubelska droga \u015bw. Jakuba (nr 16): Lublin \u2013 Sandomierz, cz. I\u201d<\/span><\/a><\/p>\n","protected":false},"author":1,"featured_media":0,"parent":5846,"menu_order":0,"comment_status":"closed","ping_status":"closed","template":"","meta":{"footnotes":""},"class_list":["post-875","page","type-page","status-publish","hentry"],"_links":{"self":[{"href":"https:\/\/roztocze24.info\/index.php?rest_route=\/wp\/v2\/pages\/875","targetHints":{"allow":["GET"]}}],"collection":[{"href":"https:\/\/roztocze24.info\/index.php?rest_route=\/wp\/v2\/pages"}],"about":[{"href":"https:\/\/roztocze24.info\/index.php?rest_route=\/wp\/v2\/types\/page"}],"author":[{"embeddable":true,"href":"https:\/\/roztocze24.info\/index.php?rest_route=\/wp\/v2\/users\/1"}],"replies":[{"embeddable":true,"href":"https:\/\/roztocze24.info\/index.php?rest_route=%2Fwp%2Fv2%2Fcomments&post=875"}],"version-history":[{"count":5,"href":"https:\/\/roztocze24.info\/index.php?rest_route=\/wp\/v2\/pages\/875\/revisions"}],"predecessor-version":[{"id":7664,"href":"https:\/\/roztocze24.info\/index.php?rest_route=\/wp\/v2\/pages\/875\/revisions\/7664"}],"up":[{"embeddable":true,"href":"https:\/\/roztocze24.info\/index.php?rest_route=\/wp\/v2\/pages\/5846"}],"wp:attachment":[{"href":"https:\/\/roztocze24.info\/index.php?rest_route=%2Fwp%2Fv2%2Fmedia&parent=875"}],"curies":[{"name":"wp","href":"https:\/\/api.w.org\/{rel}","templated":true}]}}