{"id":881,"date":"2016-02-20T19:20:21","date_gmt":"2016-02-20T19:20:21","guid":{"rendered":"http:\/\/roztocze24.info\/turysta-2\/okolice\/pkp_zima_2006\/"},"modified":"2019-03-26T13:42:17","modified_gmt":"2019-03-26T12:42:17","slug":"pkp_zima_2006","status":"publish","type":"page","link":"https:\/\/roztocze24.info\/?page_id=881","title":{"rendered":"Poci\u0105giem zimow\u0105 noc\u0105 przez ca\u0142e Roztocze"},"content":{"rendered":"<h4>Lublin \u2013 Kra\u015bnik \u2013 Rozwad\u00f3w \u2013 Przeworsk \u2013 Lubacz\u00f3w \u2013 Be\u0142\u017cec \u2013 Susiec \u2013 Zamo\u015b\u0107<\/h4>\n<p>Niemal ca\u0142a du\u017ca roztocza\u0144ska p\u0119tla kolejowa (zabrak\u0142o odcinka Zamo\u015b\u0107 &#8211; Lublin), tym razem w wersji nocnej. Trasa z\u00a0 Lublina do Zamo\u015bcia przez Rzesz\u00f3w i Be\u0142\u017cec wynios\u0142a 439 km (dla por\u00f3wnania najkr\u00f3tsza trasa po torach przez Rejowiec to 118 km).<\/p>\n<p>Pierwszy uczestnik ju\u017c wieczorkiem przyjecha\u0142 busem z Tomaszowa, kolejny przyby\u0142 tu\u017c co po 22 poci\u0105giem <em>Sztygar<\/em> z Krakowa, oko\u0142o p\u00f3\u0142nocy przybyli <em>lublinianie<\/em>, a ostatni <em>kolejarz<\/em> przyjecha\u0142 o 24.20 poci\u0105giem z Warszawy, tym samym, kt\u00f3rym mieli\u015bmy dalej jecha\u0107 do Rzeszowa. Punktualnie o 24.45 ruszamy w drog\u0119. Poci\u0105g ci\u0105gnie lokomotywa spalinowa. Kilka chwil i opuszczamy tory kolei nadwi\u015bla\u0144skiej, wje\u017cd\u017caj\u0105c na austriacki szlak do Rozwadowa. \u015anieg sypie bardzo mocno.<\/p>\n<p class=\"center\"><img loading=\"lazy\" decoding=\"async\" class=\"aligncenter size-full wp-image-5154\" src=\"http:\/\/roztocze24.info\/wp-content\/uploads\/2019\/03\/DSCN0275.jpg\" alt=\"\" width=\"750\" height=\"500\" srcset=\"https:\/\/roztocze24.info\/wp-content\/uploads\/2019\/03\/DSCN0275.jpg 750w, https:\/\/roztocze24.info\/wp-content\/uploads\/2019\/03\/DSCN0275-300x200.jpg 300w\" sizes=\"auto, (max-width: 750px) 85vw, 750px\" \/><\/p>\n<p>Dooko\u0142a straszliwa wr\u0119cz zamie\u0107 \u015bnie\u017cna. Rozpocz\u0119\u0142a si\u0119 ju\u017c wieczorem, teraz przybra\u0142a na sile. Znacz\u0105co ograniczy\u0142o to i tak do\u015b\u0107 ciemne z racji pory widoki. Po cichu liczy\u0142em na pogodn\u0105 i ksi\u0119\u017cycow\u0105 noc. Tym razem nic z tego.<\/p>\n<p>1.27 \u2013 Kra\u015bnik. \u015anie\u017cyca jakby troch\u0119 zel\u017ca\u0142a. To ju\u017c skraj Roztocza Zachodniego.<\/p>\n<p class=\"center\"><img loading=\"lazy\" decoding=\"async\" class=\"aligncenter size-full wp-image-5156\" src=\"http:\/\/roztocze24.info\/wp-content\/uploads\/2019\/03\/DSCN0277.jpg\" alt=\"\" width=\"750\" height=\"500\" srcset=\"https:\/\/roztocze24.info\/wp-content\/uploads\/2019\/03\/DSCN0277.jpg 750w, https:\/\/roztocze24.info\/wp-content\/uploads\/2019\/03\/DSCN0277-300x200.jpg 300w\" sizes=\"auto, (max-width: 750px) 85vw, 750px\" \/><\/p>\n<p>W ciemno\u015bciach mijamy Lasy Janowskie. 02.19 \u2013 Stalowa Wola Rozwad\u00f3w. Zmiana lokomotywy, ponownie na elektryczn\u0105.<\/p>\n<p>3.28 \u2013 Le\u017cajsk. 4.30 \u2013 Rzesz\u00f3w. Mamy tu troch\u0119 czasu i dobrze, bo \u017carcie si\u0119 sko\u0144czy\u0142o. Nieopodal dworca znajdujemy budk\u0119 gastronomiczn\u0105 czynn\u0105 ca\u0142\u0105 noc! Posilamy si\u0119 niezw\u0142ocznie i szybko idziemy do drugiego poci\u0105gu.<\/p>\n<p>5.14 \u2013 odjazd z Rzeszowa do Zamo\u015bcia. Sk\u0142ad z Wroc\u0142awia do Zamo\u015bcia prowadzi\u0142 3 wagony 2 klasy. Siadamy w ostatnim, bo tylko tu by\u0142y dwa wolne przedzia\u0142y. Zbli\u017camy si\u0119 powoli do Roztocza, noc te\u017c ju\u017c si\u0119 ko\u0144czy.<\/p>\n<p>7.14 \u2013 Lubacz\u00f3w.<\/p>\n<p class=\"center\"><img loading=\"lazy\" decoding=\"async\" class=\"aligncenter size-full wp-image-5157\" src=\"http:\/\/roztocze24.info\/wp-content\/uploads\/2019\/03\/DSCN0330.jpg\" alt=\"\" width=\"750\" height=\"500\" srcset=\"https:\/\/roztocze24.info\/wp-content\/uploads\/2019\/03\/DSCN0330.jpg 750w, https:\/\/roztocze24.info\/wp-content\/uploads\/2019\/03\/DSCN0330-300x200.jpg 300w\" sizes=\"auto, (max-width: 750px) 85vw, 750px\" \/><\/p>\n<p>Wje\u017cd\u017camy do krainy ba\u015bni. \u015aniegu tu wi\u0119cej ni\u017c gdziekolwiek indziej na trasie, a bia\u0142e lasy wygl\u0105daj\u0105 przecudnie. Poni\u017cej na zdj\u0119ciu lasy, kt\u00f3re mija si\u0119 ju\u017c za stacj\u0105 Horyniec.<\/p>\n<p><img loading=\"lazy\" decoding=\"async\" class=\"aligncenter size-full wp-image-5158\" src=\"http:\/\/roztocze24.info\/wp-content\/uploads\/2019\/03\/DSCN0335.jpg\" alt=\"\" width=\"750\" height=\"500\" srcset=\"https:\/\/roztocze24.info\/wp-content\/uploads\/2019\/03\/DSCN0335.jpg 750w, https:\/\/roztocze24.info\/wp-content\/uploads\/2019\/03\/DSCN0335-300x200.jpg 300w\" sizes=\"auto, (max-width: 750px) 85vw, 750px\" \/><\/p>\n<p>7.45 \u2013 Dziewi\u0119cierz (zdj\u0119cie poni\u017cej, wbrew pozorom tam pod \u015bniegiem jest prawdziwy peron!). Nikt tu nie wysiada, poza naszym koleg\u0105, kt\u00f3ry natychmiast zapada si\u0119 w \u015bniegu po kolana. Chcia\u0142 on mie\u0107 koniecznie fotk\u0119 dokumentuj\u0105c\u0105 fakt, \u017ce po 4 letniej przerwie prawdziwy poci\u0105g ponownie si\u0119 tutaj zatrzyma\u0142. Po jej wykonaniu szybko wsiada jednak z powrotem.<\/p>\n<p class=\"center\"><img loading=\"lazy\" decoding=\"async\" class=\"aligncenter size-full wp-image-5159\" src=\"http:\/\/roztocze24.info\/wp-content\/uploads\/2019\/03\/DSCN0341.jpg\" alt=\"\" width=\"750\" height=\"500\" srcset=\"https:\/\/roztocze24.info\/wp-content\/uploads\/2019\/03\/DSCN0341.jpg 750w, https:\/\/roztocze24.info\/wp-content\/uploads\/2019\/03\/DSCN0341-300x200.jpg 300w\" sizes=\"auto, (max-width: 750px) 85vw, 750px\" \/><\/p>\n<p>Lokomotywa rusza i pracowicie przekopuje si\u0119 w \u015bniegu \u2013 dos\u0142ownie!<\/p>\n<p class=\"center\"><img loading=\"lazy\" decoding=\"async\" class=\"aligncenter size-full wp-image-5160\" src=\"http:\/\/roztocze24.info\/wp-content\/uploads\/2019\/03\/DSCN0343.jpg\" alt=\"\" width=\"750\" height=\"500\" srcset=\"https:\/\/roztocze24.info\/wp-content\/uploads\/2019\/03\/DSCN0343.jpg 750w, https:\/\/roztocze24.info\/wp-content\/uploads\/2019\/03\/DSCN0343-300x200.jpg 300w\" sizes=\"auto, (max-width: 750px) 85vw, 750px\" \/><\/p>\n<p>Potem stawy w Hrebennem, pokryte lodem i \u015bniegiem. Za nimi ods\u0142oni\u0119te o tej porze roku wzg\u00f3rze ze stara drewnian\u0105 cerkwi\u0105. Kolejny odcinek jakby mniej \u015bnie\u017cny, a nast\u0119pne super o\u015bnie\u017cone lasy pojawiaj\u0105 si\u0119 tu\u017c co za Be\u0142\u017ccem. Dalej Susiec. Las tu\u017c co przed stacja wygl\u0105da\u0142 tak:<\/p>\n<p class=\"center\"><img loading=\"lazy\" decoding=\"async\" class=\"aligncenter size-full wp-image-5161\" src=\"http:\/\/roztocze24.info\/wp-content\/uploads\/2019\/03\/DSCN0353.jpg\" alt=\"\" width=\"750\" height=\"500\" srcset=\"https:\/\/roztocze24.info\/wp-content\/uploads\/2019\/03\/DSCN0353.jpg 750w, https:\/\/roztocze24.info\/wp-content\/uploads\/2019\/03\/DSCN0353-300x200.jpg 300w\" sizes=\"auto, (max-width: 750px) 85vw, 750px\" \/><\/p>\n<p><img loading=\"lazy\" decoding=\"async\" class=\"aligncenter size-full wp-image-5162\" src=\"http:\/\/roztocze24.info\/wp-content\/uploads\/2019\/03\/DSCN0357.jpg\" alt=\"\" width=\"750\" height=\"500\" srcset=\"https:\/\/roztocze24.info\/wp-content\/uploads\/2019\/03\/DSCN0357.jpg 750w, https:\/\/roztocze24.info\/wp-content\/uploads\/2019\/03\/DSCN0357-300x200.jpg 300w\" sizes=\"auto, (max-width: 750px) 85vw, 750px\" \/><\/p>\n<p>Nast\u0119pnie jak zawsze pi\u0119kny Roztocza\u0144ski Park Narodowy i ju\u017c Zwierzyniec.<br \/>\nZa Szczebrzeszynem zaczynaj\u0105 si\u0119 ciekawe bezle\u015bne wierzchowiny. P\u0142otki zapobiegaj\u0105ce zasypywaniu szlaku kolejowego dos\u0142ownie ton\u0119\u0142y w \u015bniegu.<\/p>\n<p class=\"center\"><img loading=\"lazy\" decoding=\"async\" class=\"aligncenter size-full wp-image-5163\" src=\"http:\/\/roztocze24.info\/wp-content\/uploads\/2019\/03\/DSCN0358.jpg\" alt=\"\" width=\"750\" height=\"500\" srcset=\"https:\/\/roztocze24.info\/wp-content\/uploads\/2019\/03\/DSCN0358.jpg 750w, https:\/\/roztocze24.info\/wp-content\/uploads\/2019\/03\/DSCN0358-300x200.jpg 300w\" sizes=\"auto, (max-width: 750px) 85vw, 750px\" \/><\/p>\n<p>Widoki niemal jak na Syberii. Jak by nie by\u0142o, obok biegnie szeroki tor LHS.<\/p>\n<p><img loading=\"lazy\" decoding=\"async\" class=\"aligncenter size-full wp-image-5164\" src=\"http:\/\/roztocze24.info\/wp-content\/uploads\/2019\/03\/DSCN0359.jpg\" alt=\"\" width=\"750\" height=\"500\" srcset=\"https:\/\/roztocze24.info\/wp-content\/uploads\/2019\/03\/DSCN0359.jpg 750w, https:\/\/roztocze24.info\/wp-content\/uploads\/2019\/03\/DSCN0359-300x200.jpg 300w\" sizes=\"auto, (max-width: 750px) 85vw, 750px\" \/><\/p>\n<p>Przystanek Zawada. Ten budynek stacyjny ju\u017c nie istnieje.<\/p>\n<p><img loading=\"lazy\" decoding=\"async\" class=\"aligncenter size-full wp-image-5165\" src=\"http:\/\/roztocze24.info\/wp-content\/uploads\/2019\/03\/DSCN0362.jpg\" alt=\"\" width=\"750\" height=\"500\" srcset=\"https:\/\/roztocze24.info\/wp-content\/uploads\/2019\/03\/DSCN0362.jpg 750w, https:\/\/roztocze24.info\/wp-content\/uploads\/2019\/03\/DSCN0362-300x200.jpg 300w\" sizes=\"auto, (max-width: 750px) 85vw, 750px\" \/><\/p>\n<p>10.02 \u2013 Zamo\u015b\u0107. W ko\u0144cu mamy okazj\u0119 zobaczy\u0107 czo\u0142o lokomotywy, urokliwie wzbogacone o ogromn\u0105 \u015bnie\u017cno-lodow\u0105 czap\u0119. A pod ni\u0105 rozgrzany silnik!<\/p>\n<p class=\"center\"><img loading=\"lazy\" decoding=\"async\" class=\"aligncenter size-full wp-image-5166\" src=\"http:\/\/roztocze24.info\/wp-content\/uploads\/2019\/03\/DSCN0363.jpg\" alt=\"\" width=\"750\" height=\"500\" srcset=\"https:\/\/roztocze24.info\/wp-content\/uploads\/2019\/03\/DSCN0363.jpg 750w, https:\/\/roztocze24.info\/wp-content\/uploads\/2019\/03\/DSCN0363-300x200.jpg 300w\" sizes=\"auto, (max-width: 750px) 85vw, 750px\" \/><\/p>\n<p>Maszerujemy na star\u00f3wk\u0119. Dalszy oryginalny plan by\u0142 taki: po przyje\u017adzie do Zamo\u015bcia wypad na \u015bniadanie. Poci\u0105g z Warszawy przyje\u017cd\u017ca\u0142 wtedy do Zamo\u015bcia o 12.41. Planowali\u015bmy wi\u0119c po posi\u0142ku wr\u00f3ci\u0107 na dworzec, wsi\u0105\u015b\u0107 do sk\u0142adu i uda\u0107 si\u0119 na drzemk\u0119. Te same wagony wyrusza\u0142y wszak w kierunku Lublina i Warszawy o 16.23. Zm\u0119czenie i senno\u015b\u0107 by\u0142y jednak du\u017ce, wracamy wi\u0119c do Lublina najbli\u017cszym PKS-em. Rzecz ciekawa, na przystanek dobiegli\u015bmy dok\u0142adnie w tym samym momencie, w kt\u00f3rym ostatecznie pojawi\u0142 si\u0119 autobus.<\/p>\n<p>Nie wszyscy jednak skr\u00f3cili tras\u0119, jeden z uczestnik\u00f3w wyprawy doczeka\u0142 bowiem cierpliwie do poci\u0105gu <em>warszawskiego<\/em> i zamkn\u0105\u0142 du\u017c\u0105 kolejow\u0105 p\u0119tl\u0119 roztocza\u0144sk\u0105.<br \/>\nW Lublinie jeste\u015bmy o 12.30. Brakuj\u0105cy do indywidualnego zamkni\u0119cia kolejowej p\u0119tli odcinek Zawada \u2013 Rejowiec (Lublin) przejecha\u0142em miesi\u0105c p\u00f3\u017aniej. Zima trzyma\u0142a si\u0119 nadal mocno!<\/p>\n<p><em>Luty 2006 r.<\/em><\/p>\n","protected":false},"excerpt":{"rendered":"<p>Lublin \u2013 Kra\u015bnik \u2013 Rozwad\u00f3w \u2013 Przeworsk \u2013 Lubacz\u00f3w \u2013 Be\u0142\u017cec \u2013 Susiec \u2013 Zamo\u015b\u0107 Niemal ca\u0142a du\u017ca roztocza\u0144ska p\u0119tla kolejowa (zabrak\u0142o odcinka Zamo\u015b\u0107 &#8211; Lublin), tym razem w wersji nocnej. Trasa z\u00a0 Lublina do Zamo\u015bcia przez Rzesz\u00f3w i Be\u0142\u017cec wynios\u0142a 439 km (dla por\u00f3wnania najkr\u00f3tsza trasa po torach przez Rejowiec to 118 km). Pierwszy &hellip; <a href=\"https:\/\/roztocze24.info\/?page_id=881\" class=\"more-link\">Czytaj dalej<span class=\"screen-reader-text\"> \u201ePoci\u0105giem zimow\u0105 noc\u0105 przez ca\u0142e Roztocze\u201d<\/span><\/a><\/p>\n","protected":false},"author":1,"featured_media":0,"parent":808,"menu_order":0,"comment_status":"closed","ping_status":"closed","template":"","meta":{"footnotes":""},"class_list":["post-881","page","type-page","status-publish","hentry"],"_links":{"self":[{"href":"https:\/\/roztocze24.info\/index.php?rest_route=\/wp\/v2\/pages\/881","targetHints":{"allow":["GET"]}}],"collection":[{"href":"https:\/\/roztocze24.info\/index.php?rest_route=\/wp\/v2\/pages"}],"about":[{"href":"https:\/\/roztocze24.info\/index.php?rest_route=\/wp\/v2\/types\/page"}],"author":[{"embeddable":true,"href":"https:\/\/roztocze24.info\/index.php?rest_route=\/wp\/v2\/users\/1"}],"replies":[{"embeddable":true,"href":"https:\/\/roztocze24.info\/index.php?rest_route=%2Fwp%2Fv2%2Fcomments&post=881"}],"version-history":[{"count":1,"href":"https:\/\/roztocze24.info\/index.php?rest_route=\/wp\/v2\/pages\/881\/revisions"}],"predecessor-version":[{"id":5167,"href":"https:\/\/roztocze24.info\/index.php?rest_route=\/wp\/v2\/pages\/881\/revisions\/5167"}],"up":[{"embeddable":true,"href":"https:\/\/roztocze24.info\/index.php?rest_route=\/wp\/v2\/pages\/808"}],"wp:attachment":[{"href":"https:\/\/roztocze24.info\/index.php?rest_route=%2Fwp%2Fv2%2Fmedia&parent=881"}],"curies":[{"name":"wp","href":"https:\/\/api.w.org\/{rel}","templated":true}]}}