{"id":8812,"date":"2024-04-20T19:27:44","date_gmt":"2024-04-20T17:27:44","guid":{"rendered":"https:\/\/roztocze24.info\/?page_id=8812"},"modified":"2024-04-20T21:39:48","modified_gmt":"2024-04-20T19:39:48","slug":"sciezka-z-obrazami-aleksandry-wachniewskiej-w-zwierzyncu","status":"publish","type":"page","link":"https:\/\/roztocze24.info\/?page_id=8812","title":{"rendered":"\u015acie\u017cka z obrazami Aleksandry Wachniewskiej w Zwierzy\u0144cu"},"content":{"rendered":"\n<p>\u015acie\u017cka znakowana\u2026 du\u017cymi kopiami obraz\u00f3w malarki i popularyzatorki Roztocza? Dlaczego nie. Taka w\u0142a\u015bnie trasa powsta\u0142a w Zwierzy\u0144cu.&nbsp;Na tej nowatorskiej \u015bcie\u017cce odnajdziemy 7 kopii obraz\u00f3w malarki i popularyzatorki Roztocza Aleksandry Wachniewskiej, odpowiadaj\u0105cych odwiedzanym miejscom.  Jest to pierwsza tego typu trasa na Roztoczu! <br>Na tej stronie pokazuj\u0119 miejsca, gdzie znajduj\u0105 si\u0119 przystanki, pozostawiaj\u0105c turystom poznanie obraz\u00f3w ju\u017c na miejscu.<\/p>\n\n\n\n<p><strong>Odcinek 1: Florianka &#8211; m\u0142odo\u015b\u0107 artystki<\/strong><\/p>\n\n\n\n<p>Uwaga! Do Florianki nie mo\u017cna dojecha\u0107 samochodem \u2013 to enklawa wewn\u0105trz las\u00f3w Roztocza\u0144skiego Parku Narodowego. Mo\u017cna dojecha\u0107 rowerem, doj\u015b\u0107 pieszo lub za dodatkow\u0105 op\u0142at\u0105 dojecha\u0107 melexem.<\/p>\n\n\n\n<p>Przystanek 1. Dom we Floriance. <\/p>\n\n\n<div class=\"wp-block-image\">\n<figure class=\"aligncenter size-large\"><img loading=\"lazy\" decoding=\"async\" width=\"1024\" height=\"683\" src=\"https:\/\/roztocze24.info\/wp-content\/uploads\/2024\/04\/IMG_0921-1024x683.jpg\" alt=\"\" class=\"wp-image-8813\" srcset=\"https:\/\/roztocze24.info\/wp-content\/uploads\/2024\/04\/IMG_0921-1024x683.jpg 1024w, https:\/\/roztocze24.info\/wp-content\/uploads\/2024\/04\/IMG_0921-300x200.jpg 300w, https:\/\/roztocze24.info\/wp-content\/uploads\/2024\/04\/IMG_0921-768x512.jpg 768w, https:\/\/roztocze24.info\/wp-content\/uploads\/2024\/04\/IMG_0921-1200x800.jpg 1200w, https:\/\/roztocze24.info\/wp-content\/uploads\/2024\/04\/IMG_0921.jpg 1500w\" sizes=\"auto, (max-width: 709px) 85vw, (max-width: 909px) 67vw, (max-width: 1362px) 62vw, 840px\" \/><\/figure>\n<\/div>\n\n\n<p>Przystanek 2. D\u0105b we Floriance.<\/p>\n\n\n<div class=\"wp-block-image is-style-default\">\n<figure class=\"aligncenter size-full\"><img loading=\"lazy\" decoding=\"async\" width=\"467\" height=\"700\" src=\"https:\/\/roztocze24.info\/wp-content\/uploads\/2024\/04\/IMG_0930-1.jpg\" alt=\"\" class=\"wp-image-8831\" srcset=\"https:\/\/roztocze24.info\/wp-content\/uploads\/2024\/04\/IMG_0930-1.jpg 467w, https:\/\/roztocze24.info\/wp-content\/uploads\/2024\/04\/IMG_0930-1-200x300.jpg 200w\" sizes=\"auto, (max-width: 467px) 85vw, 467px\" \/><\/figure>\n<\/div>\n\n\n<p><strong>Odcinek 2: Powroty do Zwierzy\u0144ca lata 30. XX w.<\/strong><\/p>\n\n\n\n<p>Przystanki znajduj\u0105 si\u0119 w obr\u0119bie Zwierzy\u0144czyka \u2013 zrekonstruowanego za\u0142o\u017cenia wodnego Zamoyskich.<\/p>\n\n\n\n<p>Przystanek 3. Aleja Marysie\u0144ki (gdzie\u015b tu sta\u0142 drewniany pa\u0142ac Zamoyskich). <\/p>\n\n\n\n<figure class=\"wp-block-image size-large\"><img loading=\"lazy\" decoding=\"async\" width=\"1024\" height=\"576\" src=\"https:\/\/roztocze24.info\/wp-content\/uploads\/2024\/04\/PXL_20240419_132839500-1024x576.jpg\" alt=\"\" class=\"wp-image-8815\" srcset=\"https:\/\/roztocze24.info\/wp-content\/uploads\/2024\/04\/PXL_20240419_132839500-1024x576.jpg 1024w, https:\/\/roztocze24.info\/wp-content\/uploads\/2024\/04\/PXL_20240419_132839500-300x169.jpg 300w, https:\/\/roztocze24.info\/wp-content\/uploads\/2024\/04\/PXL_20240419_132839500-768x432.jpg 768w, https:\/\/roztocze24.info\/wp-content\/uploads\/2024\/04\/PXL_20240419_132839500-1536x864.jpg 1536w, https:\/\/roztocze24.info\/wp-content\/uploads\/2024\/04\/PXL_20240419_132839500-1200x675.jpg 1200w, https:\/\/roztocze24.info\/wp-content\/uploads\/2024\/04\/PXL_20240419_132839500.jpg 1778w\" sizes=\"auto, (max-width: 709px) 85vw, (max-width: 909px) 67vw, (max-width: 1362px) 62vw, 840px\" \/><\/figure>\n\n\n\n<p><\/p>\n\n\n\n<p>Przystanek 4. Drzewa nad stawem. &nbsp;<\/p>\n\n\n\n<figure class=\"wp-block-image size-large\"><img loading=\"lazy\" decoding=\"async\" width=\"1024\" height=\"576\" src=\"https:\/\/roztocze24.info\/wp-content\/uploads\/2024\/04\/PXL_20240419_132853214-1024x576.jpg\" alt=\"\" class=\"wp-image-8816\" style=\"object-fit:cover\" srcset=\"https:\/\/roztocze24.info\/wp-content\/uploads\/2024\/04\/PXL_20240419_132853214-1024x576.jpg 1024w, https:\/\/roztocze24.info\/wp-content\/uploads\/2024\/04\/PXL_20240419_132853214-300x169.jpg 300w, https:\/\/roztocze24.info\/wp-content\/uploads\/2024\/04\/PXL_20240419_132853214-768x432.jpg 768w, https:\/\/roztocze24.info\/wp-content\/uploads\/2024\/04\/PXL_20240419_132853214-1536x864.jpg 1536w, https:\/\/roztocze24.info\/wp-content\/uploads\/2024\/04\/PXL_20240419_132853214-1200x675.jpg 1200w, https:\/\/roztocze24.info\/wp-content\/uploads\/2024\/04\/PXL_20240419_132853214.jpg 1778w\" sizes=\"auto, (max-width: 709px) 85vw, (max-width: 909px) 67vw, (max-width: 1362px) 62vw, 840px\" \/><\/figure>\n\n\n\n<p><\/p>\n\n\n\n<p>Przystanek 5. \u015awierszcz jesieni\u0105. Na marginesie, potok t\u0119 sw\u0105 nazw\u0119 zawdzi\u0119cza w\u0142a\u015bnie Wachniewskiej.<\/p>\n\n\n\n<figure class=\"wp-block-image size-large\"><img loading=\"lazy\" decoding=\"async\" width=\"1024\" height=\"576\" src=\"https:\/\/roztocze24.info\/wp-content\/uploads\/2024\/04\/PXL_20240419_130120471-1024x576.jpg\" alt=\"\" class=\"wp-image-8817\" srcset=\"https:\/\/roztocze24.info\/wp-content\/uploads\/2024\/04\/PXL_20240419_130120471-1024x576.jpg 1024w, https:\/\/roztocze24.info\/wp-content\/uploads\/2024\/04\/PXL_20240419_130120471-300x169.jpg 300w, https:\/\/roztocze24.info\/wp-content\/uploads\/2024\/04\/PXL_20240419_130120471-768x432.jpg 768w, https:\/\/roztocze24.info\/wp-content\/uploads\/2024\/04\/PXL_20240419_130120471-1536x864.jpg 1536w, https:\/\/roztocze24.info\/wp-content\/uploads\/2024\/04\/PXL_20240419_130120471-1200x675.jpg 1200w, https:\/\/roztocze24.info\/wp-content\/uploads\/2024\/04\/PXL_20240419_130120471.jpg 1778w\" sizes=\"auto, (max-width: 709px) 85vw, (max-width: 909px) 67vw, (max-width: 1362px) 62vw, 840px\" \/><\/figure>\n\n\n\n<p><\/p>\n\n\n\n<p><strong>Odcinek 3. &nbsp;Zwierzyniec &#8211; dom rodzinny i pracownia artystki.<\/strong><\/p>\n\n\n\n<p>Przystanki znajduj\u0105 si\u0119 przy ul. Wachniewskiej i ul. Browarnej.<\/p>\n\n\n\n<p>Przystanek 6. Autoportret na ul. Wachniewskiej, przy pocz\u0105tku alei Wachniewskiej, wiod\u0105cej do Zwierzy\u0144czyka (artystka mieszka\u0142a nieopodal w domu nr 17).<\/p>\n\n\n\n<figure class=\"wp-block-image size-large\"><img loading=\"lazy\" decoding=\"async\" width=\"1024\" height=\"576\" src=\"https:\/\/roztocze24.info\/wp-content\/uploads\/2024\/04\/PXL_20240419_131815650-1024x576.jpg\" alt=\"\" class=\"wp-image-8818\" srcset=\"https:\/\/roztocze24.info\/wp-content\/uploads\/2024\/04\/PXL_20240419_131815650-1024x576.jpg 1024w, https:\/\/roztocze24.info\/wp-content\/uploads\/2024\/04\/PXL_20240419_131815650-300x169.jpg 300w, https:\/\/roztocze24.info\/wp-content\/uploads\/2024\/04\/PXL_20240419_131815650-768x432.jpg 768w, https:\/\/roztocze24.info\/wp-content\/uploads\/2024\/04\/PXL_20240419_131815650-1536x864.jpg 1536w, https:\/\/roztocze24.info\/wp-content\/uploads\/2024\/04\/PXL_20240419_131815650-1200x675.jpg 1200w, https:\/\/roztocze24.info\/wp-content\/uploads\/2024\/04\/PXL_20240419_131815650.jpg 1778w\" sizes=\"auto, (max-width: 709px) 85vw, (max-width: 909px) 67vw, (max-width: 1362px) 62vw, 840px\" \/><\/figure>\n\n\n\n<p><\/p>\n\n\n\n<p>Przystanek 7. Ko\u015bci\u00f3\u0142ek na wodzie.<\/p>\n\n\n\n<figure class=\"wp-block-image size-large\"><img loading=\"lazy\" decoding=\"async\" width=\"1024\" height=\"576\" src=\"https:\/\/roztocze24.info\/wp-content\/uploads\/2024\/04\/PXL_20240417_113735155-1024x576.jpg\" alt=\"\" class=\"wp-image-8819\" srcset=\"https:\/\/roztocze24.info\/wp-content\/uploads\/2024\/04\/PXL_20240417_113735155-1024x576.jpg 1024w, https:\/\/roztocze24.info\/wp-content\/uploads\/2024\/04\/PXL_20240417_113735155-300x169.jpg 300w, https:\/\/roztocze24.info\/wp-content\/uploads\/2024\/04\/PXL_20240417_113735155-768x432.jpg 768w, https:\/\/roztocze24.info\/wp-content\/uploads\/2024\/04\/PXL_20240417_113735155-1536x864.jpg 1536w, https:\/\/roztocze24.info\/wp-content\/uploads\/2024\/04\/PXL_20240417_113735155-1200x675.jpg 1200w, https:\/\/roztocze24.info\/wp-content\/uploads\/2024\/04\/PXL_20240417_113735155.jpg 1778w\" sizes=\"auto, (max-width: 709px) 85vw, (max-width: 909px) 67vw, (max-width: 1362px) 62vw, 840px\" \/><\/figure>\n\n\n\n<p><\/p>\n\n\n\n<p>Zwiedzanie Zwierzy\u0144ca \u015bladami Aleksandry Wachniewskiej warto rozszerzy\u0107. Na \u015bcianie domu handlowego Ordynat (ul. Zamojska 27) znajduje si\u0119 mural jej pami\u0119ci.<\/p>\n\n\n\n<figure class=\"wp-block-image size-large\"><img loading=\"lazy\" decoding=\"async\" width=\"1024\" height=\"576\" src=\"https:\/\/roztocze24.info\/wp-content\/uploads\/2024\/04\/PXL_20220826_152356283-Zwierzyniec-1024x576.jpg\" alt=\"\" class=\"wp-image-8820\" style=\"object-fit:cover\" srcset=\"https:\/\/roztocze24.info\/wp-content\/uploads\/2024\/04\/PXL_20220826_152356283-Zwierzyniec-1024x576.jpg 1024w, https:\/\/roztocze24.info\/wp-content\/uploads\/2024\/04\/PXL_20220826_152356283-Zwierzyniec-300x169.jpg 300w, https:\/\/roztocze24.info\/wp-content\/uploads\/2024\/04\/PXL_20220826_152356283-Zwierzyniec-768x432.jpg 768w, https:\/\/roztocze24.info\/wp-content\/uploads\/2024\/04\/PXL_20220826_152356283-Zwierzyniec-1536x864.jpg 1536w, https:\/\/roztocze24.info\/wp-content\/uploads\/2024\/04\/PXL_20220826_152356283-Zwierzyniec-1200x675.jpg 1200w, https:\/\/roztocze24.info\/wp-content\/uploads\/2024\/04\/PXL_20220826_152356283-Zwierzyniec.jpg 1778w\" sizes=\"auto, (max-width: 709px) 85vw, (max-width: 909px) 67vw, (max-width: 1362px) 62vw, 840px\" \/><\/figure>\n\n\n\n<p><\/p>\n\n\n\n<p>Aleksandra Wachniewska, z domu Fejfer-Stankowska (1902\u20131989), urodzi\u0142a si\u0119 i swoj\u0105 m\u0142odo\u015b\u0107 sp\u0119dzi\u0142a we Floriance. Absolwentka\u00a0 Warszawskiej Akademii Sztuk Pi\u0119knych. Po studiach zamieszka\u0142a w Zwierzy\u0144cu. W 1930 r. wychodzi za m\u0105\u017c za Zygmunta Wachniewskiego, weterana wojny z bolszewikami z 1920 r. Jest\u00a0 autork\u0105 sztandaru 9. Pu\u0142ku Piechoty AK.  Wachniewska aktywnie zabiega\u0142a o utworzenie Roztocza\u0144skiego Parku Narodowego, przyczyni\u0142a si\u0119 do za\u0142o\u017cenia rezerwat\u00f3w Obrocz i Nart-Czerkies. Najch\u0119tniej malowa\u0142a w\u0142a\u015bnie roztocza\u0144sk\u0105 przyrod\u0119.<\/p>\n\n\n\n<p>\u015acie\u017cka powsta\u0142a staraniem Stowarzyszenia im. Aleksandry Wachniewskiej: <a href=\"https:\/\/stowarzyszeniewachniewskiej.pl\/\">https:\/\/stowarzyszeniewachniewskiej.pl\/<\/a><\/p>\n\n\n\n<p>Kwiecie\u0144 2024<\/p>\n\n\n\n<p><\/p>\n","protected":false},"excerpt":{"rendered":"<p>\u015acie\u017cka znakowana\u2026 du\u017cymi kopiami obraz\u00f3w malarki i popularyzatorki Roztocza? Dlaczego nie. Taka w\u0142a\u015bnie trasa powsta\u0142a w Zwierzy\u0144cu.&nbsp;Na tej nowatorskiej \u015bcie\u017cce odnajdziemy 7 kopii obraz\u00f3w malarki i popularyzatorki Roztocza Aleksandry Wachniewskiej, odpowiadaj\u0105cych odwiedzanym miejscom. Jest to pierwsza tego typu trasa na Roztoczu! Na tej stronie pokazuj\u0119 miejsca, gdzie znajduj\u0105 si\u0119 przystanki, pozostawiaj\u0105c turystom poznanie obraz\u00f3w ju\u017c &hellip; <a href=\"https:\/\/roztocze24.info\/?page_id=8812\" class=\"more-link\">Czytaj dalej<span class=\"screen-reader-text\"> \u201e\u015acie\u017cka z obrazami Aleksandry Wachniewskiej w Zwierzy\u0144cu\u201d<\/span><\/a><\/p>\n","protected":false},"author":1,"featured_media":0,"parent":895,"menu_order":0,"comment_status":"closed","ping_status":"closed","template":"","meta":{"footnotes":""},"class_list":["post-8812","page","type-page","status-publish","hentry"],"_links":{"self":[{"href":"https:\/\/roztocze24.info\/index.php?rest_route=\/wp\/v2\/pages\/8812","targetHints":{"allow":["GET"]}}],"collection":[{"href":"https:\/\/roztocze24.info\/index.php?rest_route=\/wp\/v2\/pages"}],"about":[{"href":"https:\/\/roztocze24.info\/index.php?rest_route=\/wp\/v2\/types\/page"}],"author":[{"embeddable":true,"href":"https:\/\/roztocze24.info\/index.php?rest_route=\/wp\/v2\/users\/1"}],"replies":[{"embeddable":true,"href":"https:\/\/roztocze24.info\/index.php?rest_route=%2Fwp%2Fv2%2Fcomments&post=8812"}],"version-history":[{"count":7,"href":"https:\/\/roztocze24.info\/index.php?rest_route=\/wp\/v2\/pages\/8812\/revisions"}],"predecessor-version":[{"id":8835,"href":"https:\/\/roztocze24.info\/index.php?rest_route=\/wp\/v2\/pages\/8812\/revisions\/8835"}],"up":[{"embeddable":true,"href":"https:\/\/roztocze24.info\/index.php?rest_route=\/wp\/v2\/pages\/895"}],"wp:attachment":[{"href":"https:\/\/roztocze24.info\/index.php?rest_route=%2Fwp%2Fv2%2Fmedia&parent=8812"}],"curies":[{"name":"wp","href":"https:\/\/api.w.org\/{rel}","templated":true}]}}