{"id":8947,"date":"2024-05-22T19:54:49","date_gmt":"2024-05-22T17:54:49","guid":{"rendered":"https:\/\/roztocze24.info\/?page_id=8947"},"modified":"2024-05-25T13:52:49","modified_gmt":"2024-05-25T11:52:49","slug":"szczebrzeszyn-zamkowa-wieza-widokowa","status":"publish","type":"page","link":"https:\/\/roztocze24.info\/?page_id=8947","title":{"rendered":"Szczebrzeszyn &#8211; zamkowa wie\u017ca widokowa"},"content":{"rendered":"\n<p>W Szczebrzeszynie 25 listopada 2023 otwarto dzi\u015b pi\u0119knie zrekonstruowan\u0105 wie\u017c\u0119 zamkow\u0105 (z XVI w.) z now\u0105 platform\u0105 widokow\u0105.<\/p>\n\n\n\n<figure class=\"wp-block-image size-large\"><img loading=\"lazy\" decoding=\"async\" width=\"1024\" height=\"576\" src=\"https:\/\/roztocze24.info\/wp-content\/uploads\/2023\/11\/PXL_20231125_114856164-1024x576.jpg\" alt=\"\" class=\"wp-image-8729\" style=\"object-fit:cover\" srcset=\"https:\/\/roztocze24.info\/wp-content\/uploads\/2023\/11\/PXL_20231125_114856164-1024x576.jpg 1024w, https:\/\/roztocze24.info\/wp-content\/uploads\/2023\/11\/PXL_20231125_114856164-300x169.jpg 300w, https:\/\/roztocze24.info\/wp-content\/uploads\/2023\/11\/PXL_20231125_114856164-768x432.jpg 768w, https:\/\/roztocze24.info\/wp-content\/uploads\/2023\/11\/PXL_20231125_114856164-1536x864.jpg 1536w, https:\/\/roztocze24.info\/wp-content\/uploads\/2023\/11\/PXL_20231125_114856164-1200x675.jpg 1200w, https:\/\/roztocze24.info\/wp-content\/uploads\/2023\/11\/PXL_20231125_114856164.jpg 1778w\" sizes=\"auto, (max-width: 709px) 85vw, (max-width: 909px) 67vw, (max-width: 1362px) 62vw, 840px\" \/><\/figure>\n\n\n\n<p><\/p>\n\n\n\n<p>Zagospodarowano tak\u017ce ca\u0142e wzg\u00f3rze zamkowe, tworz\u0105c tu alejki z \u0142aweczkami i altanami turystycznymi.<\/p>\n\n\n\n<figure class=\"wp-block-image size-large\"><img loading=\"lazy\" decoding=\"async\" width=\"1024\" height=\"576\" src=\"https:\/\/roztocze24.info\/wp-content\/uploads\/2024\/05\/002-1024x576.jpg\" alt=\"\" class=\"wp-image-8948\" srcset=\"https:\/\/roztocze24.info\/wp-content\/uploads\/2024\/05\/002-1024x576.jpg 1024w, https:\/\/roztocze24.info\/wp-content\/uploads\/2024\/05\/002-300x169.jpg 300w, https:\/\/roztocze24.info\/wp-content\/uploads\/2024\/05\/002-768x432.jpg 768w, https:\/\/roztocze24.info\/wp-content\/uploads\/2024\/05\/002-1536x864.jpg 1536w, https:\/\/roztocze24.info\/wp-content\/uploads\/2024\/05\/002-1200x675.jpg 1200w, https:\/\/roztocze24.info\/wp-content\/uploads\/2024\/05\/002.jpg 1778w\" sizes=\"auto, (max-width: 709px) 85vw, (max-width: 909px) 67vw, (max-width: 1362px) 62vw, 840px\" \/><\/figure>\n\n\n\n<p><\/p>\n\n\n\n<p>Wewn\u0105trz wie\u017cy warto zobaczy\u0107 piwnice, szczeg\u00f3lnie je\u017celi w pami\u0119ci ma si\u0119 ruin\u0119, kt\u00f3ra tu jeszcze niedawno sta\u0142a. Na pi\u0119trze portret kr\u00f3la Kazimierza Wielkiego namalowany przez szczebrzeszy\u0144skiego malarza Stanis\u0142awa Karpowicza i kawiarnia. Jest te\u017c kapsu\u0142a czasu, kt\u00f3ra upami\u0119tnia Szczebrzeszyn z 2023 r., a kt\u00f3r\u0105 wolno otworzy\u0107 dopiero za 100 lat! Na drugim pi\u0119trze platforma widokowa z lunetami.<\/p>\n\n\n\n<figure class=\"wp-block-image size-large\"><img loading=\"lazy\" decoding=\"async\" width=\"1024\" height=\"576\" src=\"https:\/\/roztocze24.info\/wp-content\/uploads\/2024\/05\/004-1024x576.jpg\" alt=\"\" class=\"wp-image-8949\" srcset=\"https:\/\/roztocze24.info\/wp-content\/uploads\/2024\/05\/004-1024x576.jpg 1024w, https:\/\/roztocze24.info\/wp-content\/uploads\/2024\/05\/004-300x169.jpg 300w, https:\/\/roztocze24.info\/wp-content\/uploads\/2024\/05\/004-768x432.jpg 768w, https:\/\/roztocze24.info\/wp-content\/uploads\/2024\/05\/004-1536x864.jpg 1536w, https:\/\/roztocze24.info\/wp-content\/uploads\/2024\/05\/004-1200x675.jpg 1200w, https:\/\/roztocze24.info\/wp-content\/uploads\/2024\/05\/004.jpg 1778w\" sizes=\"auto, (max-width: 709px) 85vw, (max-width: 909px) 67vw, (max-width: 1362px) 62vw, 840px\" \/><\/figure>\n\n\n\n\n\n<p><\/p>\n\n\n\n<figure class=\"wp-block-image size-large\"><img loading=\"lazy\" decoding=\"async\" width=\"1024\" height=\"576\" src=\"https:\/\/roztocze24.info\/wp-content\/uploads\/2024\/05\/005-1024x576.jpg\" alt=\"\" class=\"wp-image-8950\" srcset=\"https:\/\/roztocze24.info\/wp-content\/uploads\/2024\/05\/005-1024x576.jpg 1024w, https:\/\/roztocze24.info\/wp-content\/uploads\/2024\/05\/005-300x169.jpg 300w, https:\/\/roztocze24.info\/wp-content\/uploads\/2024\/05\/005-768x432.jpg 768w, https:\/\/roztocze24.info\/wp-content\/uploads\/2024\/05\/005-1536x864.jpg 1536w, https:\/\/roztocze24.info\/wp-content\/uploads\/2024\/05\/005-1200x675.jpg 1200w, https:\/\/roztocze24.info\/wp-content\/uploads\/2024\/05\/005.jpg 1778w\" sizes=\"auto, (max-width: 709px) 85vw, (max-width: 909px) 67vw, (max-width: 1362px) 62vw, 840px\" \/><\/figure>\n\n\n\n<p><\/p>\n\n\n\n<p>Podczas ceremonii otwarcia us\u0142ysze\u0107 (i zobaczy\u0107) mo\u017cna by\u0142o koncert muzyki dawnej.<\/p>\n\n\n\n<figure class=\"wp-block-image size-large\"><img loading=\"lazy\" decoding=\"async\" width=\"1024\" height=\"576\" src=\"https:\/\/roztocze24.info\/wp-content\/uploads\/2024\/05\/003-1024x576.jpg\" alt=\"\" class=\"wp-image-8951\" style=\"object-fit:cover\" srcset=\"https:\/\/roztocze24.info\/wp-content\/uploads\/2024\/05\/003-1024x576.jpg 1024w, https:\/\/roztocze24.info\/wp-content\/uploads\/2024\/05\/003-300x169.jpg 300w, https:\/\/roztocze24.info\/wp-content\/uploads\/2024\/05\/003-768x432.jpg 768w, https:\/\/roztocze24.info\/wp-content\/uploads\/2024\/05\/003-1536x864.jpg 1536w, https:\/\/roztocze24.info\/wp-content\/uploads\/2024\/05\/003-1200x675.jpg 1200w, https:\/\/roztocze24.info\/wp-content\/uploads\/2024\/05\/003.jpg 1778w\" sizes=\"auto, (max-width: 709px) 85vw, (max-width: 909px) 67vw, (max-width: 1362px) 62vw, 840px\" \/><\/figure>\n\n\n\n<p><\/p>\n\n\n\n<p>Na uroczysto\u015b\u0107 przybyli tak\u017ce dawni S\u0142owianie.<\/p>\n\n\n\n<p><\/p>\n\n\n\n<figure class=\"wp-block-image size-large\"><img loading=\"lazy\" decoding=\"async\" width=\"1024\" height=\"576\" src=\"https:\/\/roztocze24.info\/wp-content\/uploads\/2024\/05\/006-1024x576.jpg\" alt=\"\" class=\"wp-image-8952\" srcset=\"https:\/\/roztocze24.info\/wp-content\/uploads\/2024\/05\/006-1024x576.jpg 1024w, https:\/\/roztocze24.info\/wp-content\/uploads\/2024\/05\/006-300x169.jpg 300w, https:\/\/roztocze24.info\/wp-content\/uploads\/2024\/05\/006-768x432.jpg 768w, https:\/\/roztocze24.info\/wp-content\/uploads\/2024\/05\/006-1536x864.jpg 1536w, https:\/\/roztocze24.info\/wp-content\/uploads\/2024\/05\/006-1200x675.jpg 1200w, https:\/\/roztocze24.info\/wp-content\/uploads\/2024\/05\/006.jpg 1778w\" sizes=\"auto, (max-width: 709px) 85vw, (max-width: 909px) 67vw, (max-width: 1362px) 62vw, 840px\" \/><\/figure>\n\n\n\n<p><\/p>\n\n\n\n<p>Mimo ch\u0142odnej i \u015bnie\u017cnej momentami pogody przyby\u0142o dzi\u015b wielu go\u015bci. Uroczystego otwarcia wie\u017cy dokona\u0142 efektownie szabl\u0105 przewodnicz\u0105cy Rady Miasta Szczebrzeszyn pan Zbigniew Z\u0142oma\u0144czuk, pe\u0142ni\u0105cy w tym wyj\u0105tkowym dniu funkcj\u0119 ostatniego szlachcica na Szczebrzeszynie.<\/p>\n\n\n\n<figure class=\"wp-block-image size-large\"><img loading=\"lazy\" decoding=\"async\" width=\"1024\" height=\"576\" src=\"https:\/\/roztocze24.info\/wp-content\/uploads\/2024\/05\/10-1024x576.jpg\" alt=\"\" class=\"wp-image-8953\" srcset=\"https:\/\/roztocze24.info\/wp-content\/uploads\/2024\/05\/10-1024x576.jpg 1024w, https:\/\/roztocze24.info\/wp-content\/uploads\/2024\/05\/10-300x169.jpg 300w, https:\/\/roztocze24.info\/wp-content\/uploads\/2024\/05\/10-768x432.jpg 768w, https:\/\/roztocze24.info\/wp-content\/uploads\/2024\/05\/10-1536x864.jpg 1536w, https:\/\/roztocze24.info\/wp-content\/uploads\/2024\/05\/10-1200x675.jpg 1200w, https:\/\/roztocze24.info\/wp-content\/uploads\/2024\/05\/10.jpg 1778w\" sizes=\"auto, (max-width: 709px) 85vw, (max-width: 909px) 67vw, (max-width: 1362px) 62vw, 840px\" \/><\/figure>\n\n\n\n<p><\/p>\n\n\n\n<p>Wszyscy uczestnicy uroczysto\u015bci dostali okoliczno\u015bciowy folder i zostali zaproszeni na wypasiony pocz\u0119stunek (by\u0142o nawet pieczone prosi\u0119). Do tego  mo\u017cliwo\u015b\u0107 wybicia pami\u0105tkowej szczebrzeszy\u0144skiej monety i mini-wioska dawnych S\u0142owian ze starymi strojami i sprz\u0119tami. <\/p>\n\n\n\n<p>A tak ta zamkowa wie\u017ca wygl\u0105da\u0142a przed remontem, Jest r\u00f3\u017cnica, prawda? Brawo Szczebrzeszyn!<\/p>\n\n\n\n<figure class=\"wp-block-image size-large\"><img loading=\"lazy\" decoding=\"async\" width=\"1024\" height=\"683\" src=\"https:\/\/roztocze24.info\/wp-content\/uploads\/2024\/05\/007-1024x683.jpg\" alt=\"\" class=\"wp-image-8954\" style=\"object-fit:cover\" srcset=\"https:\/\/roztocze24.info\/wp-content\/uploads\/2024\/05\/007-1024x683.jpg 1024w, https:\/\/roztocze24.info\/wp-content\/uploads\/2024\/05\/007-300x200.jpg 300w, https:\/\/roztocze24.info\/wp-content\/uploads\/2024\/05\/007-768x512.jpg 768w, https:\/\/roztocze24.info\/wp-content\/uploads\/2024\/05\/007-1200x800.jpg 1200w, https:\/\/roztocze24.info\/wp-content\/uploads\/2024\/05\/007.jpg 1500w\" sizes=\"auto, (max-width: 709px) 85vw, (max-width: 909px) 67vw, (max-width: 1362px) 62vw, 840px\" \/><\/figure>\n\n\n\n<p><\/p>\n\n\n\n<p><em>2023<\/em><\/p>\n","protected":false},"excerpt":{"rendered":"<p>W Szczebrzeszynie 25 listopada 2023 otwarto dzi\u015b pi\u0119knie zrekonstruowan\u0105 wie\u017c\u0119 zamkow\u0105 (z XVI w.) z now\u0105 platform\u0105 widokow\u0105. Zagospodarowano tak\u017ce ca\u0142e wzg\u00f3rze zamkowe, tworz\u0105c tu alejki z \u0142aweczkami i altanami turystycznymi. Wewn\u0105trz wie\u017cy warto zobaczy\u0107 piwnice, szczeg\u00f3lnie je\u017celi w pami\u0119ci ma si\u0119 ruin\u0119, kt\u00f3ra tu jeszcze niedawno sta\u0142a. Na pi\u0119trze portret kr\u00f3la Kazimierza Wielkiego namalowany &hellip; <a href=\"https:\/\/roztocze24.info\/?page_id=8947\" class=\"more-link\">Czytaj dalej<span class=\"screen-reader-text\"> \u201eSzczebrzeszyn &#8211; zamkowa wie\u017ca widokowa\u201d<\/span><\/a><\/p>\n","protected":false},"author":1,"featured_media":0,"parent":934,"menu_order":0,"comment_status":"closed","ping_status":"closed","template":"","meta":{"footnotes":""},"class_list":["post-8947","page","type-page","status-publish","hentry"],"_links":{"self":[{"href":"https:\/\/roztocze24.info\/index.php?rest_route=\/wp\/v2\/pages\/8947","targetHints":{"allow":["GET"]}}],"collection":[{"href":"https:\/\/roztocze24.info\/index.php?rest_route=\/wp\/v2\/pages"}],"about":[{"href":"https:\/\/roztocze24.info\/index.php?rest_route=\/wp\/v2\/types\/page"}],"author":[{"embeddable":true,"href":"https:\/\/roztocze24.info\/index.php?rest_route=\/wp\/v2\/users\/1"}],"replies":[{"embeddable":true,"href":"https:\/\/roztocze24.info\/index.php?rest_route=%2Fwp%2Fv2%2Fcomments&post=8947"}],"version-history":[{"count":4,"href":"https:\/\/roztocze24.info\/index.php?rest_route=\/wp\/v2\/pages\/8947\/revisions"}],"predecessor-version":[{"id":8963,"href":"https:\/\/roztocze24.info\/index.php?rest_route=\/wp\/v2\/pages\/8947\/revisions\/8963"}],"up":[{"embeddable":true,"href":"https:\/\/roztocze24.info\/index.php?rest_route=\/wp\/v2\/pages\/934"}],"wp:attachment":[{"href":"https:\/\/roztocze24.info\/index.php?rest_route=%2Fwp%2Fv2%2Fmedia&parent=8947"}],"curies":[{"name":"wp","href":"https:\/\/api.w.org\/{rel}","templated":true}]}}