{"id":901,"date":"2016-02-20T19:20:35","date_gmt":"2016-02-20T19:20:35","guid":{"rendered":"http:\/\/roztocze24.info\/turysta-2\/srodkowe\/roztocze_mlynarka\/"},"modified":"2019-11-04T21:18:42","modified_gmt":"2019-11-04T20:18:42","slug":"roztocze_mlynarka","status":"publish","type":"page","link":"https:\/\/roztocze24.info\/?page_id=901","title":{"rendered":"G\u00f3ra M\u0142ynarka k. J\u00f3zefowa"},"content":{"rendered":"<p>G\u00f3ra M\u0142ynarka (328,4 m n.p.m.) znajduje si\u0119 na skraju G\u00f3r Hali\u0144skich. Zaczynaj\u0105 si\u0119 one w\u0142a\u015bnie w tej okolicy, a ko\u0144cz\u0105 nieopodal g\u00f3ry Kamie\u0144 k. Stanis\u0142awowa.<\/p>\n<p><img loading=\"lazy\" decoding=\"async\" class=\"aligncenter size-full wp-image-5438\" src=\"http:\/\/roztocze24.info\/wp-content\/uploads\/2019\/03\/IMG_0985.jpg\" alt=\"\" width=\"750\" height=\"500\" srcset=\"https:\/\/roztocze24.info\/wp-content\/uploads\/2019\/03\/IMG_0985.jpg 750w, https:\/\/roztocze24.info\/wp-content\/uploads\/2019\/03\/IMG_0985-300x200.jpg 300w\" sizes=\"auto, (max-width: 750px) 85vw, 750px\" \/><\/p>\n<p>To by\u0142a popo\u0142udniowa wycieczka rowerowa w czerwcowy dzie\u0144. <em>Baza<\/em> znajdowa\u0142a si\u0119 w Rybnicy k. Su\u015bca. St\u0105d szybka jazda na stacj\u0119 kolejow\u0105 Susiec i podjazd poci\u0105giem do po\u0142o\u017conego na le\u015bnej polanie przystanku J\u00f3zef\u00f3w Roztocza\u0144ski. To stacja wyj\u0105tkowej urody, kt\u00f3ra swego czasu nosi\u0142a wysoce mylna nazw\u0119 Krasnobr\u00f3d (bo do Krasnobrodu st\u0105d nader daleko).<\/p>\n<p>Z mapy wynika\u0142o, \u017ce najdogodniej na M\u0142ynark\u0119 b\u0119dzie dosta\u0107 si\u0119 od zielonego szlaku rowerowego Ziemi J\u00f3zefowskiej. Przekraczam wi\u0119c szos\u0119 i za znakami jad\u0119 pocz\u0105tkowo na p\u0142d.-wsch. W miejscu skr\u0119tu dalej prosto. Przyjemny dukt wprowadza jednak w krzaki. T\u0119dy z rowerem nie da rady! Wracam do szlaku, natychmiast go jednak opuszczaj\u0105c i udaj\u0105c si\u0119 za g\u0142\u00f3wn\u0105 le\u015bna droga na p\u0142d.-zach. Dukt nieco kr\u0119ci i biegnie inaczej ni\u017c na mapie, doprowadzaj\u0105c z czasem do linii kolejowej. Nieopodal s\u0142upka wskazuj\u0105cego 88 km \u017celaznego szlaku znajduj\u0105 si\u0119 niewielkie g\u0142azy.<\/p>\n<p class=\"center\"><img loading=\"lazy\" decoding=\"async\" class=\"aligncenter size-full wp-image-5437\" src=\"http:\/\/roztocze24.info\/wp-content\/uploads\/2019\/03\/IMG_0979.jpg\" alt=\"\" width=\"750\" height=\"500\" srcset=\"https:\/\/roztocze24.info\/wp-content\/uploads\/2019\/03\/IMG_0979.jpg 750w, https:\/\/roztocze24.info\/wp-content\/uploads\/2019\/03\/IMG_0979-300x200.jpg 300w\" sizes=\"auto, (max-width: 750px) 85vw, 750px\" \/><\/p>\n<p>W\u0142a\u015bnie w tym miejscu trzeba skr\u0119ci\u0107 w lewo w piaszczysta drog\u0119 i rozpocz\u0105\u0107 mozoln\u0105 wspinaczk\u0119 na wzniesienie. Niebawem las i pierwsze wyrobisko dawnego kamienio\u0142omu. Teraz troch\u0119 w bok, w prawo. Szczyt M\u0142ynarki wygl\u0105da jak grodzisko. Widoki st\u0105d wy\u015bmienite. Poni\u017cej dwie panoramy.<\/p>\n<p class=\"center\"><img loading=\"lazy\" decoding=\"async\" class=\"aligncenter size-full wp-image-5439\" src=\"http:\/\/roztocze24.info\/wp-content\/uploads\/2019\/03\/IMG_0999.jpg\" alt=\"\" width=\"750\" height=\"500\" srcset=\"https:\/\/roztocze24.info\/wp-content\/uploads\/2019\/03\/IMG_0999.jpg 750w, https:\/\/roztocze24.info\/wp-content\/uploads\/2019\/03\/IMG_0999-300x200.jpg 300w\" sizes=\"auto, (max-width: 750px) 85vw, 750px\" \/><\/p>\n<p class=\"center\"><img loading=\"lazy\" decoding=\"async\" class=\"aligncenter size-full wp-image-5440\" src=\"http:\/\/roztocze24.info\/wp-content\/uploads\/2019\/03\/IMG_1001.jpg\" alt=\"\" width=\"750\" height=\"500\" srcset=\"https:\/\/roztocze24.info\/wp-content\/uploads\/2019\/03\/IMG_1001.jpg 750w, https:\/\/roztocze24.info\/wp-content\/uploads\/2019\/03\/IMG_1001-300x200.jpg 300w\" sizes=\"auto, (max-width: 750px) 85vw, 750px\" \/><\/p>\n<p>Czas teraz na bli\u017csze spotkanie z dawnym kamienio\u0142omem.<\/p>\n<p><img loading=\"lazy\" decoding=\"async\" class=\"aligncenter size-full wp-image-5443\" src=\"http:\/\/roztocze24.info\/wp-content\/uploads\/2019\/03\/IMG_1004.jpg\" alt=\"\" width=\"750\" height=\"500\" srcset=\"https:\/\/roztocze24.info\/wp-content\/uploads\/2019\/03\/IMG_1004.jpg 750w, https:\/\/roztocze24.info\/wp-content\/uploads\/2019\/03\/IMG_1004-300x200.jpg 300w\" sizes=\"auto, (max-width: 750px) 85vw, 750px\" \/><\/p>\n<p><img loading=\"lazy\" decoding=\"async\" class=\"aligncenter size-full wp-image-5445\" src=\"http:\/\/roztocze24.info\/wp-content\/uploads\/2019\/03\/IMG_1003.jpg\" alt=\"\" width=\"750\" height=\"500\" srcset=\"https:\/\/roztocze24.info\/wp-content\/uploads\/2019\/03\/IMG_1003.jpg 750w, https:\/\/roztocze24.info\/wp-content\/uploads\/2019\/03\/IMG_1003-300x200.jpg 300w\" sizes=\"auto, (max-width: 750px) 85vw, 750px\" \/><\/p>\n<p>Dalej g\u0142azy si\u0119 ko\u0144cz\u0105, ale nadal jest widokowo. Na horyzoncie morze las\u00f3w Puszczy Solskiej.<\/p>\n<p class=\"center\"><img loading=\"lazy\" decoding=\"async\" class=\"aligncenter size-full wp-image-5446\" src=\"http:\/\/roztocze24.info\/wp-content\/uploads\/2019\/03\/IMG_1006.jpg\" alt=\"\" width=\"750\" height=\"500\" srcset=\"https:\/\/roztocze24.info\/wp-content\/uploads\/2019\/03\/IMG_1006.jpg 750w, https:\/\/roztocze24.info\/wp-content\/uploads\/2019\/03\/IMG_1006-300x200.jpg 300w\" sizes=\"auto, (max-width: 750px) 85vw, 750px\" \/><\/p>\n<p>Zbli\u017ca si\u0119 zach\u00f3d s\u0142o\u0144ca, czas na powr\u00f3t do bazy. Zje\u017cd\u017cam do Borowiny, a dalej to ju\u017c tylko szosa.<\/p>\n<p>P.S. Kilka lat temu przy okazji budowy wyci\u0105gu narciarskiego teren ten uleg\u0142 negatywnej przemianie, a ostatnio przy wychodniach skalnych zrzucono bez\u0142adnie sterty jaki\u015b kamieni (mam nadziej\u0119, \u017ce tylko czasowo). Do tego quady rozje\u017adzi\u0142y teren (wbrew zakazowi w\u0142a\u015bciciela terenu). Dobrze, \u017ce przynajmniej widoki pozosta\u0142y niezmienne. Szczeg\u00f3lnie jesieni\u0105. Poni\u017cej fotka z pa\u017adziernika 2019 r. Widok na po\u0142udnie.<\/p>\n<p><img loading=\"lazy\" decoding=\"async\" class=\"aligncenter size-full wp-image-7427\" src=\"http:\/\/roztocze24.info\/wp-content\/uploads\/2019\/10\/IMG_20191014_140624-500.jpg\" alt=\"\" width=\"889\" height=\"500\" srcset=\"https:\/\/roztocze24.info\/wp-content\/uploads\/2019\/10\/IMG_20191014_140624-500.jpg 889w, https:\/\/roztocze24.info\/wp-content\/uploads\/2019\/10\/IMG_20191014_140624-500-300x169.jpg 300w, https:\/\/roztocze24.info\/wp-content\/uploads\/2019\/10\/IMG_20191014_140624-500-768x432.jpg 768w\" sizes=\"auto, (max-width: 709px) 85vw, (max-width: 909px) 67vw, (max-width: 1362px) 62vw, 840px\" \/><\/p>\n<p><em>Wiosna 2007 r., aktualizacja pa\u017adziernik 2019 r.<br \/>\n<\/em><\/p>\n","protected":false},"excerpt":{"rendered":"<p>G\u00f3ra M\u0142ynarka (328,4 m n.p.m.) znajduje si\u0119 na skraju G\u00f3r Hali\u0144skich. Zaczynaj\u0105 si\u0119 one w\u0142a\u015bnie w tej okolicy, a ko\u0144cz\u0105 nieopodal g\u00f3ry Kamie\u0144 k. Stanis\u0142awowa. To by\u0142a popo\u0142udniowa wycieczka rowerowa w czerwcowy dzie\u0144. Baza znajdowa\u0142a si\u0119 w Rybnicy k. Su\u015bca. St\u0105d szybka jazda na stacj\u0119 kolejow\u0105 Susiec i podjazd poci\u0105giem do po\u0142o\u017conego na le\u015bnej polanie &hellip; <a href=\"https:\/\/roztocze24.info\/?page_id=901\" class=\"more-link\">Czytaj dalej<span class=\"screen-reader-text\"> \u201eG\u00f3ra M\u0142ynarka k. J\u00f3zefowa\u201d<\/span><\/a><\/p>\n","protected":false},"author":1,"featured_media":0,"parent":895,"menu_order":0,"comment_status":"closed","ping_status":"closed","template":"","meta":{"footnotes":""},"class_list":["post-901","page","type-page","status-publish","hentry"],"_links":{"self":[{"href":"https:\/\/roztocze24.info\/index.php?rest_route=\/wp\/v2\/pages\/901","targetHints":{"allow":["GET"]}}],"collection":[{"href":"https:\/\/roztocze24.info\/index.php?rest_route=\/wp\/v2\/pages"}],"about":[{"href":"https:\/\/roztocze24.info\/index.php?rest_route=\/wp\/v2\/types\/page"}],"author":[{"embeddable":true,"href":"https:\/\/roztocze24.info\/index.php?rest_route=\/wp\/v2\/users\/1"}],"replies":[{"embeddable":true,"href":"https:\/\/roztocze24.info\/index.php?rest_route=%2Fwp%2Fv2%2Fcomments&post=901"}],"version-history":[{"count":8,"href":"https:\/\/roztocze24.info\/index.php?rest_route=\/wp\/v2\/pages\/901\/revisions"}],"predecessor-version":[{"id":7455,"href":"https:\/\/roztocze24.info\/index.php?rest_route=\/wp\/v2\/pages\/901\/revisions\/7455"}],"up":[{"embeddable":true,"href":"https:\/\/roztocze24.info\/index.php?rest_route=\/wp\/v2\/pages\/895"}],"wp:attachment":[{"href":"https:\/\/roztocze24.info\/index.php?rest_route=%2Fwp%2Fv2%2Fmedia&parent=901"}],"curies":[{"name":"wp","href":"https:\/\/api.w.org\/{rel}","templated":true}]}}