{"id":903,"date":"2016-02-20T19:20:35","date_gmt":"2016-02-20T19:20:35","guid":{"rendered":"http:\/\/roztocze24.info\/turysta-2\/srodkowe\/roztocze_szlak_centralny_2\/"},"modified":"2019-03-30T15:19:10","modified_gmt":"2019-03-30T14:19:10","slug":"roztocze_szlak_centralny_2","status":"publish","type":"page","link":"https:\/\/roztocze24.info\/?page_id=903","title":{"rendered":"Centralny Szlak Rowerowy Roztocza Etap II, cz\u0119\u015b\u0107 1: Zwierzyniec &#8211; Be\u0142\u017cec, 60 km"},"content":{"rendered":"<h4>Zwierzyniec \u2013 Sochy \u2013 Tereszpol \u2013 Stare G\u00f3recko \u2013 J\u0119zor Tarnowolski \u2013 J\u00f3zef\u00f3w \u2013 Nowiny \u2013 Susiec \u2013 \u0141osiniec \u2013 Mazi\u0142y \u2013 Be\u0142\u017cec<\/h4>\n<p><strong>Info<\/strong><\/p>\n<p>Etap II szlaku wyznakowano na prze\u0142omie 2004 i 2005 r. Ca\u0142o\u015b\u0107 znakowana jest kolorem <em>czerwonym<\/em>. Szlak jest do\u015b\u0107 \u0142atwy, prowadzi g\u0142\u00f3wnie bocznymi szosami.&nbsp; W sezonie pomoc\u0105 s\u0142u\u017c\u0105 tak\u017ce stacje kolejowe, z kt\u00f3rych poci\u0105gami mo\u017cna powr\u00f3ci\u0107 do bazy. Szlak przebiega w pobli\u017cu nast\u0119puj\u0105cych przystank\u00f3w kolejowych: Zwierzyniec, J\u00f3zef\u00f3w Roztocza\u0144ski, Susiec, Mazi\u0142y i Be\u0142\u017cec.<\/p>\n<p><strong>Wyprawa I<\/strong><\/p>\n<p>Na trasie II etapu Centralnego Szlaku Rowerowego pojawi\u0142em si\u0119 jesieni\u0105 2004 r., gdy trwa\u0142y jeszcze prace znakarskie. Do <strong>Zwierzy\u0144ca<\/strong> dojecha\u0142em z Lublina, tak jak zwykle, poci\u0105giem Roztocze (wtedy w relacji Warszawa \u2013 Rawa Ruska). Najpierw szybka jazda do centrum i znak\u00f3w szlaku. Mijam ko\u015bci\u00f3\u0142 na wodzie i browar&nbsp; (latem przed budynkiem dzia\u0142a nocne kino).<\/p>\n<p><img loading=\"lazy\" decoding=\"async\" class=\"aligncenter size-full wp-image-5913\" src=\"http:\/\/roztocze24.info\/wp-content\/uploads\/2019\/03\/IMG_4733.jpg\" alt=\"\" width=\"750\" height=\"500\" srcset=\"https:\/\/roztocze24.info\/wp-content\/uploads\/2019\/03\/IMG_4733.jpg 750w, https:\/\/roztocze24.info\/wp-content\/uploads\/2019\/03\/IMG_4733-300x200.jpg 300w\" sizes=\"auto, (max-width: 750px) 85vw, 750px\" \/><\/p>\n<p>Na zakr\u0119cie, na wzg\u00f3rzu po prawej, drewniana willa dawnego ordynackiego plenipotenta (obecnie siedziba RPN, w 2009 r. postawiono przed ni\u0105 pomnik upami\u0119tniaj\u0105cy konika polskiego). Za ni\u0105 mijam o\u015brodek edukacyjno-muzealny RPN i wje\u017cd\u017cam w lasy. Po lewej malownicze stawy Echo z ostoj\u0105 konika polskiego. Na zakr\u0119cie mo\u017cliwo\u015b\u0107 wyboru: droga prosto to trasa <em>\u017c\u00f3\u0142tego<\/em> szlaku rowerowego prowadz\u0105cego przez park do Florianki i Starego G\u00f3recka (trzeba wykupi\u0107 karty wst\u0119pu), a w prawo skr\u0119ca nasz <em>czerwony<\/em> szlak Centralny. Tym razem wybieram t\u0119 drug\u0105 opcj\u0119.<\/p>\n<p>Za lasem <strong>Sochy <\/strong>(na zdj\u0119ciu poni\u017cej panorama wsi widziana ze szczytu Bukowej G\u00f3ry). Po prawej cmentarz upami\u0119tniaj\u0105cy ofiary pacyfikacji z 1943 r. Zaczyna si\u0119 d\u0142ugi podjazd. Zwykle rowerem wybiera\u0142em kierunek przeciwny\u2026&nbsp; Z prawej lasy Bukowej G\u00f3ry, nale\u017c\u0105cej do RPN. W ko\u0144cu jestem na wierzchowinie. Teraz szybko mkn\u0119 do wsi Szozdy. Na dole trzeba zachowa\u0107 czujno\u015b\u0107 \u2013 szlak przecina tory kolejowe: normalne (linia Zwierzyniec \u2013 Rozwad\u00f3w) i szerokie (LHS).<\/p>\n<p><img loading=\"lazy\" decoding=\"async\" class=\"aligncenter size-full wp-image-4463\" src=\"http:\/\/roztocze24.info\/wp-content\/uploads\/2019\/03\/IMG_6363.jpg\" alt=\"\" width=\"750\" height=\"500\" srcset=\"https:\/\/roztocze24.info\/wp-content\/uploads\/2019\/03\/IMG_6363.jpg 750w, https:\/\/roztocze24.info\/wp-content\/uploads\/2019\/03\/IMG_6363-300x200.jpg 300w\" sizes=\"auto, (max-width: 750px) 85vw, 750px\" \/><\/p>\n<p>Po lewej widok na Lasow\u0105 G\u00f3r\u0119. W pobli\u017cu jej szczytu odnale\u017a\u0107 mo\u017cna grup\u0119 porz\u0105dnie ju\u017c zakopanych w ziemi g\u0142az\u00f3w. Ponadto jeden g\u0142az znajduje si\u0119 tu\u017c co przy naszej szosie, jest jednak ukryty w zaro\u015blach, ale warto go wypatrywa\u0107. Zwykle przeje\u017cd\u017caj\u0105c t\u0105 tras\u0105 robi\u0119 sobie wycieczk\u0119 boczn\u0105. Lasowa G\u00f3ra to wszak tak\u017ce \u0142adny punkt widokowy.<\/p>\n<p>Nast\u0119pnie <strong>Tereszpol<\/strong>, wie\u015b o niezliczonej wr\u0119cz ilo\u015bci przysi\u00f3\u0142k\u00f3w (w tym Zaorenda, Zachart, Zygmunty, Piaski i Kukie\u0142ki). Na jej po\u0142udniowym skraju, po lewej stronie drogi, \u0142adna kapliczka wykonana z jednego pnia.<\/p>\n<p>Teraz czas na morze las\u00f3w Puszczy Solskiej.Zaraz na pocz\u0105tku metalowy drogowskaz wskazuje kierunek do oryginalnej figury \u015bw. Miko\u0142aja. Z racji jej obecnego wygl\u0105du nazywana bywa Miko\u0142ajem o wilczym pysku.<\/p>\n<p><img loading=\"lazy\" decoding=\"async\" class=\"aligncenter size-full wp-image-4438\" src=\"http:\/\/roztocze24.info\/wp-content\/uploads\/2018\/10\/IMG_4934.jpg\" alt=\"\" width=\"750\" height=\"500\" srcset=\"https:\/\/roztocze24.info\/wp-content\/uploads\/2018\/10\/IMG_4934.jpg 750w, https:\/\/roztocze24.info\/wp-content\/uploads\/2018\/10\/IMG_4934-300x200.jpg 300w\" sizes=\"auto, (max-width: 750px) 85vw, 750px\" \/><\/p>\n<p>Za lasem skrzy\u017cowanie dr\u00f3g w<strong> Starym G\u00f3recku<\/strong>. A\u017c si\u0119 prosi, aby pojecha\u0107 tu w prawo (<em>zielone<\/em> znaki szlaku rowerowego Ziemi J\u00f3zefowskiej) do pobliskiego G\u00f3recka Ko\u015bcielnego, modrzewiowego ko\u015bci\u00f3\u0142ka i alej starych d\u0119b\u00f3w prowadz\u0105cej do drewnianej kapliczki postawionej nad wodami rzeki Szum (za ni\u0105 siarkowe \u017ar\u00f3de\u0142ko <em>Bo\u017ca \u0141ezka<\/em>). Przy okazji mo\u017cna tak\u017ce zwiedzi\u0107 rezerwat Szum z ma\u0142ymi wodospadami. W sumie to tylko 6 km w jedn\u0105 stron\u0119. Daj\u0119 si\u0119 wi\u0119c skusi\u0107. Droga dojazdowa \u0142adna, prowadz\u0105ca w\u015br\u00f3d sosnowych las\u00f3w. Zagl\u0105dam tak\u017ce nad zalew zbudowany przy niewielkiej elektrowni wodnej. Warto zej\u015b\u0107 na d\u00f3\u0142, pod tam\u0119. Panuje tu przyjemny ch\u0142odek.<\/p>\n<p><img loading=\"lazy\" decoding=\"async\" class=\"aligncenter size-full wp-image-5453\" src=\"http:\/\/roztocze24.info\/wp-content\/uploads\/2019\/03\/P1000231.jpg\" alt=\"\" width=\"750\" height=\"500\" srcset=\"https:\/\/roztocze24.info\/wp-content\/uploads\/2019\/03\/P1000231.jpg 750w, https:\/\/roztocze24.info\/wp-content\/uploads\/2019\/03\/P1000231-300x200.jpg 300w\" sizes=\"auto, (max-width: 750px) 85vw, 750px\" \/><\/p>\n<p>Potem powr\u00f3t na szlak Centralny. Przeje\u017cd\u017cam przez <strong>Brzeziny<\/strong>. Dalej boczna szosa do <strong>Tarnowoli<\/strong> (tam kamienio\u0142om i \u0142adny punkt widokowy spod powsta\u0144czego krzy\u017ca). Tymczasem na szlaku niespodzianka. Szlak skr\u0119ca w lewo, w le\u015bny dukt. Prowadzi on do zarastaj\u0105cego jeziorka zwanego J\u0119zorem Tarnowolskim. Droga miejscami trudna, piaszczysta, tu i \u00f3wdzie podsypana trocinami.<\/p>\n<p><img loading=\"lazy\" decoding=\"async\" class=\"aligncenter size-full wp-image-5915\" src=\"http:\/\/roztocze24.info\/wp-content\/uploads\/2019\/03\/WP_20140628_013.jpg\" alt=\"\" width=\"750\" height=\"500\" srcset=\"https:\/\/roztocze24.info\/wp-content\/uploads\/2019\/03\/WP_20140628_013.jpg 750w, https:\/\/roztocze24.info\/wp-content\/uploads\/2019\/03\/WP_20140628_013-300x200.jpg 300w\" sizes=\"auto, (max-width: 750px) 85vw, 750px\" \/><\/p>\n<p>Nast\u0119pnie <strong>J\u00f3zef\u00f3w<\/strong>.Warto na chwil\u0119 opu\u015bci\u0107 szlak i podjecha\u0107 do ko\u015bcio\u0142a. Przed nim pomnik pami\u0119ci partyzant\u00f3w, \u017co\u0142nierzy i mieszka\u0144c\u00f3w J\u00f3zefowa poleg\u0142ych w okresie II wojny \u015bwiatowej.<\/p>\n<p><img loading=\"lazy\" decoding=\"async\" class=\"aligncenter size-full wp-image-5918\" src=\"http:\/\/roztocze24.info\/wp-content\/uploads\/2019\/03\/IMG_4623.jpg\" alt=\"\" width=\"750\" height=\"500\" srcset=\"https:\/\/roztocze24.info\/wp-content\/uploads\/2019\/03\/IMG_4623.jpg 750w, https:\/\/roztocze24.info\/wp-content\/uploads\/2019\/03\/IMG_4623-300x200.jpg 300w\" sizes=\"auto, (max-width: 750px) 85vw, 750px\" \/><\/p>\n<p>Korci mnie, aby ponownie zag\u0142\u0119bi\u0107 si\u0119 w lasy Puszczy Solskiej i pojecha\u0107 na mostek do Fryszarki (<em>zielonym<\/em> szlakiem rowerowym Ziemi J\u00f3zefowskiej), no ale mia\u0142em wszak trzyma\u0107 si\u0119 szlaku Centralnego. Przyspieszam i mkn\u0119 dalej za znakami <em>czerwonymi<\/em>.<\/p>\n<p>Na skraju J\u00f3zefowa \u0142adne piaszczyste wydmy, a po prawej widok na Puszcz\u0119 Solsk\u0105. Jeszcze skrzy\u017cowanie w <strong>Hamerni<\/strong> (szosa w prawo prowadzi do rezerwatu <em>Czartowe Pole<\/em> z bodaj najpi\u0119kniejszymi roztocza\u0144skimi wodospadami, a tak\u017ce z ruinami starej ordynackiej papierni) i ponownie zaczyna si\u0119 odcinek le\u015bny. Po lewej mijam przyjemne torfowisko, podobne do Tarnowolskiego, tyle, \u017ce tutaj zdecydowanie \u0142atwiej dojecha\u0107 i to nie tylko rowerem.<\/p>\n<p class=\"center\"><img loading=\"lazy\" decoding=\"async\" class=\"aligncenter size-full wp-image-5916\" src=\"http:\/\/roztocze24.info\/wp-content\/uploads\/2019\/03\/IMG.jpg\" alt=\"\" width=\"750\" height=\"500\" srcset=\"https:\/\/roztocze24.info\/wp-content\/uploads\/2019\/03\/IMG.jpg 750w, https:\/\/roztocze24.info\/wp-content\/uploads\/2019\/03\/IMG-300x200.jpg 300w\" sizes=\"auto, (max-width: 750px) 85vw, 750px\" \/><\/p>\n<p>W <strong>Nowinach<\/strong> ponownie na szlaku szosa. Przecinam tory linii kolejowej Rejowiec \u2013 Be\u0142\u017cec. Jakie\u015b 2 km na p\u0142n. znajduje si\u0119 du\u017cy zalew, jednak czasu mam ju\u017c zbyt ma\u0142o na odwiedziny. Na skraju <strong>Majdanu Sopockiego<\/strong> skr\u0119t w prawo. Polna droga doprowadza do <strong>Oseredka<\/strong> (we wsi muzeum po\u017carnictwa). Po drodze raz jeszcze przecinam tory. Za jak\u0105\u015b godzin\u0119 b\u0119d\u0119 t\u0119dy jecha\u0142 poci\u0105giem.<\/p>\n<p><img loading=\"lazy\" decoding=\"async\" class=\"aligncenter size-full wp-image-5917\" src=\"http:\/\/roztocze24.info\/wp-content\/uploads\/2019\/03\/IMG_4210.jpg\" alt=\"\" width=\"750\" height=\"500\" srcset=\"https:\/\/roztocze24.info\/wp-content\/uploads\/2019\/03\/IMG_4210.jpg 750w, https:\/\/roztocze24.info\/wp-content\/uploads\/2019\/03\/IMG_4210-300x200.jpg 300w\" sizes=\"auto, (max-width: 750px) 85vw, 750px\" \/><\/p>\n<p>Teraz szybka jazda do <strong>Su\u015bca<\/strong>, zakupy w sklepie spo\u017cywczym \u2013 i ju\u017c melduj\u0119 si\u0119 na peronie mojej ulubionej roztocza\u0144skiej stacji. Ogrzewaj\u0105c si\u0119 w popo\u0142udniowym s\u0142o\u0144cu czekam na tradycyjnie w 2004 r. op\u00f3\u017aniony poci\u0105g Roztocze (relacji Rawa Ruska \u2013 Warszawa).<\/p>\n<p><strong>Wyprawa II<\/strong><\/p>\n<p>Na Centralny Szlak Rowerowy Roztocza powr\u00f3ci\u0142em na wiosn\u0119 2005 r. Tym razem pocz\u0105tek w <strong>Su\u015bcu<\/strong> (dojazd poci\u0105giem z Lublina). Wtedy jeszcze nie wiedzia\u0142em, \u017ce w centrum stanie tu pomnik Kargula i Pawlaka, bohater\u00f3w s\u0142ynnej trylogii <em>S<\/em><em>ami Swoi<\/em>. Re\u017cyser tych film\u00f3w, pan Sylwester Ch\u0119ci\u0144ski, pochodzi w\u0142a\u015bnie z Su\u015bca.<\/p>\n<p><img loading=\"lazy\" decoding=\"async\" class=\"aligncenter size-full wp-image-5935\" src=\"http:\/\/roztocze24.info\/wp-content\/uploads\/2019\/03\/IMG_9049.jpg\" alt=\"\" width=\"333\" height=\"500\" srcset=\"https:\/\/roztocze24.info\/wp-content\/uploads\/2019\/03\/IMG_9049.jpg 333w, https:\/\/roztocze24.info\/wp-content\/uploads\/2019\/03\/IMG_9049-200x300.jpg 200w\" sizes=\"auto, (max-width: 333px) 85vw, 333px\" \/><\/p>\n<p>Najpierw kr\u00f3tki odcinek le\u015bny. Opodal przyjemnej kapliczki przecinam tory roztocza\u0144skiej linii kolejowej. Niebawem, po prawej, \u0142adny widok na wzg\u00f3rza. Jestem we wsi <strong>W\u00f3lka \u0141osiniecka<\/strong>.<\/p>\n<p>Szlak opuszcza szos\u0119 tomaszowsk\u0105 i skr\u0119ca w prawo. Teraz g\u0142\u00f3wna cz\u0119\u015b\u0107 W\u00f3lki \u0141osinieckiej, troch\u0119 piaszczystej drogi i ju\u017c lasy na skraju \u0141osi\u0144ca. <em>Czarny<\/em> pieszy szlak doj\u015bciowy prowadzi od cmentarza z okresu II wojny \u015bwiatowej do pami\u0105tkowego pomnika, postawionego w miejscu gaj\u00f3wki, w kt\u00f3rej J\u00f3zef Pi\u0142sudski zatrzyma\u0142 si\u0119 przed przekroczeniem granicy Kongres\u00f3wki z Galicj\u0105 w 1901 r. Miejsce przyjemne, a w lesie \u0142awa, przy kt\u00f3rej mo\u017cna odpocz\u0105\u0107.<\/p>\n<p>Zje\u017cd\u017cam nast\u0119pnie do <strong>\u0141osi\u0144ca<\/strong>. Nieopodal wywierzyska potoku \u0141osinieckiego jeszcze niedawno znajdowa\u0142 si\u0119 mostek zbudowany ze skrzyd\u0142a samolotu Messerschmitt 323, zestrzelonego w 1944 r. Teraz zast\u0105piono t\u0119 star\u0105 k\u0142adk\u0119 ca\u0142kiem now\u0105, a skrzyd\u0142o wyeksponowano tu\u017c co obok.<\/p>\n<p><img loading=\"lazy\" decoding=\"async\" class=\"aligncenter size-full wp-image-4721\" src=\"http:\/\/roztocze24.info\/wp-content\/uploads\/2019\/03\/IMG_6914.jpg\" alt=\"\" width=\"750\" height=\"500\" srcset=\"https:\/\/roztocze24.info\/wp-content\/uploads\/2019\/03\/IMG_6914.jpg 750w, https:\/\/roztocze24.info\/wp-content\/uploads\/2019\/03\/IMG_6914-300x200.jpg 300w\" sizes=\"auto, (max-width: 750px) 85vw, 750px\" \/><\/p>\n<p>Obecno\u015b\u0107 potoku jest jeszcze o tyle istotna, \u017ce kiedy\u015b wzniesiono na nim wiele m\u0142yn\u00f3w. Intryguj\u0105ce s\u0105 nazwiska ich w\u0142a\u015bcicieli: Ba\u0142akuta, Waniutczyna, Sikliwie. Nieopodal drewniany ko\u015bci\u00f3\u0142 (dawna cerkiew) z XVIII w. Nieco dalej, za wsi\u0105, stara murowana kapliczka. Napisy na niej s\u0105 wyryte cyrylic\u0105.<\/p>\n<p>Szlak zmierza do wsi <strong>Mazi\u0142y<\/strong>. Mijam stacj\u0119 kolejow\u0105. Swego czasu w\u0142a\u015bnie tu uca\u0142owa\u0142em peron. By\u0142o to po wielogodzinnej w\u0119dr\u00f3wce, gdy przepe\u0142nia\u0142o mnie szcz\u0119\u015bcie, \u017ce zd\u0105\u017cy\u0142em na wieczorny powrotny poci\u0105g do bazy do Su\u015bca, ale to temat na inn\u0105 opowie\u015b\u0107.<\/p>\n<p>Szlak prowadzi teraz w pobli\u017cu tor\u00f3w roztocza\u0144skiej linii kolejowej. Jest przyjemnie, cho\u0107 piaszczysto. Dalej<strong> Podlesina<\/strong>. Mi\u0142o wspominam tu pobyt na kwaterze agroturystycznej. W \u015brodku wsi efektowne \u017ar\u00f3de\u0142ko Krynica, warto przy nim si\u0119 na chwil\u0119 zatrzyma\u0107.<\/p>\n<p><img loading=\"lazy\" decoding=\"async\" class=\"aligncenter size-full wp-image-5920\" src=\"http:\/\/roztocze24.info\/wp-content\/uploads\/2019\/03\/IMG_3346.jpg\" alt=\"\" width=\"750\" height=\"500\" srcset=\"https:\/\/roztocze24.info\/wp-content\/uploads\/2019\/03\/IMG_3346.jpg 750w, https:\/\/roztocze24.info\/wp-content\/uploads\/2019\/03\/IMG_3346-300x200.jpg 300w\" sizes=\"auto, (max-width: 750px) 85vw, 750px\" \/><\/p>\n<p>Utwardzany dukt wiedzie dalej nieco pod g\u00f3r\u0119 do wsi <strong>Chy\u017ce<\/strong>. Za lasem przysi\u00f3\u0142ek Zag\u00f3ra, to ju\u017c skraj Be\u0142\u017cca. Szlak prowadzi nieopodal przyjemnej piaszczystej skarpy.<\/p>\n<p>W <strong>Be\u0142\u017ccu<\/strong> szlak bardzo kluczy, no ale jego autorzy musieli wszak omin\u0105\u0107 17-tk\u0119. Niebawem mijam budynek stacji PKP. Rozstajemy si\u0119 z Roztoczem \u015arodkowym \u2013 przed nami Roztocze Po\u0142udniowe.<\/p>\n<p><em>jesie\u0144 2004 i wiosna 2005 r.<\/em><\/p>\n<p><a href=\"https:\/\/roztocze24.info\/?page_id=889\">Etap II, cz\u0119\u015b\u0107 2: Be\u0142\u017cec &#8211; Hrebenne<\/a><\/p>\n","protected":false},"excerpt":{"rendered":"<p>Zwierzyniec \u2013 Sochy \u2013 Tereszpol \u2013 Stare G\u00f3recko \u2013 J\u0119zor Tarnowolski \u2013 J\u00f3zef\u00f3w \u2013 Nowiny \u2013 Susiec \u2013 \u0141osiniec \u2013 Mazi\u0142y \u2013 Be\u0142\u017cec Info Etap II szlaku wyznakowano na prze\u0142omie 2004 i 2005 r. Ca\u0142o\u015b\u0107 znakowana jest kolorem czerwonym. Szlak jest do\u015b\u0107 \u0142atwy, prowadzi g\u0142\u00f3wnie bocznymi szosami.&nbsp; W sezonie pomoc\u0105 s\u0142u\u017c\u0105 tak\u017ce stacje kolejowe, z &hellip; <a href=\"https:\/\/roztocze24.info\/?page_id=903\" class=\"more-link\">Czytaj dalej<span class=\"screen-reader-text\"> \u201eCentralny Szlak Rowerowy Roztocza Etap II, cz\u0119\u015b\u0107 1: Zwierzyniec &#8211; Be\u0142\u017cec, 60 km\u201d<\/span><\/a><\/p>\n","protected":false},"author":1,"featured_media":0,"parent":5846,"menu_order":0,"comment_status":"closed","ping_status":"closed","template":"","meta":{"footnotes":""},"class_list":["post-903","page","type-page","status-publish","hentry"],"_links":{"self":[{"href":"https:\/\/roztocze24.info\/index.php?rest_route=\/wp\/v2\/pages\/903","targetHints":{"allow":["GET"]}}],"collection":[{"href":"https:\/\/roztocze24.info\/index.php?rest_route=\/wp\/v2\/pages"}],"about":[{"href":"https:\/\/roztocze24.info\/index.php?rest_route=\/wp\/v2\/types\/page"}],"author":[{"embeddable":true,"href":"https:\/\/roztocze24.info\/index.php?rest_route=\/wp\/v2\/users\/1"}],"replies":[{"embeddable":true,"href":"https:\/\/roztocze24.info\/index.php?rest_route=%2Fwp%2Fv2%2Fcomments&post=903"}],"version-history":[{"count":6,"href":"https:\/\/roztocze24.info\/index.php?rest_route=\/wp\/v2\/pages\/903\/revisions"}],"predecessor-version":[{"id":6466,"href":"https:\/\/roztocze24.info\/index.php?rest_route=\/wp\/v2\/pages\/903\/revisions\/6466"}],"up":[{"embeddable":true,"href":"https:\/\/roztocze24.info\/index.php?rest_route=\/wp\/v2\/pages\/5846"}],"wp:attachment":[{"href":"https:\/\/roztocze24.info\/index.php?rest_route=%2Fwp%2Fv2%2Fmedia&parent=903"}],"curies":[{"name":"wp","href":"https:\/\/api.w.org\/{rel}","templated":true}]}}