{"id":906,"date":"2016-02-20T19:20:36","date_gmt":"2016-02-20T19:20:36","guid":{"rendered":"http:\/\/roztocze24.info\/turysta-2\/srodkowe\/roztocze_sztolnie_senderki\/"},"modified":"2021-05-05T19:09:38","modified_gmt":"2021-05-05T17:09:38","slug":"roztocze_sztolnie_senderki","status":"publish","type":"page","link":"https:\/\/roztocze24.info\/?page_id=906","title":{"rendered":"Sztolnie w Potoku Senderki"},"content":{"rendered":"\n<div class=\"wp-block-image\"><figure class=\"aligncenter\"><img loading=\"lazy\" decoding=\"async\" width=\"750\" height=\"500\" src=\"http:\/\/roztocze24.info\/wp-content\/uploads\/2019\/03\/Sztol8.jpg\" alt=\"\" class=\"wp-image-5498\" srcset=\"https:\/\/roztocze24.info\/wp-content\/uploads\/2019\/03\/Sztol8.jpg 750w, https:\/\/roztocze24.info\/wp-content\/uploads\/2019\/03\/Sztol8-300x200.jpg 300w\" sizes=\"auto, (max-width: 750px) 85vw, 750px\" \/><\/figure><\/div>\n\n\n\n<p><\/p>\n\n\n\n<p>Potok Senderki to dawny o\u015brodek obr\u00f3bki kamieni (razem z pobliskimi G\u00f3rnikami) prowadzony przez osiedlonych tu niegdy\u015b najprawdziwszych g\u00f3rnik\u00f3w. Produkowano w nim kamienie m\u0142y\u0144skie i browarne. Piaskowiec wydobywano ju\u017c pono\u0107 w XVII w., a mo\u017ce nawet XVI w. Wydobycie zako\u0144czono w latach 60. XX w., gdy nie by\u0142o ju\u017c zapotrzebowania na ko\u0142a m\u0142y\u0144skie.<\/p>\n\n\n\n<p>Pierwsze informacje na ten temat znalaz\u0142em w starym numerze nieistniej\u0105cego ju\u017c pisma <em>Go\u015bciniec<\/em> (nr 7\/1977).<\/p>\n\n\n\n<p>Wielokrotnie przechodzi\u0142em w pobli\u017cu, ale jako\u015b nigdy nie chcia\u0142o mi si\u0119 tych sztolni poszuka\u0107. Po prostu nie przypuszcza\u0142em, \u017ce obiekty te mog\u0105 by\u0107 a\u017c tak ciekawe. Ostatecznie jednak decyzja zapad\u0142a i w pewien ciep\u0142y i s\u0142oneczny wrze\u015bniowy dzie\u0144 2000 r. przyszed\u0142 czas na pierwsz\u0105 wizyt\u0119. Potem by\u0142o ich jeszcze wiele\u2026<\/p>\n\n\n\n<p>Aby trafi\u0107 do sztolni najpierw trzeba dotrze\u0107 do wsi Potok Senderki. Mo\u017cna skorzysta\u0107 ze szlak\u00f3w turystycznych Centralnego <em>niebieskiego<\/em>, czy te\u017c <em>zielonego<\/em> im. A. Wachniewskiej. W p\u00f3\u017aniejszym okresie wyznakowano tak\u017ce \u015bcie\u017cki dydaktyczne poprowadzone z le\u015bnego parkingu po\u0142o\u017conego nieopodal stacji PKP J\u00f3zef\u00f3w Roztocza\u0144ski, lub z Huty Starej. Pojawi\u0142y si\u0119 tak\u017ce specjalne tablice z podstawowymi informacjami.<\/p>\n\n\n\n<p>W okolicy mo\u017cna poszuka\u0107 torowiska dawnej kr\u00f3tkiej kolejki w\u0105skotorowej, a tak\u017ce monumentalnych bluszczy malowniczo oplataj\u0105cych sosny.<\/p>\n\n\n\n<p>Nasz\u0105 wycieczk\u0119 zaczynamy z zach. skraju wsi. St\u0105d w\u0119drujemy le\u015bn\u0105 dr\u00f3\u017ck\u0105 (na przed\u0142u\u017ceniu g\u0142\u00f3wnej drogi prowadz\u0105cej przez Senderki) przecinamy zagajnik i wychodzimy na pola. W ich g\u0142\u0105b prowadz\u0105 liczne j\u0119zyki lasu.<\/p>\n\n\n\n<div class=\"wp-block-image\"><figure class=\"aligncenter\"><img loading=\"lazy\" decoding=\"async\" width=\"759\" height=\"500\" src=\"http:\/\/roztocze24.info\/wp-content\/uploads\/2019\/03\/Sztol1.jpg\" alt=\"\" class=\"wp-image-5494\" srcset=\"https:\/\/roztocze24.info\/wp-content\/uploads\/2019\/03\/Sztol1.jpg 759w, https:\/\/roztocze24.info\/wp-content\/uploads\/2019\/03\/Sztol1-300x198.jpg 300w\" sizes=\"auto, (max-width: 759px) 85vw, 759px\" \/><\/figure><\/div>\n\n\n\n<p><\/p>\n\n\n\n<p>To w\u0142a\u015bnie w nich, na dnie w\u0105woz\u00f3w, nale\u017cy szuka\u0107 sztolni, najd\u0142u\u017csze z nich maj\u0105 ok. 100 metr\u00f3w. Nie wszystkie s\u0105 dost\u0119pne. Czasem wej\u015bcie ju\u017c zasypane.<\/p>\n\n\n\n<div class=\"wp-block-image\"><figure class=\"aligncenter\"><img loading=\"lazy\" decoding=\"async\" width=\"756\" height=\"500\" src=\"http:\/\/roztocze24.info\/wp-content\/uploads\/2019\/03\/Sztol2.jpg\" alt=\"\" class=\"wp-image-5499\" srcset=\"https:\/\/roztocze24.info\/wp-content\/uploads\/2019\/03\/Sztol2.jpg 756w, https:\/\/roztocze24.info\/wp-content\/uploads\/2019\/03\/Sztol2-300x198.jpg 300w\" sizes=\"auto, (max-width: 756px) 85vw, 756px\" \/><\/figure><\/div>\n\n\n\n<p><\/p>\n\n\n\n<div class=\"wp-block-image\"><figure class=\"aligncenter\"><img loading=\"lazy\" decoding=\"async\" width=\"751\" height=\"500\" src=\"http:\/\/roztocze24.info\/wp-content\/uploads\/2019\/03\/Sztol3.jpg\" alt=\"\" class=\"wp-image-5500\" srcset=\"https:\/\/roztocze24.info\/wp-content\/uploads\/2019\/03\/Sztol3.jpg 751w, https:\/\/roztocze24.info\/wp-content\/uploads\/2019\/03\/Sztol3-300x200.jpg 300w\" sizes=\"auto, (max-width: 751px) 85vw, 751px\" \/><\/figure><\/div>\n\n\n\n<p><\/p>\n\n\n\n<div class=\"wp-block-image\"><figure class=\"aligncenter\"><img loading=\"lazy\" decoding=\"async\" width=\"754\" height=\"500\" src=\"http:\/\/roztocze24.info\/wp-content\/uploads\/2019\/03\/Sztol5.jpg\" alt=\"\" class=\"wp-image-5502\" srcset=\"https:\/\/roztocze24.info\/wp-content\/uploads\/2019\/03\/Sztol5.jpg 754w, https:\/\/roztocze24.info\/wp-content\/uploads\/2019\/03\/Sztol5-300x199.jpg 300w\" sizes=\"auto, (max-width: 754px) 85vw, 754px\" \/><\/figure><\/div>\n\n\n\n<p><\/p>\n\n\n\n<p class=\"center\">Na zdj\u0119ciach wida\u0107 drewniane pale.<strong> S\u0105 one ca\u0142kowicie zbutwia\u0142e i nie podtrzymuj\u0105 stropu.<\/strong> Ca\u0142a konstrukcja opiera si\u0119 w rzeczywisto\u015bci na kamiennych murkach.<\/p>\n\n\n\n<div class=\"wp-block-image\"><figure class=\"aligncenter\"><img loading=\"lazy\" decoding=\"async\" width=\"748\" height=\"500\" src=\"http:\/\/roztocze24.info\/wp-content\/uploads\/2019\/03\/Sztol6-1.jpg\" alt=\"\" class=\"wp-image-5501\" srcset=\"https:\/\/roztocze24.info\/wp-content\/uploads\/2019\/03\/Sztol6-1.jpg 748w, https:\/\/roztocze24.info\/wp-content\/uploads\/2019\/03\/Sztol6-1-300x201.jpg 300w\" sizes=\"auto, (max-width: 748px) 85vw, 748px\" \/><\/figure><\/div>\n\n\n\n<p><\/p>\n\n\n\n<p><strong>Niestety murki te w ostatnich latach ulegaj\u0105 wybrzuszeniu.<\/strong> <strong>Zwiedzanie korytarzy nie jest wi\u0119c obecnie bezpieczne, dzi\u015b ju\u017c na wej\u015bcie bym si\u0119 na pewno nie decydowa\u0142!\u00a0<\/strong>Za to w\u00a0\u015brodku dobrze czuj\u0105 si\u0119 nietoperze, to ich ostoja wpisana na list\u0119 NATURA 2000.<\/p>\n\n\n\n<p><em>Jesie\u0144 2000\/jesie\u0144 2001 r.<\/em><\/p>\n","protected":false},"excerpt":{"rendered":"<p>Potok Senderki to dawny o\u015brodek obr\u00f3bki kamieni (razem z pobliskimi G\u00f3rnikami) prowadzony przez osiedlonych tu niegdy\u015b najprawdziwszych g\u00f3rnik\u00f3w. Produkowano w nim kamienie m\u0142y\u0144skie i browarne. Piaskowiec wydobywano ju\u017c pono\u0107 w XVII w., a mo\u017ce nawet XVI w. Wydobycie zako\u0144czono w latach 60. XX w., gdy nie by\u0142o ju\u017c zapotrzebowania na ko\u0142a m\u0142y\u0144skie. Pierwsze informacje na &hellip; <a href=\"https:\/\/roztocze24.info\/?page_id=906\" class=\"more-link\">Czytaj dalej<span class=\"screen-reader-text\"> \u201eSztolnie w Potoku Senderki\u201d<\/span><\/a><\/p>\n","protected":false},"author":1,"featured_media":0,"parent":895,"menu_order":0,"comment_status":"closed","ping_status":"closed","template":"","meta":{"footnotes":""},"class_list":["post-906","page","type-page","status-publish","hentry"],"_links":{"self":[{"href":"https:\/\/roztocze24.info\/index.php?rest_route=\/wp\/v2\/pages\/906","targetHints":{"allow":["GET"]}}],"collection":[{"href":"https:\/\/roztocze24.info\/index.php?rest_route=\/wp\/v2\/pages"}],"about":[{"href":"https:\/\/roztocze24.info\/index.php?rest_route=\/wp\/v2\/types\/page"}],"author":[{"embeddable":true,"href":"https:\/\/roztocze24.info\/index.php?rest_route=\/wp\/v2\/users\/1"}],"replies":[{"embeddable":true,"href":"https:\/\/roztocze24.info\/index.php?rest_route=%2Fwp%2Fv2%2Fcomments&post=906"}],"version-history":[{"count":6,"href":"https:\/\/roztocze24.info\/index.php?rest_route=\/wp\/v2\/pages\/906\/revisions"}],"predecessor-version":[{"id":7893,"href":"https:\/\/roztocze24.info\/index.php?rest_route=\/wp\/v2\/pages\/906\/revisions\/7893"}],"up":[{"embeddable":true,"href":"https:\/\/roztocze24.info\/index.php?rest_route=\/wp\/v2\/pages\/895"}],"wp:attachment":[{"href":"https:\/\/roztocze24.info\/index.php?rest_route=%2Fwp%2Fv2%2Fmedia&parent=906"}],"curies":[{"name":"wp","href":"https:\/\/api.w.org\/{rel}","templated":true}]}}