{"id":911,"date":"2016-02-20T19:20:36","date_gmt":"2016-02-20T19:20:36","guid":{"rendered":"http:\/\/roztocze24.info\/turysta-2\/szlaki\/roztocze_ukrainskie\/"},"modified":"2024-05-10T19:20:16","modified_gmt":"2024-05-10T17:20:16","slug":"roztocze_ukrainskie","status":"publish","type":"page","link":"https:\/\/roztocze24.info\/?page_id=911","title":{"rendered":"Szlaki turystyczne na Ukrainie"},"content":{"rendered":"\n<h4 class=\"wp-block-heading\">\u015acie\u017cki dydaktyczne<\/h4>\n\n\n\n<p>Wszystkie \u015bcie\u017cki znakowane s\u0105 rombami w kolorach bia\u0142ym lub \u017c\u00f3\u0142tym. Ostatnio zacz\u0119to je przemalowywa\u0107 wg znanego nam systemu: pasek kolorowy pomi\u0119dzy bia\u0142ymi. Jest tak ju\u017c w Krechowie. Wojna uniemo\u017cliwia jednak aktualizacj\u0119.<\/p>\n\n\n\n<p><strong>Lelech\u00f3wka &#8211; wzg\u00f3rze Bu\u0142awa &#8211; Stawki, znaki bia\u0142e, ok. 11 km<\/strong>. Trasa w terenie mocno ju\u017c zatarta. Znikn\u0119\u0142y np. tabliczki w miejscu rozej\u015bcia ze szlakiem do Majda\u0144skiego Lasu. Oryginalnie mia\u0142a prowadzi\u0107 do \u015aredniego Garbu, jednak od dawna urywa si\u0119 na skraju lasu w pobli\u017cu wsi Stawki i najdogodniej schodzi\u0107 w\u0142a\u015bnie do tej wsi. Bu\u0142awa to najwy\u017csze wzniesienie Roztocza Janowskiego. Uwaga! Ostatnio oznakowanie trasy uleg\u0142o w terenie zatarciu!<\/p>\n\n\n\n<p><strong>Lelech\u00f3wka &#8211; Majda\u0144ski Las &#8211; Sto\u0142owy Kamie\u0144 &#8211; Lelech\u00f3wka, znaki bia\u0142e, ok. 7 km<\/strong>. Kolejny szlak w terenie mocno ju\u017c zatarty. Od ska\u0142 proponuje powr\u00f3t do Lelech\u00f3wki t\u0105 sam\u0105 drog\u0105 (trasa prowadzi wprawdzie od ska\u0142 dalej do Majda\u0144skiego Jeziora, jest jednak miejscami ca\u0142kowicie zaro\u015bni\u0119ta). Uwaga! Ostatnio oznakowanie trasy uleg\u0142o w terenie zatarciu!<\/p>\n\n\n\n<p><strong>\u015acie\u017cka w Krechowie do groty Tymosza i \u017ar\u00f3de\u0142ka, znaki \u017c\u00f3\u0142te, 3 km.<\/strong> Jest to podstawowa trasy p\u0105tnicza od Monastyru w Krechowie do grot wykutych w skale (datowanych na XVI i XVII w.). W drodze powrotnej schodzimy do kapliczki ze \u017ar\u00f3de\u0142kiem po\u0142o\u017conej na dnie przepi\u0119knego w\u0105wozu. Id\u0105c od strony grot w stron\u0119 \u017ar\u00f3de\u0142ka, je\u017celi interesuje nas r\u00f3wnie\u017c teren dawnej wsi Go\u0142\u0119bie, to nie schodzimy do w\u0105wozu, tylko idziemy dalej szczytem wierzchowiny za bia\u0142ymi r\u0105bami. Wie\u015b Go\u0142\u0119bie zosta\u0142a wysiedlona przy okazji budowy pobliskiego ogromnego poligonu. Prowadzi\u0142a t\u0119dy niegdy\u015b \u015bcie\u017cka Go\u0142\u0119bie, dzi\u015b ju\u017c zatarta.<\/p>\n\n\n\n<p><strong>\u015acie\u017cka im. I. Franki w Lelech\u00f3wce, znaki bia\u0142e, 5 km<\/strong>. Jad\u0105c szos\u0105 Jawor\u00f3w &#8211; Lw\u00f3w w miejscowo\u015bci Iwano-Frankowe (dawny Jan\u00f3w) nale\u017cy skr\u0119ci\u0107 w szutrow\u0105 drog\u0119 do Lelech\u00f3wce, prowadz\u0105c\u0105 w pobli\u017cu skraju du\u017cego kompleksu staw\u00f3w (z tym najs\u0142ynniejszym &#8211; Janowskim). \u015acie\u017cka nosi imi\u0119 ukrai\u0144skiego poety Iwana Franki, kt\u00f3ry faktycznie tu bywa\u0142. Na jej trasie odnale\u017a\u0107 mo\u017cna rze\u017aby, przedstawiaj\u0105ce postaci z utwor\u00f3w tego poety, oraz ciekawostki przyrodnicze, takie jak malownicze Czarne Jeziora, czy Bia\u0142a Ska\u0142a.<\/p>\n\n\n\n<p><strong>\u015acie\u017cka w Wereszycy, znaki bia\u0142e lub \u017c\u00f3\u0142te, 4 lub 7 km<\/strong>. Propozycja wyprawy le\u015bnej. Ciekawostki historyczne to cmentarz wojenny w Wereszczycy i cmentarz parafialny na terenie dawnej wsi \u0141uczycha. Ciekawostka przyrodnicza to Wilcza Jama &#8211; w\u0105w\u00f3z z grupami sporych ska\u0142ek. Wersja kr\u00f3tsza znakowana jest \u017c\u00f3\u0142tymi r\u0105bami, a d\u0142u\u017csza bia\u0142ymi. Wilcza Jama znajduje si\u0119 na \u015bcie\u017cce bia\u0142ej.<\/p>\n\n\n\n<p><strong>\u015acie\u017cka Wo\u0142kowica w Rawie Ruskiej, znaki r\u00f3\u017cowo-\u017c\u00f3\u0142te, ok. 4 km<\/strong>. Trasa prowadzi w\u015br\u00f3d w\u0105woz\u00f3w na wzg\u00f3rze Wo\u0142kowica. To tak\u017ce miejsce historyczne: na trasie znajduj\u0105 si\u0119 dwa cmentarze wojenne, \u017co\u0142nierzy francuskich i rosyjskich. Pocz\u0105tek \u015bcie\u017cki na skraju lasu, przy szosie prowadz\u0105cej z Rawy Ruskiej do Magierowa. <\/p>\n\n\n\n<p><strong>\u015acie\u017cka Wododzia\u0142 w okolicy Fujny, znaki \u017c\u00f3\u0142te, ok. 4 km<\/strong>. Trasa prowadzi grzbietem wododzia\u0142u rozdzielaj\u0105cego zlewnie Morza Ba\u0142tyckiego i Morza Czarnego. Pocz\u0105tek przy drodze Krech\u00f3w &#8211; Iwano-Frankowe (dawny Jan\u00f3w). D\u0142ugo\u015b\u0107 ok. 4 km (liczy\u0107 trzeba jednak podw\u00f3jnie &#8211; powr\u00f3t t\u0105 sam\u0105 tras\u0105).<\/p>\n\n\n\n<p><strong>\u015acie\u017cka Stare drzewa w Stawkach, znaki \u017c\u00f3\u0142te, ok. 4 km.<\/strong> Na trasie kilka pomnik\u00f3w przyrody (d\u0119by i sosny), \u015br\u00f3dle\u015bne jeziorko i \u0142adny las. \u015acie\u017cka zaczyna si\u0119 na ko\u0144cu wsi, Stawki, od lasem &#8211; tam tablica ze schematem jej przebiegu. G\u0142\u00f3wn\u0105 drog\u0105 le\u015bn\u0105 w\u0119drujemy ok. 1 km bez znak\u00f3w, dalej ju\u017c za znakami. Uwaga! Oznakowanie \u015bcie\u017cki przetrzebione!<\/p>\n\n\n\n<p><strong>\u015acie\u017cka w Nied\u017awiedzim Sanktuarium we wsi Doma\u017cyr, 1 km.<\/strong> Nied\u017awiedzie Sanktuarium to rozleg\u0142y fragment lasu i p\u00f3l zosta\u0142 ogrodzony, w kt\u00f3rym nied\u017awiedzie \u017cyj\u0105 w stanie p\u00f3\u0142wolnym. \u015arodkiem poprowadzono okr\u0119\u017cn\u0105 \u015bcie\u017ck\u0119 spacerow\u0105 z&nbsp;pomostami widokowymi. Zadbano tak\u017ce o solidne zabezpieczenia, mowa tu wszak o&nbsp;wyj\u0105tkowo silnych zwierz\u0119tach. Miejsce to nale\u017cy do sieci: Four Paws\/Cztery \u0141apy.<\/p>\n\n\n\n<p><strong>\u015acie\u017cka na Czartowsk\u0105 Ska\u0142\u0119 we Lwowie, znaki \u017c\u00f3\u0142te, ok. 2 km<\/strong>. \u015acie\u017cka zaczyna si\u0119 przy drewnianej bramie, przy szosie do Winnik. Powr\u00f3t t\u0105 sam\u0105 drog\u0105.<\/p>\n\n\n\n<h4 class=\"wp-block-heading\">Szlaki rowerowe<\/h4>\n\n\n\n<p><strong>\u017b\u00f3\u0142kiew &#8211; Krech\u00f3w &#8211; Stradcz &#8211; Brzuchowice &#8211; Lw\u00f3w, znakowany kolorem zielonym, 67 km.<\/strong> Szczeg\u00f3\u0142owy przebieg trasy: \u017b\u00f3\u0142kiew (stacja kolejowa) &#8211; Krech\u00f3w (do Monastyru prowadzi nieznakowana wycieczka boczna) &#8211; Fujna &#8211; europejski dzia\u0142 wodny: dzia\u0142 zlewisk Ba\u0142tyku i Morza Czarnego &#8211; D\u0105browa (w pobli\u017cu szlaku kamienio\u0142om) &#8211; Iwano-Frankowe (dawny Jan\u00f3w, w pobli\u017cu szlaku Janowski Staw) &#8211; Stradcz &#8211; Jasnyska &#8211; Brzuchowice &#8211; przedmie\u015bcia Lwowa (stacja benzynowa). Oznakowanie trasy to znaki u\u017cywane w Polsce dla szlak\u00f3w pieszych (prostok\u0105t bia\u0142o-zielono-bia\u0142y) oraz znaki z symbolem roweru. Szlak \u0142atwy, prowadzi szosami i drog\u0105 szutrow\u0105. Niestety znaki obecnie s\u0105 bardzo wyblak\u0142e.<\/p>\n\n\n\n<p><strong>Krech\u00f3w &#8211; Magier\u00f3w (docelowo do Potylicza i Rawy Ruskiej), znakowany kolorem zielonym<\/strong> <strong>i<\/strong> <strong>\u017b\u00f3\u0142kiew &#8211; Stara Skwarzawa &#8211; Nowa Skwarzawa &#8211; \u017b\u00f3\u0142kiew, znakowane kolorem zielonym, 22 km<\/strong>. Trasy uzupe\u0142niaj\u0105ce do szlaku \u017b\u00f3\u0142kiew &#8211; Lw\u00f3w.  Niestety znaki obecnie s\u0105 bardzo wyblak\u0142e. <\/p>\n\n\n\n<p><strong>Iwano-Frankowe &#8211; Lelech\u00f3wka &#8211; Wereszyca &#8211; Nowojaworowskie, znakowany kolorem zielonym, 24,5 km.<\/strong> Trasa przecina zar\u00f3wno Rezerwat Roztocze, jak i Jaworowski Park Narodowy (obecnie oba obszary nale\u017c\u0105 do \u015bwiatowego rezerwatu biosfery UNESCO Roztocze).<\/p>\n\n\n\n<p><strong>Centralny Szlak Rowerowy Roztocza: Hrebenne &#8211; Rawa Ruska &#8211; Potylicz &#8211; Krech\u00f3w &#8211; Lw\u00f3w, docelowo znakowany kolorem czerwonym, 72 km.<\/strong> Pojedyncze znaki ju\u017c s\u0105 w terenie, ale lepiej zabra\u0107 ze sob\u0105 map\u0119 Kartpolu z przebiegiem trasy. Szlak ma dwa odcinki boczne: z Krechowa do \u017b\u00f3\u0142kwi i z D\u0105browy do Iwano-Frankowa (dawny Jan\u00f3w). W 2020 r. powinien zosta\u0107 w ca\u0142o\u015bci odnowiony, a odcinek do Iwano-Frankowa zostanie wyd\u0142u\u017cony do Wereszycy.<\/p>\n\n\n\n<h4 class=\"wp-block-heading\">Szlak konny<\/h4>\n\n\n\n<p><strong>P\u0119tla wok\u00f3\u0142 uroczyska Moczary, 2 km.<\/strong>  Uroczysko moczary znajduje si\u0119 na zach. od wsi D\u0105browa, cz\u0119\u015bciowo pokrywa si\u0119 z tras\u0105 piesz\u0105 prowadz\u0105c\u0105 wododzia\u0142em.<\/p>\n","protected":false},"excerpt":{"rendered":"<p>\u015acie\u017cki dydaktyczne Wszystkie \u015bcie\u017cki znakowane s\u0105 rombami w kolorach bia\u0142ym lub \u017c\u00f3\u0142tym. Ostatnio zacz\u0119to je przemalowywa\u0107 wg znanego nam systemu: pasek kolorowy pomi\u0119dzy bia\u0142ymi. Jest tak ju\u017c w Krechowie. Wojna uniemo\u017cliwia jednak aktualizacj\u0119. Lelech\u00f3wka &#8211; wzg\u00f3rze Bu\u0142awa &#8211; Stawki, znaki bia\u0142e, ok. 11 km. Trasa w terenie mocno ju\u017c zatarta. Znikn\u0119\u0142y np. tabliczki w miejscu &hellip; <a href=\"https:\/\/roztocze24.info\/?page_id=911\" class=\"more-link\">Czytaj dalej<span class=\"screen-reader-text\"> \u201eSzlaki turystyczne na Ukrainie\u201d<\/span><\/a><\/p>\n","protected":false},"author":1,"featured_media":0,"parent":909,"menu_order":0,"comment_status":"closed","ping_status":"closed","template":"","meta":{"footnotes":""},"class_list":["post-911","page","type-page","status-publish","hentry"],"_links":{"self":[{"href":"https:\/\/roztocze24.info\/index.php?rest_route=\/wp\/v2\/pages\/911","targetHints":{"allow":["GET"]}}],"collection":[{"href":"https:\/\/roztocze24.info\/index.php?rest_route=\/wp\/v2\/pages"}],"about":[{"href":"https:\/\/roztocze24.info\/index.php?rest_route=\/wp\/v2\/types\/page"}],"author":[{"embeddable":true,"href":"https:\/\/roztocze24.info\/index.php?rest_route=\/wp\/v2\/users\/1"}],"replies":[{"embeddable":true,"href":"https:\/\/roztocze24.info\/index.php?rest_route=%2Fwp%2Fv2%2Fcomments&post=911"}],"version-history":[{"count":3,"href":"https:\/\/roztocze24.info\/index.php?rest_route=\/wp\/v2\/pages\/911\/revisions"}],"predecessor-version":[{"id":8913,"href":"https:\/\/roztocze24.info\/index.php?rest_route=\/wp\/v2\/pages\/911\/revisions\/8913"}],"up":[{"embeddable":true,"href":"https:\/\/roztocze24.info\/index.php?rest_route=\/wp\/v2\/pages\/909"}],"wp:attachment":[{"href":"https:\/\/roztocze24.info\/index.php?rest_route=%2Fwp%2Fv2%2Fmedia&parent=911"}],"curies":[{"name":"wp","href":"https:\/\/api.w.org\/{rel}","templated":true}]}}