{"id":913,"date":"2016-02-20T19:20:36","date_gmt":"2016-02-20T19:20:36","guid":{"rendered":"http:\/\/roztocze24.info\/turysta-2\/szlaki\/roztocze_szlaki_konne\/"},"modified":"2020-01-31T20:45:01","modified_gmt":"2020-01-31T19:45:01","slug":"roztocze_szlaki_konne","status":"publish","type":"page","link":"https:\/\/roztocze24.info\/?page_id=913","title":{"rendered":"Szlaki konne"},"content":{"rendered":"<p>Znakowanie to pomara\u0144czowe k\u00f3\u0142ka na tle bia\u0142ych kwadrat\u00f3w.<\/p>\n<p><strong>U\u0142a\u0144ski Szlak Konny, Roztocze \u015arodkowe. <\/strong>Podstawowa d\u0142ugo\u015b\u0107 szlaku: 43 km. P\u0119tla rozpoczynaj\u0105ca si\u0119 przy stadninie koni ma\u0142opolskich Chutor Tarka w W\u00f3lce Wieprzeckiej. Na trasie m.in. Mokre, \u017bdan\u00f3wek, Bia\u0142owola i Lipsko Polesie (kapliczka).<\/p>\n<p><strong>Roztocza\u0144ski szlak konny, Roztocze \u015arodkowe. <\/strong>Podstawowa d\u0142ugo\u015b\u0107 szlaku: 25 km. Trasa wiedzie z W\u00f3lki Wieprzeckiej do Senderek i zasadniczo pokrywa si\u0119 z pieszym szlakiem zielonym.<\/p>\n<p><strong>Szlak St\u0119pa, Roztocze Zachodnie. <\/strong>Podstawowa d\u0142ugo\u015b\u0107 szlaku: 42 km. P\u0119tla o nast\u0119puj\u0105cym przebiegu: Gorajec &#8211; Mokrelipie &#8211; Zaporze &#8211; Chh\u0142opk\u00f3w &#8211; Gorajec.<\/p>\n<p><strong>Szlak Cwa\u0142, Lasy Janowskie. <\/strong>Podstawowa d\u0142ugo\u015b\u0107 szlaku: 43 km. P\u0119tla o przebiegu: Jan\u00f3w Lubelski &#8211; Porytowe Wzg\u00f3rze &#8211; Momoty Dolne &#8211; Kruczek &#8211; Jan\u00f3w Lubelski.<\/p>\n","protected":false},"excerpt":{"rendered":"<p>Znakowanie to pomara\u0144czowe k\u00f3\u0142ka na tle bia\u0142ych kwadrat\u00f3w. U\u0142a\u0144ski Szlak Konny, Roztocze \u015arodkowe. Podstawowa d\u0142ugo\u015b\u0107 szlaku: 43 km. P\u0119tla rozpoczynaj\u0105ca si\u0119 przy stadninie koni ma\u0142opolskich Chutor Tarka w W\u00f3lce Wieprzeckiej. Na trasie m.in. Mokre, \u017bdan\u00f3wek, Bia\u0142owola i Lipsko Polesie (kapliczka). Roztocza\u0144ski szlak konny, Roztocze \u015arodkowe. Podstawowa d\u0142ugo\u015b\u0107 szlaku: 25 km. Trasa wiedzie z W\u00f3lki Wieprzeckiej &hellip; <a href=\"https:\/\/roztocze24.info\/?page_id=913\" class=\"more-link\">Czytaj dalej<span class=\"screen-reader-text\"> \u201eSzlaki konne\u201d<\/span><\/a><\/p>\n","protected":false},"author":1,"featured_media":0,"parent":909,"menu_order":0,"comment_status":"closed","ping_status":"closed","template":"","meta":{"footnotes":""},"class_list":["post-913","page","type-page","status-publish","hentry"],"_links":{"self":[{"href":"https:\/\/roztocze24.info\/index.php?rest_route=\/wp\/v2\/pages\/913","targetHints":{"allow":["GET"]}}],"collection":[{"href":"https:\/\/roztocze24.info\/index.php?rest_route=\/wp\/v2\/pages"}],"about":[{"href":"https:\/\/roztocze24.info\/index.php?rest_route=\/wp\/v2\/types\/page"}],"author":[{"embeddable":true,"href":"https:\/\/roztocze24.info\/index.php?rest_route=\/wp\/v2\/users\/1"}],"replies":[{"embeddable":true,"href":"https:\/\/roztocze24.info\/index.php?rest_route=%2Fwp%2Fv2%2Fcomments&post=913"}],"version-history":[{"count":1,"href":"https:\/\/roztocze24.info\/index.php?rest_route=\/wp\/v2\/pages\/913\/revisions"}],"predecessor-version":[{"id":7531,"href":"https:\/\/roztocze24.info\/index.php?rest_route=\/wp\/v2\/pages\/913\/revisions\/7531"}],"up":[{"embeddable":true,"href":"https:\/\/roztocze24.info\/index.php?rest_route=\/wp\/v2\/pages\/909"}],"wp:attachment":[{"href":"https:\/\/roztocze24.info\/index.php?rest_route=%2Fwp%2Fv2%2Fmedia&parent=913"}],"curies":[{"name":"wp","href":"https:\/\/api.w.org\/{rel}","templated":true}]}}