{"id":918,"date":"2016-02-20T19:20:37","date_gmt":"2016-02-20T19:20:37","guid":{"rendered":"http:\/\/roztocze24.info\/turysta-2\/tydzien\/"},"modified":"2024-05-10T08:56:19","modified_gmt":"2024-05-10T06:56:19","slug":"tydzien","status":"publish","type":"page","link":"https:\/\/roztocze24.info\/?page_id=918","title":{"rendered":"Tydzie\u0144 na Roztoczu &#8211; informacje og\u00f3lne"},"content":{"rendered":"<p>Aktualizacja: 10.V.2024 r.<\/p>\n<h4>Wprowadzenie<\/h4>\n<p>Planuj\u0105c wyprawy, zawsze dokonuje si\u0119 jakiego\u015b wyboru dost\u0119pnych tras. W przypadku Roztocza nie jest on \u0142atwy. Wybiera\u0107 trzeba w\u015br\u00f3d sieci szlak\u00f3w, z kt\u00f3rych wiele charakteryzuje si\u0119 wybitnymi walorami krajobrazowymi i kulturowymi. W ostatnich latach coraz cz\u0119\u015bciej je\u017cd\u017c\u0119 na rajdy 1 czy 2-dniowe. Takie mam obecnie mo\u017cliwo\u015bci, ale i tak si\u0119 ciesz\u0119, \u017ce moja roztocza\u0144ska przygoda od Kra\u015bnika do Lwowa mo\u017ce trwa\u0107 dalej. Historyczne patrz\u0105c, moje poznawanie Roztocza opiera\u0142o si\u0119 jednak na wyjazdach d\u0142u\u017cszych. W ci\u0105gu kr\u00f3tkiego wypadu ci\u0119\u017cko oderwa\u0107 si\u0119 od codziennych problem\u00f3w, trudniej tak\u017ce <em>poczu\u0107<\/em> t\u0119 specyficzn\u0105 roztocza\u0144sk\u0105 atmosfer\u0119. W\u0142a\u015bnie dlatego zapraszam do tygodniowej wyprawy.<\/p>\n<p><strong>Proponuj\u0119 trzy r\u00f3\u017cne wersje wyprawy: na lato, na wiosn\u0119 i jesie\u0144, oraz na zim\u0119.<\/strong><\/p>\n<p>Wersja letnia to najbardziej obszerna propozycja roztocza\u0144skiej wyprawy. Do wykorzystania tak\u017ce na maj\u00f3wk\u0119.<br \/>\nWersja jesienna (tudzie\u017c wiosenna) to zaproszenie na kr\u00f3tsze wycieczki (bo i dzie\u0144 jest kr\u00f3tki).<br \/>\nWersja zimowa odnosi si\u0119 do tych pi\u0119knych chwil, gdy na Roztoczu le\u017cy sporo \u015bniegu. Gdy go nie ma, mo\u017cna spr\u00f3bowa\u0107 skorzysta\u0107 z propozycji na wiosn\u0119 i jesie\u0144.<\/p>\n<h4>PODSTAWOWE INFORMACJE<\/h4>\n<p><strong>Baza noclegowa<\/strong><br \/>\nNajbardziej popularna na Roztoczu jest obecnie agroturystyka, chocia\u017c coraz wi\u0119cej jest pensjonat\u00f3w i o\u015brodk\u00f3w wypoczynkowych. Oferta jest wyj\u0105tkowo obszerna i \u0142atwa do odnalezienia w Internecie. Ofert\u0119 wzbogacaj\u0105 obiekty sanatoryjne w Hory\u0144cu. W wakacje mo\u017cna zatrzyma\u0107 si\u0119 w sympatycznych schroniskach PTSM w Starym G\u00f3recku (PTSM jest w nowej szkole,\u00a0 ale mo\u017cna te\u017c wybra\u0107 schronisko prywatne znajduj\u0105ce si\u0119 w starej szkole) Krasnobrodzie, Su\u015bcu, Zwierzy\u0144cu, J\u00f3zefowie, Szczebrzeszynie\u00a0 i Tomaszowie Lubelskim. S\u0105 one lokowane zwykle w szko\u0142ach (z wyj\u0105tkami &#8211; Krasnobr\u00f3d). Skorzysta\u0107 mo\u017cna tak\u017ce z noclegu w szko\u0142ach w Werchracie i Hucie R\u00f3\u017canieckiej.<\/p>\n<p><strong>Komunikacja<\/strong><br \/>\n<span style=\"color: windowtext;\">Tradycyjnie <b>polecam dojazd na Roztocze kolej\u0105<\/b>, najlepiej szynobusami Przewoz\u00f3w Regionalnych. <\/span>Korzysta\u0107 z nich mog\u0105 zar\u00f3wno tury\u015bci piesi, jak i rowerzy\u015bci. Sk\u0142ady s\u0105 klimatyzowane, co szczeg\u00f3lnie w okresie upa\u0142\u00f3w ma ogromne znaczenie.<\/p>\n<h4>Najwa\u017cniejsze znaczenie ma linia kolejowa (Lublin) Rejowiec &#8211; Zawada\/Zamo\u015b\u0107 &#8211; Zwierzyniec &#8211; Be\u0142\u017cec &#8211; Horyniec &#8211; Jaros\u0142aw (Rzesz\u00f3w).<\/h4>\n<p class=\"Default\" style=\"text-align: justify;\"><b><span style=\"color: #1c1e21; background: white;\">CODZIENNIE CA\u0141OROCZNIE<br \/>\n<\/span><\/b><span class=\"textexposedshow\"><b><span style=\"color: #1c1e21; background: white;\">Lokalne<\/span><\/b><\/span><span class=\"textexposedshow\"><span style=\"color: #1c1e21; background: white;\"> <b>szynobusy Przewoz\u00f3w Regionalnych<\/b> w relacjach:\u00a0<\/span><\/span><span class=\"textexposedshow\"><b><span style=\"color: #1c1e21; background: white;\">LUBLIN \u2013 ZAMO\u015a\u0106 WSCH\u00d3D i ZAMO\u015a\u0106 WSCH\u00d3D \u2013 BE\u0141\u017bEC<\/span><\/b><\/span><span class=\"textexposedshow\"><span style=\"color: #1c1e21; background: white;\"> (w weekend jedna para do <b>HREBENNEGO<\/b>). Przesiadka w kierunku Roztocza ma miejsce w Zawadzie. Uwaga! W niekt\u00f3rych przypadkach przewidziany czas na przesiadk\u0119 to 4 minuty, podczas gdy internetowe rozk\u0142ady jazdy zak\u0142adaj\u0105 za minimalny czas na przesiadk\u0119 5 minut i nie zawsze wy\u0142apuj\u0105 te po\u0142\u0105czenia. Trzeba wyszukiwa\u0107 oddzielnie Lublin \u2013 Zawada i Zawada \u2013 Be\u0142\u017cec\/ Hrebenne.\u00a0<\/span><\/span><span class=\"textexposedshow\"><span style=\"color: #1c1e21; background: white;\">To kursy osobowe, zatrzymuj\u0105ce si\u0119 na wszystkich stacjach, w tym m.in. w Zawadzie, Zwierzy\u0144cu, J\u00f3zefowie Roztocza\u0144skim i Su\u015bcu. <\/span><\/span><\/p>\n<p class=\"Default\" style=\"text-align: justify;\"><span class=\"textexposedshow\"><b><span style=\"color: #1c1e21; background: white;\">CODZIENNIE W WEEKEND MAJOWY I W WAKACJE<br \/>\n<\/span><\/b><\/span><span class=\"textexposedshow\"><b><span style=\"color: #1c1e21; background: white;\">Lokalne<\/span><\/b><\/span><span class=\"textexposedshow\"><span style=\"color: #1c1e21; background: white;\"> <b>szynobusy Przewoz\u00f3w Regionalnych<\/b> w relacjach:<br \/>\n<\/span><\/span><b style=\"font-size: revert;\"><span style=\"color: #1c1e21; background: white;\">LUBLIN \u2013 BE\u0141\u017bEC i BE\u0141\u017bEC \u2013 LUBLIN<br \/>\n<\/span><\/b><span class=\"textexposedshow\"><span style=\"color: #1c1e21; background: white;\">To kursy osobowe, zatrzymuj\u0105ce si\u0119 na wszystkich stacjach, w tym m.in. w Zawadzie, Zwierzy\u0144cu, J\u00f3zefowie Roztocza\u0144skim i Su\u015bcu.<br \/>\n<\/span><\/span><span class=\"textexposedshow\"><span style=\"color: #1c1e21; background: white;\">Uwaga! Na stacji Zawada poci\u0105gi te skomunikowane s\u0105 z szynobusami z\/do Zamo\u015bcia. <\/span><\/span><\/p>\n<p class=\"Default\" style=\"text-align: justify;\"><span class=\"textexposedshow\"><b><span style=\"color: #1c1e21; background: white;\">\u00a0<\/span><\/b><\/span><span class=\"textexposedshow\"><b><span style=\"color: #1c1e21; background: white;\">W MAJ\u00d3WK\u0118 I W WAKACYJNE SOBOTY I NIEDZIELE<br \/>\n<\/span><\/b><\/span><span class=\"textexposedshow\"><b><span style=\"color: #1c1e21; background: white;\">Lokalne<\/span><\/b><\/span><span class=\"textexposedshow\"><span style=\"color: #1c1e21; background: white;\"> <b>szynobusy Przewoz\u00f3w Regionalnych<\/b> w relacjach:<br \/>\n<\/span><\/span><b style=\"font-size: revert;\"><span style=\"color: #1c1e21; background: white;\">LUBLIN \u2013 BE\u0141\u017bEC \u2013 JAROS\u0141AW i RZESZ\u00d3W \u2013 JAROS\u0141AW \u2013 BE\u0141\u017bEC \u2013 ZAMO\u015a\u0106 WSCH\u00d3D<br \/>\n<\/span><\/b><span class=\"textexposedshow\"><span style=\"color: #1c1e21; background: white;\">To kursy osobowe, zatrzymuj\u0105ce si\u0119 na wszystkich stacjach, w tym m.in. w Zawadzie, Zwierzy\u0144cu, J\u00f3zefowie Roztocza\u0144skim, Su\u015bcu, Hory\u0144cu i Lubaczowie.<\/span><\/span><\/p>\n<p class=\"Default\" style=\"text-align: justify;\"><span class=\"textexposedshow\"><b><span style=\"color: #1c1e21; background: white;\">CODZIENNIE<br \/>\n<\/span><\/b><\/span><span class=\"textexposedshow\"><b><span style=\"color: #1c1e21; background: white;\">Dalekobie\u017cne pospieszne poci\u0105gi PKP Intercity<\/span><\/b><\/span><span class=\"textexposedshow\"><span style=\"color: #1c1e21; background: white;\">.<\/span><\/span><\/p>\n<p class=\"Default\" style=\"text-align: justify;\"><span class=\"textexposedshow\"><b><span style=\"color: #1c1e21; background: white;\">ZAMOYSKI: \u015aWINOUJ\u015aCIE \u2013 WARSZAWA \u2013 LUBLIN \u2013 ZAMO\u015a\u0106 \u2013 HRUBIESZ\u00d3W<\/span><\/b><\/span><\/p>\n<p class=\"Default\" style=\"text-align: justify;\"><span class=\"textexposedshow\"><b><span style=\"color: #1c1e21; background: white;\">HETMAN: WROC\u0141AW \u2013 KATOWICE \u2013 KRAK\u00d3W \u2013 RZESZ\u00d3W \u2013 BI\u0141GORAJ \u2013 ZAMO\u015a\u0106 \u2013 HRUBIESZ\u00d3W<\/span><\/b><\/span><\/p>\n<p class=\"Default\" style=\"text-align: justify;\"><span class=\"textexposedshow\"><b><span style=\"color: #1c1e21; background: white;\">ROZTOCZE: BOHUMIN \u2013 KATOWICE \u2013 KRAK\u00d3W \u2013 RZESZ\u00d3W \u2013 STALOWA WOLA ROZWAD\u00d3W \u2013 KRA\u015aNIK \u2013 LUBLIN<\/span><\/b><\/span><\/p>\n<p class=\"Default\" style=\"text-align: justify;\"><span class=\"textexposedshow\"><b><span style=\"color: #1c1e21; background: white;\">CODZIENNIE CA\u0141OROCZNIE<br \/>\n<\/span><\/b><\/span><span class=\"textexposedshow\"><b><span style=\"color: #1c1e21; background: white;\">Dalekobie\u017cne po\u0142\u0105czenie pospieszne Kolei Ukrai\u0144skich (obs\u0142ugiwane przez firm\u0119 SK.PL) WARSZAWA ZACHODNIA \u2013 LUBLIN \u2013 RAWA RUSKA <\/span><\/b><\/span><span class=\"textexposedshow\"><span style=\"color: #1c1e21; background: white;\">(przystanki handlowe tylko na tych 3 stacjach, bilety mo\u017cna kupi\u0107 tylko na stronie Kolei Ukrai\u0144skich i w ich aplikacji).<\/span><\/span><\/p>\n<p class=\"Default\" style=\"text-align: justify;\"><span style=\"font-size: revert;\">W przypadku szynobus\u00f3w problemy zwi\u0105zane z wysok\u0105 frekwencj\u0105 mo\u017cna spotka\u0107 podczas weekendu majowego, lepiej wyrusza\u0107 na Roztocze w wakacje, gdy ruch rozk\u0142ada si\u0119 r\u00f3wnomiernie.<\/span><\/p>\n<p><a href=\"https:\/\/roztocze24.info\/?page_id=1977\">Wiosna i jesie\u0144<\/a><\/p>\n<p><a href=\"https:\/\/roztocze24.info\/?page_id=1988\">Lato<\/a><\/p>\n<p><a href=\"https:\/\/roztocze24.info\/?page_id=1979\">Zima<\/a><\/p>\n","protected":false},"excerpt":{"rendered":"<p>Aktualizacja: 10.V.2024 r. Wprowadzenie Planuj\u0105c wyprawy, zawsze dokonuje si\u0119 jakiego\u015b wyboru dost\u0119pnych tras. W przypadku Roztocza nie jest on \u0142atwy. Wybiera\u0107 trzeba w\u015br\u00f3d sieci szlak\u00f3w, z kt\u00f3rych wiele charakteryzuje si\u0119 wybitnymi walorami krajobrazowymi i kulturowymi. W ostatnich latach coraz cz\u0119\u015bciej je\u017cd\u017c\u0119 na rajdy 1 czy 2-dniowe. Takie mam obecnie mo\u017cliwo\u015bci, ale i tak si\u0119 ciesz\u0119, &hellip; <a href=\"https:\/\/roztocze24.info\/?page_id=918\" class=\"more-link\">Czytaj dalej<span class=\"screen-reader-text\"> \u201eTydzie\u0144 na Roztoczu &#8211; informacje og\u00f3lne\u201d<\/span><\/a><\/p>\n","protected":false},"author":1,"featured_media":0,"parent":813,"menu_order":0,"comment_status":"closed","ping_status":"closed","template":"","meta":{"footnotes":""},"class_list":["post-918","page","type-page","status-publish","hentry"],"_links":{"self":[{"href":"https:\/\/roztocze24.info\/index.php?rest_route=\/wp\/v2\/pages\/918","targetHints":{"allow":["GET"]}}],"collection":[{"href":"https:\/\/roztocze24.info\/index.php?rest_route=\/wp\/v2\/pages"}],"about":[{"href":"https:\/\/roztocze24.info\/index.php?rest_route=\/wp\/v2\/types\/page"}],"author":[{"embeddable":true,"href":"https:\/\/roztocze24.info\/index.php?rest_route=\/wp\/v2\/users\/1"}],"replies":[{"embeddable":true,"href":"https:\/\/roztocze24.info\/index.php?rest_route=%2Fwp%2Fv2%2Fcomments&post=918"}],"version-history":[{"count":13,"href":"https:\/\/roztocze24.info\/index.php?rest_route=\/wp\/v2\/pages\/918\/revisions"}],"predecessor-version":[{"id":8905,"href":"https:\/\/roztocze24.info\/index.php?rest_route=\/wp\/v2\/pages\/918\/revisions\/8905"}],"up":[{"embeddable":true,"href":"https:\/\/roztocze24.info\/index.php?rest_route=\/wp\/v2\/pages\/813"}],"wp:attachment":[{"href":"https:\/\/roztocze24.info\/index.php?rest_route=%2Fwp%2Fv2%2Fmedia&parent=918"}],"curies":[{"name":"wp","href":"https:\/\/api.w.org\/{rel}","templated":true}]}}

Tydzień na Roztoczu &#8211; informacje ogólne

<p>Aktualizacja: 10.V.2024 r.</p>
<h4>Wprowadzenie</h4>
<p>Planując wyprawy, zawsze dokonuje się jakiegoś wyboru dostępnych tras. W przypadku Roztocza nie jest on łatwy. Wybierać trzeba wśród sieci szlaków, z których wiele charakteryzuje się wybitnymi walorami krajobrazowymi i kulturowymi. W ostatnich latach coraz częściej jeżdżę na rajdy 1 czy 2-dniowe. Takie mam obecnie możliwości, ale i tak się cieszę, że moja roztoczańska przygoda od Kraśnika do Lwowa może trwać dalej. Historyczne patrząc, moje poznawanie Roztocza opierało się jednak na wyjazdach dłuższych. W ciągu krótkiego wypadu ciężko oderwać się od codziennych problemów, trudniej także <em>poczuć</em> tę specyficzną roztoczańską atmosferę. Właśnie dlatego zapraszam do tygodniowej wyprawy.</p>
<p><strong>Proponuję trzy różne wersje wyprawy: na lato, na wiosnę i jesień, oraz na zimę.</strong></p>
<p>Wersja letnia to najbardziej obszerna propozycja roztoczańskiej wyprawy. Do wykorzystania także na majówkę.<br />
Wersja jesienna (tudzież wiosenna) to zaproszenie na krótsze wycieczki (bo i dzień jest krótki).<br />
Wersja zimowa odnosi się do tych pięknych chwil, gdy na Roztoczu leży sporo śniegu. Gdy go nie ma, można spróbować skorzystać z propozycji na wiosnę i jesień.</p>
<h4>PODSTAWOWE INFORMACJE</h4>
<p><strong>Baza noclegowa</strong><br />
Najbardziej popularna na Roztoczu jest obecnie agroturystyka, chociaż coraz więcej jest pensjonatów i ośrodków wypoczynkowych. Oferta jest wyjątkowo obszerna i łatwa do odnalezienia w Internecie. Ofertę wzbogacają obiekty sanatoryjne w Horyńcu. W wakacje można zatrzymać się w sympatycznych schroniskach PTSM w Starym Górecku (PTSM jest w nowej szkole,  ale można też wybrać schronisko prywatne znajdujące się w starej szkole) Krasnobrodzie, Suścu, Zwierzyńcu, Józefowie, Szczebrzeszynie  i Tomaszowie Lubelskim. Są one lokowane zwykle w szkołach (z wyjątkami &#8211; Krasnobród). Skorzystać można także z noclegu w szkołach w Werchracie i Hucie Różanieckiej.</p>
<p><strong>Komunikacja</strong><br />
<span style="color: windowtext;">Tradycyjnie <b>polecam dojazd na Roztocze koleją</b>, najlepiej szynobusami Przewozów Regionalnych. </span>Korzystać z nich mogą zarówno turyści piesi, jak i rowerzyści. Składy są klimatyzowane, co szczególnie w okresie upałów ma ogromne znaczenie.</p>
<h4>Najważniejsze znaczenie ma linia kolejowa (Lublin) Rejowiec &#8211; Zawada/Zamość &#8211; Zwierzyniec &#8211; Bełżec &#8211; Horyniec &#8211; Jarosław (Rzeszów).</h4>
<p class="Default" style="text-align: justify;"><b><span style="color: #1c1e21; background: white;">CODZIENNIE CAŁOROCZNIE<br />
</span></b><span class="textexposedshow"><b><span style="color: #1c1e21; background: white;">Lokalne</span></b></span><span class="textexposedshow"><span style="color: #1c1e21; background: white;"> <b>szynobusy Przewozów Regionalnych</b> w relacjach: </span></span><span class="textexposedshow"><b><span style="color: #1c1e21; background: white;">LUBLIN – ZAMOŚĆ WSCHÓD i ZAMOŚĆ WSCHÓD – BEŁŻEC</span></b></span><span class="textexposedshow"><span style="color: #1c1e21; background: white;"> (w weekend jedna para do <b>HREBENNEGO</b>). Przesiadka w kierunku Roztocza ma miejsce w Zawadzie. Uwaga! W niektórych przypadkach przewidziany czas na przesiadkę to 4 minuty, podczas gdy internetowe rozkłady jazdy zakładają za minimalny czas na przesiadkę 5 minut i nie zawsze wyłapują te połączenia. Trzeba wyszukiwać oddzielnie Lublin – Zawada i Zawada – Bełżec/ Hrebenne. </span></span><span class="textexposedshow"><span style="color: #1c1e21; background: white;">To kursy osobowe, zatrzymujące się na wszystkich stacjach, w tym m.in. w Zawadzie, Zwierzyńcu, Józefowie Roztoczańskim i Suścu. </span></span></p>
<p class="Default" style="text-align: justify;"><span class="textexposedshow"><b><span style="color: #1c1e21; background: white;">CODZIENNIE W WEEKEND MAJOWY I W WAKACJE<br />
</span></b></span><span class="textexposedshow"><b><span style="color: #1c1e21; background: white;">Lokalne</span></b></span><span class="textexposedshow"><span style="color: #1c1e21; background: white;"> <b>szynobusy Przewozów Regionalnych</b> w relacjach:<br />
</span></span><b style="font-size: revert;"><span style="color: #1c1e21; background: white;">LUBLIN – BEŁŻEC i BEŁŻEC – LUBLIN<br />
</span></b><span class="textexposedshow"><span style="color: #1c1e21; background: white;">To kursy osobowe, zatrzymujące się na wszystkich stacjach, w tym m.in. w Zawadzie, Zwierzyńcu, Józefowie Roztoczańskim i Suścu.<br />
</span></span><span class="textexposedshow"><span style="color: #1c1e21; background: white;">Uwaga! Na stacji Zawada pociągi te skomunikowane są z szynobusami z/do Zamościa. </span></span></p>
<p class="Default" style="text-align: justify;"><span class="textexposedshow"><b><span style="color: #1c1e21; background: white;"> </span></b></span><span class="textexposedshow"><b><span style="color: #1c1e21; background: white;">W MAJÓWKĘ I W WAKACYJNE SOBOTY I NIEDZIELE<br />
</span></b></span><span class="textexposedshow"><b><span style="color: #1c1e21; background: white;">Lokalne</span></b></span><span class="textexposedshow"><span style="color: #1c1e21; background: white;"> <b>szynobusy Przewozów Regionalnych</b> w relacjach:<br />
</span></span><b style="font-size: revert;"><span style="color: #1c1e21; background: white;">LUBLIN – BEŁŻEC – JAROSŁAW i RZESZÓW – JAROSŁAW – BEŁŻEC – ZAMOŚĆ WSCHÓD<br />
</span></b><span class="textexposedshow"><span style="color: #1c1e21; background: white;">To kursy osobowe, zatrzymujące się na wszystkich stacjach, w tym m.in. w Zawadzie, Zwierzyńcu, Józefowie Roztoczańskim, Suścu, Horyńcu i Lubaczowie.</span></span></p>
<p class="Default" style="text-align: justify;"><span class="textexposedshow"><b><span style="color: #1c1e21; background: white;">CODZIENNIE<br />
</span></b></span><span class="textexposedshow"><b><span style="color: #1c1e21; background: white;">Dalekobieżne pospieszne pociągi PKP Intercity</span></b></span><span class="textexposedshow"><span style="color: #1c1e21; background: white;">.</span></span></p>
<p class="Default" style="text-align: justify;"><span class="textexposedshow"><b><span style="color: #1c1e21; background: white;">ZAMOYSKI: ŚWINOUJŚCIE – WARSZAWA – LUBLIN – ZAMOŚĆ – HRUBIESZÓW</span></b></span></p>
<p class="Default" style="text-align: justify;"><span class="textexposedshow"><b><span style="color: #1c1e21; background: white;">HETMAN: WROCŁAW – KATOWICE – KRAKÓW – RZESZÓW – BIŁGORAJ – ZAMOŚĆ – HRUBIESZÓW</span></b></span></p>
<p class="Default" style="text-align: justify;"><span class="textexposedshow"><b><span style="color: #1c1e21; background: white;">ROZTOCZE: BOHUMIN – KATOWICE – KRAKÓW – RZESZÓW – STALOWA WOLA ROZWADÓW – KRAŚNIK – LUBLIN</span></b></span></p>
<p class="Default" style="text-align: justify;"><span class="textexposedshow"><b><span style="color: #1c1e21; background: white;">CODZIENNIE CAŁOROCZNIE<br />
</span></b></span><span class="textexposedshow"><b><span style="color: #1c1e21; background: white;">Dalekobieżne połączenie pospieszne Kolei Ukraińskich (obsługiwane przez firmę SK.PL) WARSZAWA ZACHODNIA – LUBLIN – RAWA RUSKA </span></b></span><span class="textexposedshow"><span style="color: #1c1e21; background: white;">(przystanki handlowe tylko na tych 3 stacjach, bilety można kupić tylko na stronie Kolei Ukraińskich i w ich aplikacji).</span></span></p>
<p class="Default" style="text-align: justify;"><span style="font-size: revert;">W przypadku szynobusów problemy związane z wysoką frekwencją można spotkać podczas weekendu majowego, lepiej wyruszać na Roztocze w wakacje, gdy ruch rozkłada się równomiernie.</span></p>
<p><a href="https://roztocze24.info/?page_id=1977">Wiosna i jesień</a></p>
<p><a href="https://roztocze24.info/?page_id=1988">Lato</a></p>
<p><a href="https://roztocze24.info/?page_id=1979">Zima</a></p>

<p>Aktualizacja: 10.V.2024 r. Wprowadzenie Planując wyprawy, zawsze dokonuje się jakiegoś wyboru dostępnych tras. W przypadku Roztocza nie jest on łatwy. Wybierać trzeba wśród sieci szlaków, z których wiele charakteryzuje się wybitnymi walorami krajobrazowymi i kulturowymi. W ostatnich latach coraz częściej jeżdżę na rajdy 1 czy 2-dniowe. Takie mam obecnie możliwości, ale i tak się cieszę, &hellip; <a href="https://roztocze24.info/?page_id=918" class="more-link">Czytaj dalej<span class="screen-reader-text"> „Tydzień na Roztoczu &#8211; informacje ogólne”</span></a></p>
