{"id":930,"date":"2016-02-20T19:20:38","date_gmt":"2016-02-20T19:20:38","guid":{"rendered":"http:\/\/roztocze24.info\/turysta-2\/ukrainskie\/roztocze_stradcz\/"},"modified":"2019-04-07T12:26:36","modified_gmt":"2019-04-07T10:26:36","slug":"roztocze_stradcz","status":"publish","type":"page","link":"https:\/\/roztocze24.info\/?page_id=930","title":{"rendered":"Jaskinia w Stradczu"},"content":{"rendered":"<p>Jad\u0105c z Jaworowa do Lwowa, za miejscowo\u015bci\u0105 Iwano-Frankowe (dawny Jan\u00f3w) mijamy Stradcz (jak na s\u0142owia\u0144ski j\u0119zyk nazwa wsi jest wyj\u0105tkowa, tylko jedna samog\u0142oska). Na g\u00f3rce jest tu niewielki ko\u015bci\u00f3\u0142ek, a w po\u0142owie g\u00f3rki wej\u015bcie do arcyciekawej jaskini. Najpierw trzeba jednak powspina\u0107 si\u0119 przez las.<\/p>\n<p>Tak wygl\u0105da wej\u015bcie do jaskini. Jest to zarazem kapliczka. Wielu ludzi przychodzi tu po prostu na modlitw\u0119.<\/p>\n<p class=\"center\"><img loading=\"lazy\" decoding=\"async\" class=\"aligncenter size-full wp-image-5803\" src=\"http:\/\/roztocze24.info\/wp-content\/uploads\/2019\/03\/IMG_3480.jpg\" alt=\"\" width=\"333\" height=\"500\" srcset=\"https:\/\/roztocze24.info\/wp-content\/uploads\/2019\/03\/IMG_3480.jpg 333w, https:\/\/roztocze24.info\/wp-content\/uploads\/2019\/03\/IMG_3480-200x300.jpg 200w\" sizes=\"auto, (max-width: 333px) 85vw, 333px\" \/><\/p>\n<p>Za kapliczk\u0105 jest jednak przej\u015bcie prowadz\u0105ce dalej. Kiedy\u015b trzeba by\u0142o mie\u0107 ze sob\u0105 latark\u0119, dzi\u015b pierwsza komora jaskini jest o\u015bwietlona.<\/p>\n<p><img loading=\"lazy\" decoding=\"async\" class=\"aligncenter size-full wp-image-4507\" src=\"http:\/\/roztocze24.info\/wp-content\/uploads\/2019\/03\/IMG_3481.jpg\" alt=\"\" width=\"750\" height=\"500\" srcset=\"https:\/\/roztocze24.info\/wp-content\/uploads\/2019\/03\/IMG_3481.jpg 750w, https:\/\/roztocze24.info\/wp-content\/uploads\/2019\/03\/IMG_3481-300x200.jpg 300w\" sizes=\"auto, (max-width: 750px) 85vw, 750px\" \/><\/p>\n<p class=\"center\">Wed\u0142ug poda\u0144, w jaskini mie\u015bci\u0142y si\u0119 groty mnich\u00f3w. \u015awi\u0119te ikony, o\u015bwietlane przez niewielkie \u015bwieczki, s\u0105 tu nadal.<\/p>\n<p class=\"center\"><img loading=\"lazy\" decoding=\"async\" class=\"aligncenter size-full wp-image-5806\" src=\"http:\/\/roztocze24.info\/wp-content\/uploads\/2019\/03\/IMG_3485.jpg\" alt=\"\" width=\"750\" height=\"500\" srcset=\"https:\/\/roztocze24.info\/wp-content\/uploads\/2019\/03\/IMG_3485.jpg 750w, https:\/\/roztocze24.info\/wp-content\/uploads\/2019\/03\/IMG_3485-300x200.jpg 300w\" sizes=\"auto, (max-width: 750px) 85vw, 750px\" \/><\/p>\n<p><img loading=\"lazy\" decoding=\"async\" class=\"aligncenter size-full wp-image-5808\" src=\"http:\/\/roztocze24.info\/wp-content\/uploads\/2019\/03\/IMG_2525.jpg\" alt=\"\" width=\"750\" height=\"500\" srcset=\"https:\/\/roztocze24.info\/wp-content\/uploads\/2019\/03\/IMG_2525.jpg 750w, https:\/\/roztocze24.info\/wp-content\/uploads\/2019\/03\/IMG_2525-300x200.jpg 300w\" sizes=\"auto, (max-width: 750px) 85vw, 750px\" \/><\/p>\n<p><img loading=\"lazy\" decoding=\"async\" class=\"aligncenter size-full wp-image-5807\" src=\"http:\/\/roztocze24.info\/wp-content\/uploads\/2019\/03\/IMG_2530.jpg\" alt=\"\" width=\"750\" height=\"500\" srcset=\"https:\/\/roztocze24.info\/wp-content\/uploads\/2019\/03\/IMG_2530.jpg 750w, https:\/\/roztocze24.info\/wp-content\/uploads\/2019\/03\/IMG_2530-300x200.jpg 300w\" sizes=\"auto, (max-width: 750px) 85vw, 750px\" \/><\/p>\n<p><img loading=\"lazy\" decoding=\"async\" class=\"aligncenter size-full wp-image-5809\" src=\"http:\/\/roztocze24.info\/wp-content\/uploads\/2019\/03\/STRADCZ4.jpg\" alt=\"\" width=\"748\" height=\"500\" srcset=\"https:\/\/roztocze24.info\/wp-content\/uploads\/2019\/03\/STRADCZ4.jpg 748w, https:\/\/roztocze24.info\/wp-content\/uploads\/2019\/03\/STRADCZ4-300x201.jpg 300w\" sizes=\"auto, (max-width: 748px) 85vw, 748px\" \/><\/p>\n<p>Wspomniany na pocz\u0105tku ko\u015bci\u00f3\u0142ek na szczycie wzniesienia jest pono\u0107 po\u0142\u0105czony z jaskini\u0105. Nie uda\u0142o si\u0119 tego potwierdzi\u0107. Podczas penetracji g\u0142\u00f3wny korytarz zacz\u0105\u0142 si\u0119 w pewnym momencie szybko zw\u0119\u017ca\u0107, trzeba si\u0119 by\u0142o czo\u0142ga\u0107, a potem to ju\u017c nie da\u0142o rady przeciska\u0107 si\u0119 dalej.<\/p>\n<p><img loading=\"lazy\" decoding=\"async\" class=\"aligncenter size-full wp-image-5805\" src=\"http:\/\/roztocze24.info\/wp-content\/uploads\/2019\/03\/IMG_3487.jpg\" alt=\"\" width=\"750\" height=\"500\" srcset=\"https:\/\/roztocze24.info\/wp-content\/uploads\/2019\/03\/IMG_3487.jpg 750w, https:\/\/roztocze24.info\/wp-content\/uploads\/2019\/03\/IMG_3487-300x200.jpg 300w\" sizes=\"auto, (max-width: 750px) 85vw, 750px\" \/><\/p>\n<p>Warto doda\u0107, \u017ce przy drodze prowadz\u0105cej na szczyt wzg\u00f3rza przygotowano stacje drogi krzy\u017cowej.<\/p>\n<p><img loading=\"lazy\" decoding=\"async\" class=\"aligncenter size-full wp-image-5810\" src=\"http:\/\/roztocze24.info\/wp-content\/uploads\/2019\/03\/IMG_2531.jpg\" alt=\"\" width=\"750\" height=\"500\" srcset=\"https:\/\/roztocze24.info\/wp-content\/uploads\/2019\/03\/IMG_2531.jpg 750w, https:\/\/roztocze24.info\/wp-content\/uploads\/2019\/03\/IMG_2531-300x200.jpg 300w\" sizes=\"auto, (max-width: 750px) 85vw, 750px\" \/><\/p>\n","protected":false},"excerpt":{"rendered":"<p>Jad\u0105c z Jaworowa do Lwowa, za miejscowo\u015bci\u0105 Iwano-Frankowe (dawny Jan\u00f3w) mijamy Stradcz (jak na s\u0142owia\u0144ski j\u0119zyk nazwa wsi jest wyj\u0105tkowa, tylko jedna samog\u0142oska). Na g\u00f3rce jest tu niewielki ko\u015bci\u00f3\u0142ek, a w po\u0142owie g\u00f3rki wej\u015bcie do arcyciekawej jaskini. Najpierw trzeba jednak powspina\u0107 si\u0119 przez las. Tak wygl\u0105da wej\u015bcie do jaskini. Jest to zarazem kapliczka. Wielu ludzi &hellip; <a href=\"https:\/\/roztocze24.info\/?page_id=930\" class=\"more-link\">Czytaj dalej<span class=\"screen-reader-text\"> \u201eJaskinia w Stradczu\u201d<\/span><\/a><\/p>\n","protected":false},"author":1,"featured_media":0,"parent":920,"menu_order":0,"comment_status":"closed","ping_status":"closed","template":"","meta":{"footnotes":""},"class_list":["post-930","page","type-page","status-publish","hentry"],"_links":{"self":[{"href":"https:\/\/roztocze24.info\/index.php?rest_route=\/wp\/v2\/pages\/930","targetHints":{"allow":["GET"]}}],"collection":[{"href":"https:\/\/roztocze24.info\/index.php?rest_route=\/wp\/v2\/pages"}],"about":[{"href":"https:\/\/roztocze24.info\/index.php?rest_route=\/wp\/v2\/types\/page"}],"author":[{"embeddable":true,"href":"https:\/\/roztocze24.info\/index.php?rest_route=\/wp\/v2\/users\/1"}],"replies":[{"embeddable":true,"href":"https:\/\/roztocze24.info\/index.php?rest_route=%2Fwp%2Fv2%2Fcomments&post=930"}],"version-history":[{"count":4,"href":"https:\/\/roztocze24.info\/index.php?rest_route=\/wp\/v2\/pages\/930\/revisions"}],"predecessor-version":[{"id":6973,"href":"https:\/\/roztocze24.info\/index.php?rest_route=\/wp\/v2\/pages\/930\/revisions\/6973"}],"up":[{"embeddable":true,"href":"https:\/\/roztocze24.info\/index.php?rest_route=\/wp\/v2\/pages\/920"}],"wp:attachment":[{"href":"https:\/\/roztocze24.info\/index.php?rest_route=%2Fwp%2Fv2%2Fmedia&parent=930"}],"curies":[{"name":"wp","href":"https:\/\/api.w.org\/{rel}","templated":true}]}}